{"id":415622,"date":"2026-08-27T14:04:53","date_gmt":"2026-08-27T12:04:53","guid":{"rendered":"https:\/\/vitacomoda.it\/casa\/prodotto\/supporto-per-luce-da-78-pollici-per-fotografia-staffe-di-montaggio-per-flash-per-fotocamera-con-treppiede-per-illuminazione-fotografica-portatile-pieghevole-in-lega-di-alluminio\/"},"modified":"2026-08-27T14:05:40","modified_gmt":"2026-08-27T12:05:40","slug":"supporto-per-luce-da-78-pollici-per-fotografia-staffe-di-montaggio-per-flash-per-fotocamera-con-treppiede-per-illuminazione-fotografica-portatile-pieghevole-in-lega-di-alluminio","status":"publish","type":"product","link":"https:\/\/vitacomoda.it\/bellezza\/prodotto\/supporto-per-luce-da-78-pollici-per-fotografia-staffe-di-montaggio-per-flash-per-fotocamera-con-treppiede-per-illuminazione-fotografica-portatile-pieghevole-in-lega-di-alluminio\/","title":{"rendered":"Supporto per luce da 78 pollici per fotografia Staffe di montaggio per flash per fotocamera con treppiede per illuminazione fotografica portatile pieghevole in lega di alluminio"},"content":{"rendered":"<div>\n<div>\n<div>\n<p style=\"text-align:center;display:block;width:100%\" align=\"center\"><strong id=\"tl_1\">Staffa di montaggio flash per fotocamera fotografica da 78 pollici in lega di alluminio pieghevole portatile<\/strong><\/p>\n<p style=\"font-family:OpenSans;font-size:14px;font-weight:300;line-height:20px;white-space:pre-wrap;color:rgb(0, 0, 0);margin-bottom:12px\"  id=\"tl_2\">Compatibilit\u00e0 universale: questo supporto per treppiede per proiettore \u00e8 universalmente compatibile, rendendolo perfetto per vari proiettori LCD.Garantisce un&#8217;esperienza utente fluida e senza problemi. <\/p>\n<p>\u2022 Design estensibile: il design estensibile di questa staffa consente una facile regolazione a diverse dimensioni di proiettori, offrendo flessibilit\u00e0 e praticit\u00e0 all&#8217;utente. <\/p>\n<p>\u2022 Materiale durevole: realizzato in lega di alta qualit\u00e0, questo supporto per treppiede offre resistenza e longevit\u00e0, garantendo un utilizzo a lungo termine. <\/p>\n<p>\u2022 Regolazione portatile dell&#8217;altezza: grazie alla sua funzione di altezza regolabile, questo supporto per treppiede pu\u00f2 essere facilmente modificato per soddisfare le diverse esigenze degli utenti, migliorandone la versatilit\u00e0 e l&#8217;usabilit\u00e0. <\/p>\n<p>\u2022 Facile da montare: questo treppiede \u00e8 facile da montare e smontare, rendendolo comodo per riporlo e trasportarlo.\u00c8 la scelta ideale per i professionisti in movimento. <\/p>\n<p>\u2022 Treppiede di livello professionale: essendo un treppiede di livello professionale, offre stabilit\u00e0 e stabilit\u00e0 superiori, garantendo un&#8217;esperienza visiva chiara e senza ostacoli.<\/p>\n<div>\n  <img decoding=\"async\" src=\"\/\/ae01.alicdn.com\/kf\/S0bdec498b42349d4beda9e36463c1938A.jpg\" slate-data-type=\"image\" \/>\n <\/div>\n<\/div>\n<div>\n <img decoding=\"async\" src=\"\/\/ae01.alicdn.com\/kf\/S6e8ecee9abe141db91c6f91cdc9bca18E.jpg\" slate-data-type=\"image\" \/>\n<\/div>\n<div>\n <img decoding=\"async\" src=\"\/\/ae01.alicdn.com\/kf\/S5bcced92a5bb45b0a59aff464299e956E.jpg\" slate-data-type=\"image\" \/>\n<\/div>\n<div>\n <img decoding=\"async\" src=\"\/\/ae01.alicdn.com\/kf\/Sd41a90f294784e76ab00e0a2750ef339L.jpg\" slate-data-type=\"image\" \/>\n<\/div>\n<div>\n <img decoding=\"async\" src=\"\/\/ae01.alicdn.com\/kf\/Sba12e00d491d4f3b8c4e8eda2005254bL.jpg\" slate-data-type=\"image\" \/>\n<\/div>\n<div>\n <img decoding=\"async\" src=\"\/\/ae01.alicdn.com\/kf\/S9805d3ab09b14606b083fc848f5aff20n.jpg\" slate-data-type=\"image\" \/>\n<\/div>\n<div>\n <img decoding=\"async\" src=\"\/\/ae01.alicdn.com\/kf\/S41673aaf63c041e0ab37bfbb7d268e82Q.jpg\" slate-data-type=\"image\" \/>\n<\/div>\n<div>\n <img decoding=\"async\" style=\"margin-bottom:10px\"  src=\"\/\/ae01.alicdn.com\/kf\/Sd1bc080ad81746ae8305c3773417c15ds.jpg\" slate-data-type=\"image\" \/>\n<\/div>\n<p><\/div>\n<\/div>\n","protected":false},"excerpt":{"rendered":"<p>Staffa di montaggio flash per fotocamera fotografica da 78 pollici in lega di alluminio pieghevole portatile Compatibilit\u00e0 universale: questo supporto [&hellip;]<\/p>\n","protected":false},"featured_media":415625,"comment_status":"open","ping_status":"closed","template":"","meta":{"site-sidebar-layout":"default","site-content-layout":"","ast-site-content-layout":"default","site-content-style":"default","site-sidebar-style":"default","ast-global-header-display":"","ast-banner-title-visibility":"","ast-main-header-display":"","ast-hfb-above-header-display":"","ast-hfb-below-header-display":"","ast-hfb-mobile-header-display":"","site-post-title":"","ast-breadcrumbs-content":"","ast-featured-img":"","footer-sml-layout":"","ast-disable-related-posts":"","theme-transparent-header-meta":"","adv-header-id-meta":"","stick-header-meta":"","header-above-stick-meta":"","header-main-stick-meta":"","header-below-stick-meta":"","astra-migrate-meta-layouts":"default","ast-page-background-enabled":"default","ast-page-background-meta":{"desktop":{"background-color":"var(--ast-global-color-5)","background-image":"","background-repeat":"repeat","background-position":"center center","background-size":"auto","background-attachment":"scroll","background-type":"","background-media":"","overlay-type":"","overlay-color":"","overlay-opacity":"","overlay-gradient":""},"tablet":{"background-color":"","background-image":"","background-repeat":"repeat","background-position":"center center","background-size":"auto","background-attachment":"scroll","background-type":"","background-media":"","overlay-type":"","overlay-color":"","overlay-opacity":"","overlay-gradient":""},"mobile":{"background-color":"","background-image":"","background-repeat":"repeat","background-position":"center center","background-size":"auto","background-attachment":"scroll","background-type":"","background-media":"","overlay-type":"","overlay-color":"","overlay-opacity":"","overlay-gradient":""}},"ast-content-background-meta":{"desktop":{"background-color":"var(--ast-global-color-4)","background-image":"","background-repeat":"repeat","background-position":"center center","background-size":"auto","background-attachment":"scroll","background-type":"","background-media":"","overlay-type":"","overlay-color":"","overlay-opacity":"","overlay-gradient":""},"tablet":{"background-color":"var(--ast-global-color-4)","background-image":"","background-repeat":"repeat","background-position":"center center","background-size":"auto","background-attachment":"scroll","background-type":"","background-media":"","overlay-type":"","overlay-color":"","overlay-opacity":"","overlay-gradient":""},"mobile":{"background-color":"var(--ast-global-color-4)","background-image":"","background-repeat":"repeat","background-position":"center center","background-size":"auto","background-attachment":"scroll","background-type":"","background-media":"","overlay-type":"","overlay-color":"","overlay-opacity":"","overlay-gradient":""}}},"product_brand":[],"product_cat":[38339],"product_tag":[],"class_list":["post-415622","product","type-product","status-publish","has-post-thumbnail","product_cat-extension-capelli-parrucche-supporti-manichini","desktop-align-left","tablet-align-left","mobile-align-center","first","instock","sale","shipping-taxable","purchasable","product-type-variable"],"_links":{"self":[{"href":"https:\/\/vitacomoda.it\/bellezza\/wp-json\/wp\/v2\/product\/415622","targetHints":{"allow":["GET"]}}],"collection":[{"href":"https:\/\/vitacomoda.it\/bellezza\/wp-json\/wp\/v2\/product"}],"about":[{"href":"https:\/\/vitacomoda.it\/bellezza\/wp-json\/wp\/v2\/types\/product"}],"replies":[{"embeddable":true,"href":"https:\/\/vitacomoda.it\/bellezza\/wp-json\/wp\/v2\/comments?post=415622"}],"wp:featuredmedia":[{"embeddable":true,"href":"https:\/\/vitacomoda.it\/bellezza\/wp-json\/wp\/v2\/media\/415625"}],"wp:attachment":[{"href":"https:\/\/vitacomoda.it\/bellezza\/wp-json\/wp\/v2\/media?parent=415622"}],"wp:term":[{"taxonomy":"product_brand","embeddable":true,"href":"https:\/\/vitacomoda.it\/bellezza\/wp-json\/wp\/v2\/product_brand?post=415622"},{"taxonomy":"product_cat","embeddable":true,"href":"https:\/\/vitacomoda.it\/bellezza\/wp-json\/wp\/v2\/product_cat?post=415622"},{"taxonomy":"product_tag","embeddable":true,"href":"https:\/\/vitacomoda.it\/bellezza\/wp-json\/wp\/v2\/product_tag?post=415622"}],"curies":[{"name":"wp","href":"https:\/\/api.w.org\/{rel}","templated":true}]}}

<div>
<div>
<div>
<p style="text-align:center;display:block;width:100%" align="center"><strong id="tl_1">Staffa di montaggio flash per fotocamera fotografica da 78 pollici in lega di alluminio pieghevole portatile</strong></p>
<p style="font-family:OpenSans;font-size:14px;font-weight:300;line-height:20px;white-space:pre-wrap;color:rgb(0, 0, 0);margin-bottom:12px"  id="tl_2">Compatibilità universale: questo supporto per treppiede per proiettore è universalmente compatibile, rendendolo perfetto per vari proiettori LCD.Garantisce un&#8217;esperienza utente fluida e senza problemi. </p>
<p>• Design estensibile: il design estensibile di questa staffa consente una facile regolazione a diverse dimensioni di proiettori, offrendo flessibilità e praticità all&#8217;utente. </p>
<p>• Materiale durevole: realizzato in lega di alta qualità, questo supporto per treppiede offre resistenza e longevità, garantendo un utilizzo a lungo termine. </p>
<p>• Regolazione portatile dell&#8217;altezza: grazie alla sua funzione di altezza regolabile, questo supporto per treppiede può essere facilmente modificato per soddisfare le diverse esigenze degli utenti, migliorandone la versatilità e l&#8217;usabilità. </p>
<p>• Facile da montare: questo treppiede è facile da montare e smontare, rendendolo comodo per riporlo e trasportarlo.È la scelta ideale per i professionisti in movimento. </p>
<p>• Treppiede di livello professionale: essendo un treppiede di livello professionale, offre stabilità e stabilità superiori, garantendo un&#8217;esperienza visiva chiara e senza ostacoli.</p>
<div>
  <img decoding="async" src="//ae01.alicdn.com/kf/S0bdec498b42349d4beda9e36463c1938A.jpg" slate-data-type="image" />
 </div>
</div>
<div>
 <img decoding="async" src="//ae01.alicdn.com/kf/S6e8ecee9abe141db91c6f91cdc9bca18E.jpg" slate-data-type="image" />
</div>
<div>
 <img decoding="async" src="//ae01.alicdn.com/kf/S5bcced92a5bb45b0a59aff464299e956E.jpg" slate-data-type="image" />
</div>
<div>
 <img decoding="async" src="//ae01.alicdn.com/kf/Sd41a90f294784e76ab00e0a2750ef339L.jpg" slate-data-type="image" />
</div>
<div>
 <img decoding="async" src="//ae01.alicdn.com/kf/Sba12e00d491d4f3b8c4e8eda2005254bL.jpg" slate-data-type="image" />
</div>
<div>
 <img decoding="async" src="//ae01.alicdn.com/kf/S9805d3ab09b14606b083fc848f5aff20n.jpg" slate-data-type="image" />
</div>
<div>
 <img decoding="async" src="//ae01.alicdn.com/kf/S41673aaf63c041e0ab37bfbb7d268e82Q.jpg" slate-data-type="image" />
</div>
<div>
 <img decoding="async" style="margin-bottom:10px"  src="//ae01.alicdn.com/kf/Sd1bc080ad81746ae8305c3773417c15ds.jpg" slate-data-type="image" />
</div>
<p></div>
</div>

<p>Staffa di montaggio flash per fotocamera fotografica da 78 pollici in lega di alluminio pieghevole portatile Compatibilità universale: questo supporto [&hellip;]</p>
