{"id":415842,"date":"2026-08-27T14:07:38","date_gmt":"2026-08-27T12:07:38","guid":{"rendered":"https:\/\/vitacomoda.it\/casa\/prodotto\/treppiede-in-fibra-di-carbonio-per-fotocamera-supporto-per-treppiede-per-fotocamera-da-viaggio-flessibile-professionale-monopiede-colonna-centrale-in-fibra-di-carbonio-carico-massimo-25kg\/"},"modified":"2026-08-27T14:09:04","modified_gmt":"2026-08-27T12:09:04","slug":"treppiede-in-fibra-di-carbonio-per-fotocamera-supporto-per-treppiede-per-fotocamera-da-viaggio-flessibile-professionale-monopiede-colonna-centrale-in-fibra-di-carbonio-carico-massimo-25kg","status":"publish","type":"product","link":"https:\/\/vitacomoda.it\/bellezza\/prodotto\/treppiede-in-fibra-di-carbonio-per-fotocamera-supporto-per-treppiede-per-fotocamera-da-viaggio-flessibile-professionale-monopiede-colonna-centrale-in-fibra-di-carbonio-carico-massimo-25kg\/","title":{"rendered":"Treppiede in fibra di carbonio per fotocamera supporto per treppiede per fotocamera da viaggio flessibile professionale monopiede colonna centrale in fibra di carbonio carico massimo 25kg"},"content":{"rendered":"<p style=\"text-align: center;\"><video style=\"max-width: 100%;\" src=\"\/\/video.aliexpress-media.com\/play\/u\/ae_sg_item\/252460566\/p\/1\/e\/6\/t\/10301\/1100187551041.mp4\" poster=\"https:\/\/ae-pic-a1.aliexpress-media.com\/kf\/S8d7fd08fd0a140ae988ad5d71b6d6964l.jpg\" preload=\"auto\" controls=\"controls\" width=\"100%\" height=\"100%\"><\/video><\/p>\n<div>\n<div>\n<div>\n<p style=\"text-align:center;display:block;width:100%\" align=\"center\"><strong id=\"tl_1\">Treppiede compatto in fibra di carbonio WEYLLAN per fotocamera<\/strong><\/p>\n<p style=\"font-family:OpenSans;font-size:14px;font-weight:300;line-height:20px;white-space:pre-wrap;color:rgb(0, 0, 0);margin-bottom:12px\"  id=\"tl_2\"><strong>Specifiche:<br \/><\/strong>Marca: WEYLLAN <br \/>Modello: treppiede in fibra di carbonio MX6 <br \/>Materiale: fibra di carbonio + lega di alluminio <br \/>Carico massimo: 55 libbre\/25kg <br \/>Peso netto: 3.2lbs\/1.7kg (con testa a sfera) <\/p>\n<p> <strong>Ti forniscono diverse scelte<\/strong> <br \/>Opzione 1: solo treppiede MX6 <br \/>Opzione 2: testa a sfera per treppiede MX6<\/p>\n<div>\n  <img decoding=\"async\" style=\"margin-bottom:10px\"  src=\"\/\/ae01.alicdn.com\/kf\/Sa3f7487dab0941f097549816be19f554l.jpg\" slate-data-type=\"image\" \/>\n <\/div>\n<\/div>\n<div>\n <img decoding=\"async\" src=\"\/\/ae01.alicdn.com\/kf\/Sfe20ceec091b468cb2adaa23bfd0b3f5r.jpg\" slate-data-type=\"image\" \/>\n<\/div>\n<div>\n<p style=\"text-align:center;display:block;width:100%\" align=\"center\"><strong id=\"tl_3\">Bilanciacocentro flessibile in fibra di carbonio<\/strong><\/p>\n<p style=\"text-align:center;display:block;width:100%\" align=\"center\" id=\"tl_4\">Il suo design unico della struttura di smontaggio rapido della colonna centrale pu\u00f2 trasformare istantaneamente in un treppiede compatto senza colonna centrale.<\/p>\n<div>\n  <img decoding=\"async\" src=\"\/\/ae01.alicdn.com\/kf\/S9236c65b3567416ab05514bc9e172c40e.jpg\" slate-data-type=\"image\" \/>\n <\/div>\n<\/div>\n<div>\n<p style=\"text-align:center;display:block;width:100%\" align=\"center\" id=\"tl_5\">La fotografia invertita pu\u00f2 essere realizzata dopo la rimozione della colonna centrale in fibra di carbonio.<\/p>\n<div>\n  <img decoding=\"async\" src=\"\/\/ae01.alicdn.com\/kf\/Sb7dcfef8dc2c46028e5e82ea400ee9dbJ.jpg\" slate-data-type=\"image\" \/>\n <\/div>\n<\/div>\n<div>\n<p style=\"text-align:center;display:block;width:100%\" align=\"center\" id=\"tl_6\">Dopo aver rimosso la colonna centrale in fibra di carbonio, pu\u00f2 essere una struttura senza un pilastro centrale per soddisfare le esigenze della fotografia a basso angolo.<\/p>\n<div>\n  <img decoding=\"async\" src=\"\/\/ae01.alicdn.com\/kf\/S395dbc45ca344228a66d6d188278fdc1W.jpg\" slate-data-type=\"image\" \/>\n <\/div>\n<\/div>\n<div>\n<p style=\"text-align:center;display:block;width:100%\" align=\"center\" id=\"tl_7\">Una gamba del treppiede della fotocamera pu\u00f2 essere smontata per essere un monopiede e l&#8217;altezza del monopiede pu\u00f2 raggiungere 179cm.<\/p>\n<div>\n  <img decoding=\"async\" src=\"\/\/ae01.alicdn.com\/kf\/S171040ec3c764d308960a9ead0fb0461m.jpg\" slate-data-type=\"image\" \/>\n <\/div>\n<\/div>\n<div>\n<p style=\"text-align:center;display:block;width:100%\" align=\"center\"><strong id=\"tl_8\">1948 testa a sfera per treppiede a basso profilo<\/strong><\/p>\n<p style=\"text-align:center;display:block;width:100%\" align=\"center\" id=\"tl_9\">Questo treppiede professionale \u00e8 dotato di una testa a sfera a basso centro di gravit\u00e0 da 44mm che pu\u00f2 contenere fino a 55 libbre\/25kg.<\/p>\n<div>\n  <img decoding=\"async\" src=\"\/\/ae01.alicdn.com\/kf\/S4e389ef1ac144205af45e5743b20fe008.jpg\" slate-data-type=\"image\" \/>\n <\/div>\n<\/div>\n<div>\n <img decoding=\"async\" src=\"\/\/ae01.alicdn.com\/kf\/S7ba09571668e47b88f4d31158ad53a00D.jpg\" slate-data-type=\"image\" \/>\n<\/div>\n<div>\n<p style=\"text-align:center;display:block;width:100%\" align=\"center\"><strong id=\"tl_10\">Opzione pacchetto testa a sfera treppiede 2 mx6<\/strong><\/p>\n<p style=\"font-family:OpenSans;font-size:14px;font-weight:300;line-height:20px;white-space:pre-wrap;color:rgb(0, 0, 0);margin-bottom:12px\"  id=\"tl_11\">Treppiede in fibra di carbonio * 1 <br \/>Testa a sfera da 44mm con piastra a sgancio rapido * 1 <br \/>Borsa per treppiede * 1 <br \/>Piastra a sgancio rapido Extra * 1. <br \/>Manuale * 1 <br \/>Chiave a brugola * 1<\/p>\n<div>\n  <img decoding=\"async\" src=\"\/\/ae01.alicdn.com\/kf\/Sca0e8ef554174d1a9308983fb966cd0bz.jpg\" slate-data-type=\"image\" \/>\n <\/div>\n<\/div>\n<div>\n <a href=\"\/\/www.aliexpress.com\/store\/all-wholesale-products\/912369198.html?spm=a2g0o.detail.1000061.2.6c51oklFoklF4v\" target=\"_self\"><img decoding=\"async\" src=\"\/\/ae01.alicdn.com\/kf\/S9b9e9009dedd490bbc51d93428000e64q.jpg\" slate-data-type=\"image\" \/><\/a>\n<\/div>\n<\/p>\n<\/div>\n<\/div>\n","protected":false},"excerpt":{"rendered":"<p>Treppiede compatto in fibra di carbonio WEYLLAN per fotocamera Specifiche:Marca: WEYLLAN Modello: treppiede in fibra di carbonio MX6 Materiale: fibra [&hellip;]<\/p>\n","protected":false},"featured_media":415845,"comment_status":"open","ping_status":"closed","template":"","meta":{"site-sidebar-layout":"default","site-content-layout":"","ast-site-content-layout":"default","site-content-style":"default","site-sidebar-style":"default","ast-global-header-display":"","ast-banner-title-visibility":"","ast-main-header-display":"","ast-hfb-above-header-display":"","ast-hfb-below-header-display":"","ast-hfb-mobile-header-display":"","site-post-title":"","ast-breadcrumbs-content":"","ast-featured-img":"","footer-sml-layout":"","ast-disable-related-posts":"","theme-transparent-header-meta":"","adv-header-id-meta":"","stick-header-meta":"","header-above-stick-meta":"","header-main-stick-meta":"","header-below-stick-meta":"","astra-migrate-meta-layouts":"default","ast-page-background-enabled":"default","ast-page-background-meta":{"desktop":{"background-color":"var(--ast-global-color-5)","background-image":"","background-repeat":"repeat","background-position":"center center","background-size":"auto","background-attachment":"scroll","background-type":"","background-media":"","overlay-type":"","overlay-color":"","overlay-opacity":"","overlay-gradient":""},"tablet":{"background-color":"","background-image":"","background-repeat":"repeat","background-position":"center center","background-size":"auto","background-attachment":"scroll","background-type":"","background-media":"","overlay-type":"","overlay-color":"","overlay-opacity":"","overlay-gradient":""},"mobile":{"background-color":"","background-image":"","background-repeat":"repeat","background-position":"center center","background-size":"auto","background-attachment":"scroll","background-type":"","background-media":"","overlay-type":"","overlay-color":"","overlay-opacity":"","overlay-gradient":""}},"ast-content-background-meta":{"desktop":{"background-color":"var(--ast-global-color-4)","background-image":"","background-repeat":"repeat","background-position":"center center","background-size":"auto","background-attachment":"scroll","background-type":"","background-media":"","overlay-type":"","overlay-color":"","overlay-opacity":"","overlay-gradient":""},"tablet":{"background-color":"var(--ast-global-color-4)","background-image":"","background-repeat":"repeat","background-position":"center center","background-size":"auto","background-attachment":"scroll","background-type":"","background-media":"","overlay-type":"","overlay-color":"","overlay-opacity":"","overlay-gradient":""},"mobile":{"background-color":"var(--ast-global-color-4)","background-image":"","background-repeat":"repeat","background-position":"center center","background-size":"auto","background-attachment":"scroll","background-type":"","background-media":"","overlay-type":"","overlay-color":"","overlay-opacity":"","overlay-gradient":""}}},"product_brand":[],"product_cat":[38339],"product_tag":[],"class_list":["post-415842","product","type-product","status-publish","has-post-thumbnail","product_cat-extension-capelli-parrucche-supporti-manichini","desktop-align-left","tablet-align-left","mobile-align-center","first","instock","sale","shipping-taxable","purchasable","product-type-variable"],"_links":{"self":[{"href":"https:\/\/vitacomoda.it\/bellezza\/wp-json\/wp\/v2\/product\/415842","targetHints":{"allow":["GET"]}}],"collection":[{"href":"https:\/\/vitacomoda.it\/bellezza\/wp-json\/wp\/v2\/product"}],"about":[{"href":"https:\/\/vitacomoda.it\/bellezza\/wp-json\/wp\/v2\/types\/product"}],"replies":[{"embeddable":true,"href":"https:\/\/vitacomoda.it\/bellezza\/wp-json\/wp\/v2\/comments?post=415842"}],"wp:featuredmedia":[{"embeddable":true,"href":"https:\/\/vitacomoda.it\/bellezza\/wp-json\/wp\/v2\/media\/415845"}],"wp:attachment":[{"href":"https:\/\/vitacomoda.it\/bellezza\/wp-json\/wp\/v2\/media?parent=415842"}],"wp:term":[{"taxonomy":"product_brand","embeddable":true,"href":"https:\/\/vitacomoda.it\/bellezza\/wp-json\/wp\/v2\/product_brand?post=415842"},{"taxonomy":"product_cat","embeddable":true,"href":"https:\/\/vitacomoda.it\/bellezza\/wp-json\/wp\/v2\/product_cat?post=415842"},{"taxonomy":"product_tag","embeddable":true,"href":"https:\/\/vitacomoda.it\/bellezza\/wp-json\/wp\/v2\/product_tag?post=415842"}],"curies":[{"name":"wp","href":"https:\/\/api.w.org\/{rel}","templated":true}]}}

<p style="text-align: center;"><video style="max-width: 100%;" src="//video.aliexpress-media.com/play/u/ae_sg_item/252460566/p/1/e/6/t/10301/1100187551041.mp4" poster="https://ae-pic-a1.aliexpress-media.com/kf/S8d7fd08fd0a140ae988ad5d71b6d6964l.jpg" preload="auto" controls="controls" width="100%" height="100%"></video></p>
<div>
<div>
<div>
<p style="text-align:center;display:block;width:100%" align="center"><strong id="tl_1">Treppiede compatto in fibra di carbonio WEYLLAN per fotocamera</strong></p>
<p style="font-family:OpenSans;font-size:14px;font-weight:300;line-height:20px;white-space:pre-wrap;color:rgb(0, 0, 0);margin-bottom:12px"  id="tl_2"><strong>Specifiche:<br /></strong>Marca: WEYLLAN <br />Modello: treppiede in fibra di carbonio MX6 <br />Materiale: fibra di carbonio + lega di alluminio <br />Carico massimo: 55 libbre/25kg <br />Peso netto: 3.2lbs/1.7kg (con testa a sfera) </p>
<p> <strong>Ti forniscono diverse scelte</strong> <br />Opzione 1: solo treppiede MX6 <br />Opzione 2: testa a sfera per treppiede MX6</p>
<div>
  <img decoding="async" style="margin-bottom:10px"  src="//ae01.alicdn.com/kf/Sa3f7487dab0941f097549816be19f554l.jpg" slate-data-type="image" />
 </div>
</div>
<div>
 <img decoding="async" src="//ae01.alicdn.com/kf/Sfe20ceec091b468cb2adaa23bfd0b3f5r.jpg" slate-data-type="image" />
</div>
<div>
<p style="text-align:center;display:block;width:100%" align="center"><strong id="tl_3">Bilanciacocentro flessibile in fibra di carbonio</strong></p>
<p style="text-align:center;display:block;width:100%" align="center" id="tl_4">Il suo design unico della struttura di smontaggio rapido della colonna centrale può trasformare istantaneamente in un treppiede compatto senza colonna centrale.</p>
<div>
  <img decoding="async" src="//ae01.alicdn.com/kf/S9236c65b3567416ab05514bc9e172c40e.jpg" slate-data-type="image" />
 </div>
</div>
<div>
<p style="text-align:center;display:block;width:100%" align="center" id="tl_5">La fotografia invertita può essere realizzata dopo la rimozione della colonna centrale in fibra di carbonio.</p>
<div>
  <img decoding="async" src="//ae01.alicdn.com/kf/Sb7dcfef8dc2c46028e5e82ea400ee9dbJ.jpg" slate-data-type="image" />
 </div>
</div>
<div>
<p style="text-align:center;display:block;width:100%" align="center" id="tl_6">Dopo aver rimosso la colonna centrale in fibra di carbonio, può essere una struttura senza un pilastro centrale per soddisfare le esigenze della fotografia a basso angolo.</p>
<div>
  <img decoding="async" src="//ae01.alicdn.com/kf/S395dbc45ca344228a66d6d188278fdc1W.jpg" slate-data-type="image" />
 </div>
</div>
<div>
<p style="text-align:center;display:block;width:100%" align="center" id="tl_7">Una gamba del treppiede della fotocamera può essere smontata per essere un monopiede e l&#8217;altezza del monopiede può raggiungere 179cm.</p>
<div>
  <img decoding="async" src="//ae01.alicdn.com/kf/S171040ec3c764d308960a9ead0fb0461m.jpg" slate-data-type="image" />
 </div>
</div>
<div>
<p style="text-align:center;display:block;width:100%" align="center"><strong id="tl_8">1948 testa a sfera per treppiede a basso profilo</strong></p>
<p style="text-align:center;display:block;width:100%" align="center" id="tl_9">Questo treppiede professionale è dotato di una testa a sfera a basso centro di gravità da 44mm che può contenere fino a 55 libbre/25kg.</p>
<div>
  <img decoding="async" src="//ae01.alicdn.com/kf/S4e389ef1ac144205af45e5743b20fe008.jpg" slate-data-type="image" />
 </div>
</div>
<div>
 <img decoding="async" src="//ae01.alicdn.com/kf/S7ba09571668e47b88f4d31158ad53a00D.jpg" slate-data-type="image" />
</div>
<div>
<p style="text-align:center;display:block;width:100%" align="center"><strong id="tl_10">Opzione pacchetto testa a sfera treppiede 2 mx6</strong></p>
<p style="font-family:OpenSans;font-size:14px;font-weight:300;line-height:20px;white-space:pre-wrap;color:rgb(0, 0, 0);margin-bottom:12px"  id="tl_11">Treppiede in fibra di carbonio * 1 <br />Testa a sfera da 44mm con piastra a sgancio rapido * 1 <br />Borsa per treppiede * 1 <br />Piastra a sgancio rapido Extra * 1. <br />Manuale * 1 <br />Chiave a brugola * 1</p>
<div>
  <img decoding="async" src="//ae01.alicdn.com/kf/Sca0e8ef554174d1a9308983fb966cd0bz.jpg" slate-data-type="image" />
 </div>
</div>
<div>
 <a href="//www.aliexpress.com/store/all-wholesale-products/912369198.html?spm=a2g0o.detail.1000061.2.6c51oklFoklF4v" target="_self"><img decoding="async" src="//ae01.alicdn.com/kf/S9b9e9009dedd490bbc51d93428000e64q.jpg" slate-data-type="image" /></a>
</div>
</p>
</div>
</div>
