{"id":433572,"date":"2026-08-27T15:35:37","date_gmt":"2026-08-27T13:35:37","guid":{"rendered":"https:\/\/vitacomoda.it\/casa\/prodotto\/extension-di-capelli-umani-ricci-birmani-di-qualita-a-onda-profonda-grezzi-a-doppia-trama-vietnamiti\/"},"modified":"2026-08-27T15:36:21","modified_gmt":"2026-08-27T13:36:21","slug":"extension-di-capelli-umani-ricci-birmani-di-qualita-a-onda-profonda-grezzi-a-doppia-trama-vietnamiti","status":"publish","type":"product","link":"https:\/\/vitacomoda.it\/bellezza\/prodotto\/extension-di-capelli-umani-ricci-birmani-di-qualita-a-onda-profonda-grezzi-a-doppia-trama-vietnamiti\/","title":{"rendered":"Extension di capelli umani ricci birmani, di qualit\u00e0, a onda profonda, grezzi, a doppia trama, vietnamiti"},"content":{"rendered":"<p style=\"text-align: center;\"><video style=\"max-width: 100%;\" src=\"\/\/video.aliexpress-media.com\/play\/u\/ae_sg_item\/6001353976\/p\/1\/e\/6\/t\/10301\/5000380680307.mp4\" poster=\"https:\/\/ae-pic-a1.aliexpress-media.com\/kf\/S1be9d9871ef74214857c328091ff6e89m.jpg\" preload=\"auto\" controls=\"controls\" width=\"100%\" height=\"100%\"><\/video><\/p>\n<div>\n<div>\n<p id=\"tl_1\">Ciocche di Capelli Ricci Birmani, Ciocche di Capelli Umani, Ciocche di Capelli Remy Vietnamiti a Doppia Trama, Estensioni di Capelli Remy da 30 Pollici, Ciocche di Capelli Vergini<\/p>\n<p id=\"tl_2\">Struttura dei Capelli: Fasci di Capelli Umani Ricci Birmani <br \/>Lunghezza: 14-30 pollici, disponibili fasci da 32 pollici <br \/>Materiale dei capelli: capelli umani Remy provenienti da giovani donatori <br \/>Pu\u00f2 essere tinto o decolorato: s\u00ec <\/p>\n<p style=\"font-family:OpenSans;font-size:14px;font-weight:300;letter-spacing:normal;line-height:20px;text-align:start;white-space:pre-wrap;color:rgb(0, 0, 0);margin:0px 0px 12px;margin-bottom:12px;margin-top:0px;margin-left:0px;margin-right:0px;padding:0px;padding-bottom:0px;padding-top:0px;padding-left:0px;padding-right:0px;box-sizing:border-box\"  align=\"start\" id=\"tl_3\">Colore dei capelli: ciocche di capelli umani ricci e mossi <br \/>Durata della parrucca: 1-2 anni con la cura adeguata<\/p>\n<p style=\"font-family:OpenSans;font-size:14px;font-weight:300;letter-spacing:normal;line-height:20px;text-align:start;white-space:pre-wrap;color:rgb(0, 0, 0);margin:0px 0px 12px;margin-bottom:12px;margin-top:0px;margin-left:0px;margin-right:0px;padding:0px;padding-bottom:0px;padding-top:0px;padding-left:0px;padding-right:0px;box-sizing:border-box\"  align=\"start\"><img decoding=\"async\" src=\"\/\/ae-pic-a1.aliexpress-media.com\/kf\/Af4ce344d95bc4a8b9ef5c79decd4d559n.jpg\" slate-data-type=\"image\" \/><img decoding=\"async\" src=\"\/\/ae-pic-a1.aliexpress-media.com\/kf\/A3a5f3a9910314dd087fd5ff3884d7d03u.jpg\" slate-data-type=\"image\" \/><img decoding=\"async\" src=\"\/\/ae-pic-a1.aliexpress-media.com\/kf\/Ad6b7acbf3622423ba435fdb5dda2b7e8S.jpg\" slate-data-type=\"image\" \/><img decoding=\"async\" src=\"\/\/ae-pic-a1.aliexpress-media.com\/kf\/Abee1735e0b9d4b77b942af74ccb8dea8J.jpg\" slate-data-type=\"image\" \/><img decoding=\"async\" src=\"\/\/ae-pic-a1.aliexpress-media.com\/kf\/Affaa54894e5d4f7c8616b38c421b4e4cU.jpg\" slate-data-type=\"image\" \/><img decoding=\"async\" src=\"\/\/ae-pic-a1.aliexpress-media.com\/kf\/A2e23b85f4e5d42b19ffac3b4a2072f62V.jpg\" slate-data-type=\"image\" \/><\/p>\n<div style=\"font-family:\"Market Sans\", Arial, sans-serif;font-size:medium;font-weight:400;letter-spacing:normal;text-align:start;white-space:normal;color:rgb(0, 0, 0)\" align=\"start\">\n<div style=\"font-size:18.6667px\">\n<div style=\"font-size:14pt\">\n   <span style=\"font-size:14pt;font-family:Georgia\"><strong id=\"tl_4\">D: Perch\u00e9 le mie extension per capelli si stanno annodando?<\/strong><\/span>\n  <\/div>\n<p style=\"font-size:large;text-align:justify\"  align=\"justify\"><span style=\"font-size:14pt\" id=\"tl_5\">A: Le tue extension per capelli si annodano a causa della secchezza, dell&#8217;accumulo di olio e sporco, dell&#8217;acqua salata, del cloro e della mancata pettinatura quotidiana (con un pettine a denti larghi).Assicurati di lavare e applicare il balsamo ai capelli almeno una volta a settimana, meglio se due.Usa l&#8217;olio d&#8217;oliva per inumidirlo delicatamente oppure consulta il tuo parrucchiere per ulteriore assistenza.<\/span><\/p>\n<div><\/div>\n<p style=\"font-size:large;text-align:justify\"  align=\"justify\"><span style=\"font-size:14pt\"><strong id=\"tl_6\">Posso tingere i capelli?A cosa dovrei prestare attenzione?<\/strong><\/span><\/p>\n<div><\/div>\n<p style=\"font-size:large;text-align:justify\"  align=\"justify\"><span style=\"font-size:14pt\" id=\"tl_7\">A: Tratta i capelli come se fossero i tuoi.Utilizza una piastra o un ferro arricciacapelli, anche quando sono dotati di regolatore di temperatura, ma, come per i tuoi capelli, evita di usare strumenti caldi troppo spesso, altrimenti potresti seccare i capelli e non dureranno a lungo.<\/span><\/p>\n<div><\/div>\n<p style=\"font-size:large;text-align:justify\"  align=\"justify\"><span style=\"font-size:14pt\"><strong id=\"tl_8\">D: Come distinguere i capelli umani dai capelli sintetici?<\/strong><\/span><\/p>\n<div><\/div>\n<p style=\"font-size:large;text-align:justify\"  align=\"justify\"><span style=\"font-size:14pt\" id=\"tl_9\">A: I capelli umani contengono proteine naturali.\u00c8 facile capirlo dal fuoco e dall&#8217;odore: i capelli umani si trasformano in cenere, che scompare quando viene schiacciata.I capelli umani avranno un odore sgradevole.Quando vengono bruciate, le ciocche di capelli umani emettono fumo bianco.Mentre i capelli sintetici diventeranno una massa appiccicosa dopo la combustione e produrranno fumo nero.Inoltre, i capelli umani possono presentare pochissimi capelli grigi e punte doppie.\u00c8 normale e non \u00e8 un problema di qualit\u00e0.<\/span><\/p>\n<div><\/div>\n<\/p><\/div>\n<\/div>\n<div style=\"font-family:Arial;font-size:large;font-weight:400;letter-spacing:normal;text-align:start;white-space:normal;color:rgb(0, 0, 0)\" align=\"start\">\n<p style=\"text-align:justify\"  align=\"justify\"><span style=\"font-size:14pt\"><strong id=\"tl_10\">Q.Posso tingere i capelli?<\/strong><\/span><\/p>\n<div><\/div>\n<p style=\"text-align:justify\"  align=\"justify\"><span style=\"font-size:14pt\" id=\"tl_11\">A: S\u00ec.I capelli possono essere tinti.Come regola generale, \u00e8 pi\u00f9 facile scurire i capelli che schiarirli.Consigliamo di tingere i capelli di un colore pi\u00f9 scuro, non pi\u00f9 chiaro, poich\u00e9 l&#8217;estensione capillare \u00e8 gi\u00e0 stata lavorata e colorata, quindi \u00e8 difficile sbiadire il colore originale.Una tintura impropria roviner\u00e0 i capelli.Consigliamo vivamente di far tingere le extension dal vostro parrucchiere, poich\u00e9 otterrete i risultati desiderati; colorarle da soli comporta sempre un alto rischio di non ottenere la tonalit\u00e0 desiderata.Se non puoi andare dal parrucchiere, usa sempre una tintura per capelli di buona qualit\u00e0 e prova prima su una piccola sezione.I capelli vergini non vengono trattati chimicamente e mantengono intatta la cuticola.Puoi tingerlo di qualsiasi colore, sia pi\u00f9 scuro che pi\u00f9 chiaro.<\/span><\/p>\n<div><\/div>\n<p style=\"text-align:justify\"  align=\"justify\"><span style=\"font-size:14pt\"><strong id=\"tl_12\">Q.Posso lavare e asciugare con il phon le extension per capelli?<\/strong><\/span><\/p>\n<div><\/div>\n<p style=\"text-align:justify\"  align=\"justify\"><span style=\"font-size:14pt\" id=\"tl_13\">A: Puoi lavarli come faresti con i tuoi. Shampoo e balsamo. Consigliamo inoltre di applicare un trattamento per capelli ogni poche settimane, poich\u00e9 i capelli non sono attaccati al cuoio capelluto e non ricevono gli oli naturali di cui avrebbero bisogno. L&#8217;uso di un trattamento o di una maschera per capelli aiuter\u00e0 a mantenerli pi\u00f9 sani e lucenti pi\u00f9 a lungo! Scoprirai che non \u00e8 necessario lavare le tue extension troppo spesso, circa ogni 3 settimane. Le extension possono essere asciugate con il phon a bassa temperatura, ma non \u00e8 consigliato farlo troppo spesso. \u00c8 meglio lasciare che le tue extension per capelli si asciughino naturalmente dopo averle lavate. Per favore pettina dal basso verso l&#8217;alto.<\/span><\/p>\n<\/div>\n<p><\/p>\n<\/div>\n<\/div>\n","protected":false},"excerpt":{"rendered":"<p>Ciocche di Capelli Ricci Birmani, Ciocche di Capelli Umani, Ciocche di Capelli Remy Vietnamiti a Doppia Trama, Estensioni di Capelli [&hellip;]<\/p>\n","protected":false},"featured_media":433627,"comment_status":"open","ping_status":"closed","template":"","meta":{"site-sidebar-layout":"default","site-content-layout":"","ast-site-content-layout":"default","site-content-style":"default","site-sidebar-style":"default","ast-global-header-display":"","ast-banner-title-visibility":"","ast-main-header-display":"","ast-hfb-above-header-display":"","ast-hfb-below-header-display":"","ast-hfb-mobile-header-display":"","site-post-title":"","ast-breadcrumbs-content":"","ast-featured-img":"","footer-sml-layout":"","ast-disable-related-posts":"","theme-transparent-header-meta":"","adv-header-id-meta":"","stick-header-meta":"","header-above-stick-meta":"","header-main-stick-meta":"","header-below-stick-meta":"","astra-migrate-meta-layouts":"default","ast-page-background-enabled":"default","ast-page-background-meta":{"desktop":{"background-color":"var(--ast-global-color-5)","background-image":"","background-repeat":"repeat","background-position":"center center","background-size":"auto","background-attachment":"scroll","background-type":"","background-media":"","overlay-type":"","overlay-color":"","overlay-opacity":"","overlay-gradient":""},"tablet":{"background-color":"","background-image":"","background-repeat":"repeat","background-position":"center center","background-size":"auto","background-attachment":"scroll","background-type":"","background-media":"","overlay-type":"","overlay-color":"","overlay-opacity":"","overlay-gradient":""},"mobile":{"background-color":"","background-image":"","background-repeat":"repeat","background-position":"center center","background-size":"auto","background-attachment":"scroll","background-type":"","background-media":"","overlay-type":"","overlay-color":"","overlay-opacity":"","overlay-gradient":""}},"ast-content-background-meta":{"desktop":{"background-color":"var(--ast-global-color-4)","background-image":"","background-repeat":"repeat","background-position":"center center","background-size":"auto","background-attachment":"scroll","background-type":"","background-media":"","overlay-type":"","overlay-color":"","overlay-opacity":"","overlay-gradient":""},"tablet":{"background-color":"var(--ast-global-color-4)","background-image":"","background-repeat":"repeat","background-position":"center center","background-size":"auto","background-attachment":"scroll","background-type":"","background-media":"","overlay-type":"","overlay-color":"","overlay-opacity":"","overlay-gradient":""},"mobile":{"background-color":"var(--ast-global-color-4)","background-image":"","background-repeat":"repeat","background-position":"center center","background-size":"auto","background-attachment":"scroll","background-type":"","background-media":"","overlay-type":"","overlay-color":"","overlay-opacity":"","overlay-gradient":""}}},"product_brand":[],"product_cat":[38340,38349,38342,38350],"product_tag":[],"class_list":["post-433572","product","type-product","status-publish","has-post-thumbnail","product_cat-extension-capelli-parrucche-ciocche-tessitura","product_cat-extension-capelli-parrucche-sintetici-misti","product_cat-extension-capelli-parrucche-capelli-veri-tessitura","product_cat-extension-capelli-parrucche-toupet-topper","desktop-align-left","tablet-align-left","mobile-align-center","first","instock","sale","shipping-taxable","purchasable","product-type-variable"],"_links":{"self":[{"href":"https:\/\/vitacomoda.it\/bellezza\/wp-json\/wp\/v2\/product\/433572","targetHints":{"allow":["GET"]}}],"collection":[{"href":"https:\/\/vitacomoda.it\/bellezza\/wp-json\/wp\/v2\/product"}],"about":[{"href":"https:\/\/vitacomoda.it\/bellezza\/wp-json\/wp\/v2\/types\/product"}],"replies":[{"embeddable":true,"href":"https:\/\/vitacomoda.it\/bellezza\/wp-json\/wp\/v2\/comments?post=433572"}],"wp:featuredmedia":[{"embeddable":true,"href":"https:\/\/vitacomoda.it\/bellezza\/wp-json\/wp\/v2\/media\/433627"}],"wp:attachment":[{"href":"https:\/\/vitacomoda.it\/bellezza\/wp-json\/wp\/v2\/media?parent=433572"}],"wp:term":[{"taxonomy":"product_brand","embeddable":true,"href":"https:\/\/vitacomoda.it\/bellezza\/wp-json\/wp\/v2\/product_brand?post=433572"},{"taxonomy":"product_cat","embeddable":true,"href":"https:\/\/vitacomoda.it\/bellezza\/wp-json\/wp\/v2\/product_cat?post=433572"},{"taxonomy":"product_tag","embeddable":true,"href":"https:\/\/vitacomoda.it\/bellezza\/wp-json\/wp\/v2\/product_tag?post=433572"}],"curies":[{"name":"wp","href":"https:\/\/api.w.org\/{rel}","templated":true}]}}

Extension di capelli umani ricci birmani, di qualità, a onda profonda, grezzi, a doppia trama, vietnamiti

<p style="text-align: center;"><video style="max-width: 100%;" src="//video.aliexpress-media.com/play/u/ae_sg_item/6001353976/p/1/e/6/t/10301/5000380680307.mp4" poster="https://ae-pic-a1.aliexpress-media.com/kf/S1be9d9871ef74214857c328091ff6e89m.jpg" preload="auto" controls="controls" width="100%" height="100%"></video></p>
<div>
<div>
<p id="tl_1">Ciocche di Capelli Ricci Birmani, Ciocche di Capelli Umani, Ciocche di Capelli Remy Vietnamiti a Doppia Trama, Estensioni di Capelli Remy da 30 Pollici, Ciocche di Capelli Vergini</p>
<p id="tl_2">Struttura dei Capelli: Fasci di Capelli Umani Ricci Birmani <br />Lunghezza: 14-30 pollici, disponibili fasci da 32 pollici <br />Materiale dei capelli: capelli umani Remy provenienti da giovani donatori <br />Può essere tinto o decolorato: sì </p>
<p style="font-family:OpenSans;font-size:14px;font-weight:300;letter-spacing:normal;line-height:20px;text-align:start;white-space:pre-wrap;color:rgb(0, 0, 0);margin:0px 0px 12px;margin-bottom:12px;margin-top:0px;margin-left:0px;margin-right:0px;padding:0px;padding-bottom:0px;padding-top:0px;padding-left:0px;padding-right:0px;box-sizing:border-box"  align="start" id="tl_3">Colore dei capelli: ciocche di capelli umani ricci e mossi <br />Durata della parrucca: 1-2 anni con la cura adeguata</p>
<p style="font-family:OpenSans;font-size:14px;font-weight:300;letter-spacing:normal;line-height:20px;text-align:start;white-space:pre-wrap;color:rgb(0, 0, 0);margin:0px 0px 12px;margin-bottom:12px;margin-top:0px;margin-left:0px;margin-right:0px;padding:0px;padding-bottom:0px;padding-top:0px;padding-left:0px;padding-right:0px;box-sizing:border-box"  align="start"><img decoding="async" src="//ae-pic-a1.aliexpress-media.com/kf/Af4ce344d95bc4a8b9ef5c79decd4d559n.jpg" slate-data-type="image" /><img decoding="async" src="//ae-pic-a1.aliexpress-media.com/kf/A3a5f3a9910314dd087fd5ff3884d7d03u.jpg" slate-data-type="image" /><img decoding="async" src="//ae-pic-a1.aliexpress-media.com/kf/Ad6b7acbf3622423ba435fdb5dda2b7e8S.jpg" slate-data-type="image" /><img decoding="async" src="//ae-pic-a1.aliexpress-media.com/kf/Abee1735e0b9d4b77b942af74ccb8dea8J.jpg" slate-data-type="image" /><img decoding="async" src="//ae-pic-a1.aliexpress-media.com/kf/Affaa54894e5d4f7c8616b38c421b4e4cU.jpg" slate-data-type="image" /><img decoding="async" src="//ae-pic-a1.aliexpress-media.com/kf/A2e23b85f4e5d42b19ffac3b4a2072f62V.jpg" slate-data-type="image" /></p>
<div style="font-family:"Market Sans", Arial, sans-serif;font-size:medium;font-weight:400;letter-spacing:normal;text-align:start;white-space:normal;color:rgb(0, 0, 0)" align="start">
<div style="font-size:18.6667px">
<div style="font-size:14pt">
   <span style="font-size:14pt;font-family:Georgia"><strong id="tl_4">D: Perché le mie extension per capelli si stanno annodando?</strong></span>
  </div>
<p style="font-size:large;text-align:justify"  align="justify"><span style="font-size:14pt" id="tl_5">A: Le tue extension per capelli si annodano a causa della secchezza, dell&#8217;accumulo di olio e sporco, dell&#8217;acqua salata, del cloro e della mancata pettinatura quotidiana (con un pettine a denti larghi).Assicurati di lavare e applicare il balsamo ai capelli almeno una volta a settimana, meglio se due.Usa l&#8217;olio d&#8217;oliva per inumidirlo delicatamente oppure consulta il tuo parrucchiere per ulteriore assistenza.</span></p>
<div></div>
<p style="font-size:large;text-align:justify"  align="justify"><span style="font-size:14pt"><strong id="tl_6">Posso tingere i capelli?A cosa dovrei prestare attenzione?</strong></span></p>
<div></div>
<p style="font-size:large;text-align:justify"  align="justify"><span style="font-size:14pt" id="tl_7">A: Tratta i capelli come se fossero i tuoi.Utilizza una piastra o un ferro arricciacapelli, anche quando sono dotati di regolatore di temperatura, ma, come per i tuoi capelli, evita di usare strumenti caldi troppo spesso, altrimenti potresti seccare i capelli e non dureranno a lungo.</span></p>
<div></div>
<p style="font-size:large;text-align:justify"  align="justify"><span style="font-size:14pt"><strong id="tl_8">D: Come distinguere i capelli umani dai capelli sintetici?</strong></span></p>
<div></div>
<p style="font-size:large;text-align:justify"  align="justify"><span style="font-size:14pt" id="tl_9">A: I capelli umani contengono proteine naturali.È facile capirlo dal fuoco e dall&#8217;odore: i capelli umani si trasformano in cenere, che scompare quando viene schiacciata.I capelli umani avranno un odore sgradevole.Quando vengono bruciate, le ciocche di capelli umani emettono fumo bianco.Mentre i capelli sintetici diventeranno una massa appiccicosa dopo la combustione e produrranno fumo nero.Inoltre, i capelli umani possono presentare pochissimi capelli grigi e punte doppie.È normale e non è un problema di qualità.</span></p>
<div></div>
</p></div>
</div>
<div style="font-family:Arial;font-size:large;font-weight:400;letter-spacing:normal;text-align:start;white-space:normal;color:rgb(0, 0, 0)" align="start">
<p style="text-align:justify"  align="justify"><span style="font-size:14pt"><strong id="tl_10">Q.Posso tingere i capelli?</strong></span></p>
<div></div>
<p style="text-align:justify"  align="justify"><span style="font-size:14pt" id="tl_11">A: Sì.I capelli possono essere tinti.Come regola generale, è più facile scurire i capelli che schiarirli.Consigliamo di tingere i capelli di un colore più scuro, non più chiaro, poiché l&#8217;estensione capillare è già stata lavorata e colorata, quindi è difficile sbiadire il colore originale.Una tintura impropria rovinerà i capelli.Consigliamo vivamente di far tingere le extension dal vostro parrucchiere, poiché otterrete i risultati desiderati; colorarle da soli comporta sempre un alto rischio di non ottenere la tonalità desiderata.Se non puoi andare dal parrucchiere, usa sempre una tintura per capelli di buona qualità e prova prima su una piccola sezione.I capelli vergini non vengono trattati chimicamente e mantengono intatta la cuticola.Puoi tingerlo di qualsiasi colore, sia più scuro che più chiaro.</span></p>
<div></div>
<p style="text-align:justify"  align="justify"><span style="font-size:14pt"><strong id="tl_12">Q.Posso lavare e asciugare con il phon le extension per capelli?</strong></span></p>
<div></div>
<p style="text-align:justify"  align="justify"><span style="font-size:14pt" id="tl_13">A: Puoi lavarli come faresti con i tuoi. Shampoo e balsamo. Consigliamo inoltre di applicare un trattamento per capelli ogni poche settimane, poiché i capelli non sono attaccati al cuoio capelluto e non ricevono gli oli naturali di cui avrebbero bisogno. L&#8217;uso di un trattamento o di una maschera per capelli aiuterà a mantenerli più sani e lucenti più a lungo! Scoprirai che non è necessario lavare le tue extension troppo spesso, circa ogni 3 settimane. Le extension possono essere asciugate con il phon a bassa temperatura, ma non è consigliato farlo troppo spesso. È meglio lasciare che le tue extension per capelli si asciughino naturalmente dopo averle lavate. Per favore pettina dal basso verso l&#8217;alto.</span></p>
</div>
<p></p>
</div>
</div>
