{"id":447877,"date":"2026-08-27T17:07:37","date_gmt":"2026-08-27T15:07:37","guid":{"rendered":"https:\/\/vitacomoda.it\/casa\/prodotto\/fermaglio-per-capelli-in-pizzo-da-donna-e-ragazza-a-forma-di-fiore-elegante-per-coda-di-cavallo-idea-regalo\/"},"modified":"2026-08-27T17:07:40","modified_gmt":"2026-08-27T15:07:40","slug":"fermaglio-per-capelli-in-pizzo-da-donna-e-ragazza-a-forma-di-fiore-elegante-per-coda-di-cavallo-idea-regalo","status":"publish","type":"product","link":"https:\/\/vitacomoda.it\/bellezza\/prodotto\/fermaglio-per-capelli-in-pizzo-da-donna-e-ragazza-a-forma-di-fiore-elegante-per-coda-di-cavallo-idea-regalo\/","title":{"rendered":"Fermaglio per capelli in pizzo da donna e ragazza, a forma di fiore, elegante, per coda di cavallo, idea regalo"},"content":{"rendered":"<div>\n<div>\n<div>\n<div>\n<p><span style=\"font-size: 16px; font-family: Verdana;\" id=\"tl_1\">Caratteristiche:<\/span><\/p>\n<p><span style=\"font-size: 16px; font-family: Verdana;\" id=\"tl_2\">1. Design Elegante: La Molletta per Capelli in Pizzo presenta un bellissimo design floreale che aggiunge un tocco chic e femminile a qualsiasi look. I dettagli intricati in pizzo conferiscono profondit\u00e0 e raffinatezza.<\/span><\/p>\n<p><span style=\"font-size: 16px; font-family: Verdana;\" id=\"tl_3\">2. Uso versatile: Perfetta per donne e ragazze di tutte le et\u00e0, questa molletta per capelli \u00e8 ideale per varie occasioni come feste, matrimoni e vita quotidiana. Si abbina a una gamma di acconciature, sia che venga usata per fissare uno chignon, una coda di cavallo o trattenere ciocche sciolte.<\/span><\/p>\n<p><span style=\"font-size: 16px; font-family: Verdana;\" id=\"tl_4\">3. Ampia Applicazione: Oltre all&#8217;uso personale, sono anche perfetti da regalare ai tuoi cari, aggiungendo un tocco personale e alla moda alla loro collezione di accessori.<\/span><\/p>\n<p><span style=\"font-size: 16px; font-family: Verdana;\" id=\"tl_5\">4. Alta Qualit\u00e0: Questa Molletta per Capelli \u00e8 realizzata con materiali durevoli e di alta qualit\u00e0, progettati per fissare e tenere i capelli in posizione senza danneggiarli o tirarli.<\/span><\/p>\n<p><span style=\"font-size: 16px; font-family: Verdana;\" id=\"tl_6\">5. Facile da Usare: La Molletta per Capelli \u00e8 progettata per uno styling rapido e pratico. Basta raccogliere i capelli, attorcigliarli e fissarli con la molletta. \u00c8 un modo semplice ma efficace per acconciare e tenere i capelli in ordine.<\/span><\/p>\n<p><span style=\"font-size: 16px; font-family: Verdana;\">\ufeff<\/span><\/p>\n<p><span style=\"font-size: 16px; font-family: Verdana;\" id=\"tl_7\">Descrizione:<\/span><\/p>\n<p><span style=\"font-size: 16px; font-family: Verdana;\" id=\"tl_8\">Materiale: Tessuto, Plastica<\/span><\/p>\n<p><span style=\"font-size: 16px; font-family: Verdana;\">\ufeff<\/span><\/p>\n<p><span style=\"font-size: 16px; font-family: Verdana;\" id=\"tl_9\">Il prodotto include:<\/span><\/p>\n<p><span style=\"font-size: 16px; font-family: Verdana;\" id=\"tl_10\">1 x Fermaglio per Capelli<\/span><\/p>\n<\/p><\/div>\n<\/div>\n<div>\n <img decoding=\"async\" src=\"\/\/ae-pic-a1.aliexpress-media.com\/kf\/Sa7d524a5c3e7496dadbb6d7f431a9bfcy.jpg\"  \/><br \/>\n <img decoding=\"async\" src=\"\/\/ae-pic-a1.aliexpress-media.com\/kf\/Sf4aaf729a8c440678f103aea0f22eb2bC.jpg\"  \/><br \/>\n <img decoding=\"async\" src=\"\/\/ae-pic-a1.aliexpress-media.com\/kf\/S118755bc5c4a4a85b1d513eda6f7d9cbZ.jpg\"  \/><br \/>\n <img decoding=\"async\" src=\"\/\/ae-pic-a1.aliexpress-media.com\/kf\/S49f9d22ffa3d4194b17de1159bc2ee8e5.jpg\"  \/><br \/>\n <img decoding=\"async\" src=\"\/\/ae-pic-a1.aliexpress-media.com\/kf\/S4a7decbf60bc40d0be6ea1f635e6ee1aL.jpg\"  \/>\n<\/div>\n<\/div>\n<\/div>\n<div><img decoding=\"async\" src=\"\/\/ae-pic-a1.aliexpress-media.com\/kf\/Sa7d524a5c3e7496dadbb6d7f431a9bfcy.jpg\"\/><img decoding=\"async\" src=\"\/\/ae-pic-a1.aliexpress-media.com\/kf\/Sf4aaf729a8c440678f103aea0f22eb2bC.jpg\"\/><img decoding=\"async\" src=\"\/\/ae-pic-a1.aliexpress-media.com\/kf\/S118755bc5c4a4a85b1d513eda6f7d9cbZ.jpg\"\/><img decoding=\"async\" src=\"\/\/ae-pic-a1.aliexpress-media.com\/kf\/S49f9d22ffa3d4194b17de1159bc2ee8e5.jpg\"\/><img decoding=\"async\" src=\"\/\/ae-pic-a1.aliexpress-media.com\/kf\/S4a7decbf60bc40d0be6ea1f635e6ee1aL.jpg\"\/><\/div>\n","protected":false},"excerpt":{"rendered":"<p>Caratteristiche: 1. Design Elegante: La Molletta per Capelli in Pizzo presenta un bellissimo design floreale che aggiunge un tocco chic [&hellip;]<\/p>\n","protected":false},"featured_media":447878,"comment_status":"open","ping_status":"closed","template":"","meta":{"site-sidebar-layout":"default","site-content-layout":"","ast-site-content-layout":"default","site-content-style":"default","site-sidebar-style":"default","ast-global-header-display":"","ast-banner-title-visibility":"","ast-main-header-display":"","ast-hfb-above-header-display":"","ast-hfb-below-header-display":"","ast-hfb-mobile-header-display":"","site-post-title":"","ast-breadcrumbs-content":"","ast-featured-img":"","footer-sml-layout":"","ast-disable-related-posts":"","theme-transparent-header-meta":"","adv-header-id-meta":"","stick-header-meta":"","header-above-stick-meta":"","header-main-stick-meta":"","header-below-stick-meta":"","astra-migrate-meta-layouts":"default","ast-page-background-enabled":"default","ast-page-background-meta":{"desktop":{"background-color":"var(--ast-global-color-5)","background-image":"","background-repeat":"repeat","background-position":"center center","background-size":"auto","background-attachment":"scroll","background-type":"","background-media":"","overlay-type":"","overlay-color":"","overlay-opacity":"","overlay-gradient":""},"tablet":{"background-color":"","background-image":"","background-repeat":"repeat","background-position":"center center","background-size":"auto","background-attachment":"scroll","background-type":"","background-media":"","overlay-type":"","overlay-color":"","overlay-opacity":"","overlay-gradient":""},"mobile":{"background-color":"","background-image":"","background-repeat":"repeat","background-position":"center center","background-size":"auto","background-attachment":"scroll","background-type":"","background-media":"","overlay-type":"","overlay-color":"","overlay-opacity":"","overlay-gradient":""}},"ast-content-background-meta":{"desktop":{"background-color":"var(--ast-global-color-4)","background-image":"","background-repeat":"repeat","background-position":"center center","background-size":"auto","background-attachment":"scroll","background-type":"","background-media":"","overlay-type":"","overlay-color":"","overlay-opacity":"","overlay-gradient":""},"tablet":{"background-color":"var(--ast-global-color-4)","background-image":"","background-repeat":"repeat","background-position":"center center","background-size":"auto","background-attachment":"scroll","background-type":"","background-media":"","overlay-type":"","overlay-color":"","overlay-opacity":"","overlay-gradient":""},"mobile":{"background-color":"var(--ast-global-color-4)","background-image":"","background-repeat":"repeat","background-position":"center center","background-size":"auto","background-attachment":"scroll","background-type":"","background-media":"","overlay-type":"","overlay-color":"","overlay-opacity":"","overlay-gradient":""}}},"product_brand":[],"product_cat":[38341],"product_tag":[],"class_list":["post-447877","product","type-product","status-publish","has-post-thumbnail","product_cat-extension-capelli-parrucche-chiusure-pizzo-frontali","desktop-align-left","tablet-align-left","mobile-align-center","first","instock","sale","shipping-taxable","purchasable","product-type-simple"],"_links":{"self":[{"href":"https:\/\/vitacomoda.it\/bellezza\/wp-json\/wp\/v2\/product\/447877","targetHints":{"allow":["GET"]}}],"collection":[{"href":"https:\/\/vitacomoda.it\/bellezza\/wp-json\/wp\/v2\/product"}],"about":[{"href":"https:\/\/vitacomoda.it\/bellezza\/wp-json\/wp\/v2\/types\/product"}],"replies":[{"embeddable":true,"href":"https:\/\/vitacomoda.it\/bellezza\/wp-json\/wp\/v2\/comments?post=447877"}],"wp:featuredmedia":[{"embeddable":true,"href":"https:\/\/vitacomoda.it\/bellezza\/wp-json\/wp\/v2\/media\/447878"}],"wp:attachment":[{"href":"https:\/\/vitacomoda.it\/bellezza\/wp-json\/wp\/v2\/media?parent=447877"}],"wp:term":[{"taxonomy":"product_brand","embeddable":true,"href":"https:\/\/vitacomoda.it\/bellezza\/wp-json\/wp\/v2\/product_brand?post=447877"},{"taxonomy":"product_cat","embeddable":true,"href":"https:\/\/vitacomoda.it\/bellezza\/wp-json\/wp\/v2\/product_cat?post=447877"},{"taxonomy":"product_tag","embeddable":true,"href":"https:\/\/vitacomoda.it\/bellezza\/wp-json\/wp\/v2\/product_tag?post=447877"}],"curies":[{"name":"wp","href":"https:\/\/api.w.org\/{rel}","templated":true}]}}

<div>
<div>
<div>
<div>
<p><span style="font-size: 16px; font-family: Verdana;" id="tl_1">Caratteristiche:</span></p>
<p><span style="font-size: 16px; font-family: Verdana;" id="tl_2">1. Design Elegante: La Molletta per Capelli in Pizzo presenta un bellissimo design floreale che aggiunge un tocco chic e femminile a qualsiasi look. I dettagli intricati in pizzo conferiscono profondità e raffinatezza.</span></p>
<p><span style="font-size: 16px; font-family: Verdana;" id="tl_3">2. Uso versatile: Perfetta per donne e ragazze di tutte le età, questa molletta per capelli è ideale per varie occasioni come feste, matrimoni e vita quotidiana. Si abbina a una gamma di acconciature, sia che venga usata per fissare uno chignon, una coda di cavallo o trattenere ciocche sciolte.</span></p>
<p><span style="font-size: 16px; font-family: Verdana;" id="tl_4">3. Ampia Applicazione: Oltre all&#8217;uso personale, sono anche perfetti da regalare ai tuoi cari, aggiungendo un tocco personale e alla moda alla loro collezione di accessori.</span></p>
<p><span style="font-size: 16px; font-family: Verdana;" id="tl_5">4. Alta Qualità: Questa Molletta per Capelli è realizzata con materiali durevoli e di alta qualità, progettati per fissare e tenere i capelli in posizione senza danneggiarli o tirarli.</span></p>
<p><span style="font-size: 16px; font-family: Verdana;" id="tl_6">5. Facile da Usare: La Molletta per Capelli è progettata per uno styling rapido e pratico. Basta raccogliere i capelli, attorcigliarli e fissarli con la molletta. È un modo semplice ma efficace per acconciare e tenere i capelli in ordine.</span></p>
<p><span style="font-size: 16px; font-family: Verdana;">﻿</span></p>
<p><span style="font-size: 16px; font-family: Verdana;" id="tl_7">Descrizione:</span></p>
<p><span style="font-size: 16px; font-family: Verdana;" id="tl_8">Materiale: Tessuto, Plastica</span></p>
<p><span style="font-size: 16px; font-family: Verdana;">﻿</span></p>
<p><span style="font-size: 16px; font-family: Verdana;" id="tl_9">Il prodotto include:</span></p>
<p><span style="font-size: 16px; font-family: Verdana;" id="tl_10">1 x Fermaglio per Capelli</span></p>
</p></div>
</div>
<div>
 <img decoding="async" src="//ae-pic-a1.aliexpress-media.com/kf/Sa7d524a5c3e7496dadbb6d7f431a9bfcy.jpg"  /><br />
 <img decoding="async" src="//ae-pic-a1.aliexpress-media.com/kf/Sf4aaf729a8c440678f103aea0f22eb2bC.jpg"  /><br />
 <img decoding="async" src="//ae-pic-a1.aliexpress-media.com/kf/S118755bc5c4a4a85b1d513eda6f7d9cbZ.jpg"  /><br />
 <img decoding="async" src="//ae-pic-a1.aliexpress-media.com/kf/S49f9d22ffa3d4194b17de1159bc2ee8e5.jpg"  /><br />
 <img decoding="async" src="//ae-pic-a1.aliexpress-media.com/kf/S4a7decbf60bc40d0be6ea1f635e6ee1aL.jpg"  />
</div>
</div>
</div>
<div><img decoding="async" src="//ae-pic-a1.aliexpress-media.com/kf/Sa7d524a5c3e7496dadbb6d7f431a9bfcy.jpg"/><img decoding="async" src="//ae-pic-a1.aliexpress-media.com/kf/Sf4aaf729a8c440678f103aea0f22eb2bC.jpg"/><img decoding="async" src="//ae-pic-a1.aliexpress-media.com/kf/S118755bc5c4a4a85b1d513eda6f7d9cbZ.jpg"/><img decoding="async" src="//ae-pic-a1.aliexpress-media.com/kf/S49f9d22ffa3d4194b17de1159bc2ee8e5.jpg"/><img decoding="async" src="//ae-pic-a1.aliexpress-media.com/kf/S4a7decbf60bc40d0be6ea1f635e6ee1aL.jpg"/></div>
