{"id":502607,"date":"2026-08-28T01:28:21","date_gmt":"2026-08-27T23:28:21","guid":{"rendered":"https:\/\/vitacomoda.it\/casa\/prodotto\/parrucca-da-uomo-protesi-capillare-in-capelli-umani-toupet-da-uomo-densita-90-100-003-mm-toupet-naturale-con-base-a-v-in-capelli-umani-per-uomo\/"},"modified":"2026-08-28T01:29:53","modified_gmt":"2026-08-27T23:29:53","slug":"parrucca-da-uomo-protesi-capillare-in-capelli-umani-toupet-da-uomo-densita-90-100-003-mm-toupet-naturale-con-base-a-v-in-capelli-umani-per-uomo","status":"publish","type":"product","link":"https:\/\/vitacomoda.it\/bellezza\/prodotto\/parrucca-da-uomo-protesi-capillare-in-capelli-umani-toupet-da-uomo-densita-90-100-003-mm-toupet-naturale-con-base-a-v-in-capelli-umani-per-uomo\/","title":{"rendered":"Parrucca da uomo, protesi capillare in capelli umani, toupet da uomo, densit\u00e0 90% 100%, 0,03 mm, toupet naturale con base a V in capelli umani per uomo"},"content":{"rendered":"<p style=\"text-align: center;\"><video style=\"max-width: 100%;\" src=\"\/\/video.aliexpress-media.com\/play\/u\/ae_sg_item\/2676456069\/p\/1\/e\/6\/t\/10301\/5000468316016.mp4\" poster=\"https:\/\/ae-pic-a1.aliexpress-media.com\/kf\/S09a61ee93ffc429cb1ce28aa86b46e0as.jpg\" preload=\"auto\" controls=\"controls\" width=\"100%\" height=\"100%\"><\/video><\/p>\n<div>\n<div>\n<p><\/p>\n<div>\n<p><span style=\"color:rgb(211, 49, 21);font-size:22px\"><strong>Parrucchino da uomo Capelli umani Pelle sottile 0,03 mm Capelli naturali Parrucca da uomo Sostituzione del sistema di capelli Pezzo di capelli Protesis Capilar Hombre Parrucca maschile<\/strong><\/span><\/p>\n<div>\n  \n <\/div>\n<p style=\"font-family:OpenSans;font-size:20px;font-weight:900;line-height:28px;white-space:pre-wrap;color:rgb(0, 0, 0);margin-bottom:12px\"><span style=\"color:rgb(0, 0, 0);font-size:26px\"><strong>Descrizione<\/strong><\/span><\/p>\n<p style=\"font-family:OpenSans;font-size:20px;font-weight:900;line-height:28px;white-space:pre-wrap;color:rgb(0, 0, 0);margin-bottom:12px\"><span style=\"color:rgb(102, 102, 102)\">Tipo di base: base in pelle sottile (parte anteriore: PU completo)<br \/>Dimensioni base: 6&#8243;x 8&#8243; (15*20 cm) 7&#8243;x 9&#8243;(18*23 cm) 8&#8243;x 10&#8243;(20*25 cm)<br \/>Struttura dei capelli: capelli europei<br \/>Stile di capelli: stile libero<br \/>Lunghezza dei capelli: 6 pollici<br \/>Nodi: anello a V<br \/>Vita utile: 3-6 mesi<\/span><\/p>\n<p style=\"font-family:OpenSans;font-size:20px;font-weight:900;line-height:28px;white-space:pre-wrap;color:rgb(0, 0, 0);margin-bottom:12px\"><img decoding=\"async\" src=\"\/\/ae01.alicdn.com\/kf\/S80676a1f8f574190a837d774d18132fby.jpg\" slate-data-type=\"image\" \/><\/p>\n<p style=\"font-family:OpenSans;font-size:20px;font-weight:900;line-height:28px;white-space:pre-wrap;color:rgb(0, 0, 0);margin-bottom:12px\"><strong><span style=\"color:rgb(211, 49, 21)\">Se hai bisogno di personalizzare dimensioni o colori, contattaci<\/span><\/strong><\/p>\n<\/div>\n<div>\n<div>\n  <img decoding=\"async\" src=\"\/\/ae01.alicdn.com\/kf\/Se4a4ad17c266459ab7b1da4914a2a9b00.jpg\" slate-data-type=\"image\" \/>\n <\/div>\n<\/div>\n<div>\n<\/div>\n<div>\n <img decoding=\"async\" src=\"\/\/ae01.alicdn.com\/kf\/Sc63a2eb8a1e64d1a944009f2569f1fc3b.jpg\" slate-data-type=\"image\" \/>\n<\/div>\n<div>\n <img decoding=\"async\" src=\"\/\/ae01.alicdn.com\/kf\/S60537d20500841199ecc7a93c320898em.jpg\" slate-data-type=\"image\" \/>\n<\/div>\n<div>\n <img decoding=\"async\" src=\"\/\/ae01.alicdn.com\/kf\/S79f0d1668e4f4237ae6bd403b79c0e13s.jpg\" slate-data-type=\"image\" \/><\/p>\n<\/div>\n<div>\n <br \/>\n <img decoding=\"async\" src=\"\/\/ae01.alicdn.com\/kf\/Sea8055a961fe4aa6923673cf6849a0d5L.jpg\" slate-data-type=\"image\" \/><br \/>\n <img decoding=\"async\" src=\"\/\/ae01.alicdn.com\/kf\/S419692fd7d6f470492bc85a9386e9b66o.jpg\" slate-data-type=\"image\" \/>\n<\/div>\n<div>\n <img decoding=\"async\" src=\"\/\/ae01.alicdn.com\/kf\/Se29fa71543ad4dc4a4df813c3ad34634T.jpg\" slate-data-type=\"image\" \/><br \/>\n <img decoding=\"async\" src=\"\/\/ae01.alicdn.com\/kf\/S9f9c4447baac4afd840bc2c92d0509d51.jpg\" slate-data-type=\"image\" \/><br \/>\n <img decoding=\"async\" src=\"\/\/ae01.alicdn.com\/kf\/S477e4fbc05f041d4a7aaebffef76f33fJ.jpg\" slate-data-type=\"image\" \/><br \/>\n <img decoding=\"async\" src=\"\/\/ae01.alicdn.com\/kf\/Sa2ede018c03a46ce8b70a0810ec923e1L.jpg\" slate-data-type=\"image\" \/><br \/>\n \n<\/div>\n<div><\/div>\n<div><\/div>\n<div>\n <span style=\"color:rgb(211, 49, 21);font-size:28px\">FAQ:<\/span>\n<\/div>\n<div><\/div>\n<div>\n <strong><span style=\"color:rgb(0, 0, 0);font-size:22px;font-family:OpenSans\">D: Come misuri il tuo parrucchino?<\/span><\/strong>\n<\/div>\n<div>\n <span style=\"color:rgb(128, 128, 128);font-size:16px;font-family:OpenSans\">A: Solitamente misurato in pollici, La misurazione dalla parte anteriore a quella posteriore \u00e8 la lunghezza della base, La misurazione da orecchio a orecchio \u00e8 la larghezza della base<\/span>\n<\/div>\n<div><\/div>\n<div>\n <strong><span style=\"font-size:22px\">D:Come scegliere la densit\u00e0 dei capelli<\/span><\/strong>\n<\/div>\n<p style=\"font-family:OpenSans;font-size:14px;font-weight:300;letter-spacing:normal;line-height:20px;text-align:start;white-space:pre-wrap;color:rgb(0, 0, 0);margin:0px 0px 12px;margin-bottom:12px;margin-top:0px;margin-left:0px;margin-right:0px;padding:0px;padding-bottom:0px;padding-top:0px;padding-left:0px;padding-right:0px;box-sizing:border-box\"  align=\"start\"><span style=\"color:rgb(128, 128, 128);font-size:16px\">R: La densit\u00e0 media della luce dal 100% al 120% \u00e8 la densit\u00e0 pi\u00f9 comune e naturale per gli uomini. Se pensi che sia troppo spessa, puoi tagliarla da solo o lasciare che il tuo parrucchiere ti aiuti a modellarlo.<\/span><\/p>\n<p><\/p>\n<p style=\"font-family:OpenSans;font-size:14px;font-weight:300;letter-spacing:normal;line-height:20px;text-align:start;white-space:pre-wrap;color:rgb(0, 0, 0);margin:0px 0px 12px;margin-bottom:12px;margin-top:0px;margin-left:0px;margin-right:0px;padding:0px;padding-bottom:0px;padding-top:0px;padding-left:0px;padding-right:0px;box-sizing:border-box\"  align=\"start\"><span style=\"font-size:22px\"><strong>D: Quanto durer\u00e0 il mio nuovo sistema capillare?<\/strong><\/span><\/p>\n<p style=\"font-family:OpenSans;font-size:14px;font-weight:300;letter-spacing:normal;line-height:20px;text-align:start;white-space:pre-wrap;color:rgb(0, 0, 0);margin:0px 0px 12px;margin-bottom:12px;margin-top:0px;margin-left:0px;margin-right:0px;padding:0px;padding-bottom:0px;padding-top:0px;padding-left:0px;padding-right:0px;box-sizing:border-box\"  align=\"start\"><span style=\"color:rgb(128, 128, 128);font-size:16px\">R: Con normale usura, durata della vita: 3-6 mesi di bell&#8217;aspetto (senza NG)<\/span><\/p>\n<p><\/p>\n<p style=\"font-family:OpenSans;font-size:14px;font-weight:300;letter-spacing:normal;line-height:20px;text-align:start;white-space:pre-wrap;color:rgb(0, 0, 0);margin:0px 0px 12px;margin-bottom:12px;margin-top:0px;margin-left:0px;margin-right:0px;padding:0px;padding-bottom:0px;padding-top:0px;padding-left:0px;padding-right:0px;box-sizing:border-box\"  align=\"start\"><strong><span style=\"font-size:22px\">D: Quale shampoo e balsamo dovrei usare con il mio sistema capillare?<\/span><\/strong><\/p>\n<p style=\"font-family:OpenSans;font-size:14px;font-weight:300;letter-spacing:normal;line-height:20px;text-align:start;white-space:pre-wrap;color:rgb(0, 0, 0);margin:0px 0px 12px;margin-bottom:12px;margin-top:0px;margin-left:0px;margin-right:0px;padding:0px;padding-bottom:0px;padding-top:0px;padding-left:0px;padding-right:0px;box-sizing:border-box\"  align=\"start\"><span style=\"font-size:16px\">R: Consigliamo uno shampoo senza solfati. Per il balsamo consigliamo il balsamo Infusium-23 Passaggio 2. Entrambi sono economici e solitamente disponibili nei negozi di alimentari.<\/span><\/p>\n<div>\n<\/div>\n<div>\n<\/div>\n<div>\n<\/div>\n<div>\n<\/div>\n<p><\/p>\n<\/div>\n<\/div>\n","protected":false},"excerpt":{"rendered":"<p>Parrucchino da uomo Capelli umani Pelle sottile 0,03 mm Capelli naturali Parrucca da uomo Sostituzione del sistema di capelli Pezzo [&hellip;]<\/p>\n","protected":false},"featured_media":502848,"comment_status":"open","ping_status":"closed","template":"","meta":{"site-sidebar-layout":"default","site-content-layout":"","ast-site-content-layout":"default","site-content-style":"default","site-sidebar-style":"default","ast-global-header-display":"","ast-banner-title-visibility":"","ast-main-header-display":"","ast-hfb-above-header-display":"","ast-hfb-below-header-display":"","ast-hfb-mobile-header-display":"","site-post-title":"","ast-breadcrumbs-content":"","ast-featured-img":"","footer-sml-layout":"","ast-disable-related-posts":"","theme-transparent-header-meta":"","adv-header-id-meta":"","stick-header-meta":"","header-above-stick-meta":"","header-main-stick-meta":"","header-below-stick-meta":"","astra-migrate-meta-layouts":"default","ast-page-background-enabled":"default","ast-page-background-meta":{"desktop":{"background-color":"var(--ast-global-color-5)","background-image":"","background-repeat":"repeat","background-position":"center center","background-size":"auto","background-attachment":"scroll","background-type":"","background-media":"","overlay-type":"","overlay-color":"","overlay-opacity":"","overlay-gradient":""},"tablet":{"background-color":"","background-image":"","background-repeat":"repeat","background-position":"center center","background-size":"auto","background-attachment":"scroll","background-type":"","background-media":"","overlay-type":"","overlay-color":"","overlay-opacity":"","overlay-gradient":""},"mobile":{"background-color":"","background-image":"","background-repeat":"repeat","background-position":"center center","background-size":"auto","background-attachment":"scroll","background-type":"","background-media":"","overlay-type":"","overlay-color":"","overlay-opacity":"","overlay-gradient":""}},"ast-content-background-meta":{"desktop":{"background-color":"var(--ast-global-color-4)","background-image":"","background-repeat":"repeat","background-position":"center center","background-size":"auto","background-attachment":"scroll","background-type":"","background-media":"","overlay-type":"","overlay-color":"","overlay-opacity":"","overlay-gradient":""},"tablet":{"background-color":"var(--ast-global-color-4)","background-image":"","background-repeat":"repeat","background-position":"center center","background-size":"auto","background-attachment":"scroll","background-type":"","background-media":"","overlay-type":"","overlay-color":"","overlay-opacity":"","overlay-gradient":""},"mobile":{"background-color":"var(--ast-global-color-4)","background-image":"","background-repeat":"repeat","background-position":"center center","background-size":"auto","background-attachment":"scroll","background-type":"","background-media":"","overlay-type":"","overlay-color":"","overlay-opacity":"","overlay-gradient":""}}},"product_brand":[],"product_cat":[38344],"product_tag":[],"class_list":["post-502607","product","type-product","status-publish","has-post-thumbnail","product_cat-extension-capelli-parrucche-macchina-upart","desktop-align-left","tablet-align-left","mobile-align-center","first","instock","sale","shipping-taxable","purchasable","product-type-variable"],"_links":{"self":[{"href":"https:\/\/vitacomoda.it\/bellezza\/wp-json\/wp\/v2\/product\/502607","targetHints":{"allow":["GET"]}}],"collection":[{"href":"https:\/\/vitacomoda.it\/bellezza\/wp-json\/wp\/v2\/product"}],"about":[{"href":"https:\/\/vitacomoda.it\/bellezza\/wp-json\/wp\/v2\/types\/product"}],"replies":[{"embeddable":true,"href":"https:\/\/vitacomoda.it\/bellezza\/wp-json\/wp\/v2\/comments?post=502607"}],"wp:featuredmedia":[{"embeddable":true,"href":"https:\/\/vitacomoda.it\/bellezza\/wp-json\/wp\/v2\/media\/502848"}],"wp:attachment":[{"href":"https:\/\/vitacomoda.it\/bellezza\/wp-json\/wp\/v2\/media?parent=502607"}],"wp:term":[{"taxonomy":"product_brand","embeddable":true,"href":"https:\/\/vitacomoda.it\/bellezza\/wp-json\/wp\/v2\/product_brand?post=502607"},{"taxonomy":"product_cat","embeddable":true,"href":"https:\/\/vitacomoda.it\/bellezza\/wp-json\/wp\/v2\/product_cat?post=502607"},{"taxonomy":"product_tag","embeddable":true,"href":"https:\/\/vitacomoda.it\/bellezza\/wp-json\/wp\/v2\/product_tag?post=502607"}],"curies":[{"name":"wp","href":"https:\/\/api.w.org\/{rel}","templated":true}]}}

Parrucca da uomo, protesi capillare in capelli umani, toupet da uomo, densità 90% 100%, 0,03 mm, toupet naturale con base a V in capelli umani per uomo

<p style="text-align: center;"><video style="max-width: 100%;" src="//video.aliexpress-media.com/play/u/ae_sg_item/2676456069/p/1/e/6/t/10301/5000468316016.mp4" poster="https://ae-pic-a1.aliexpress-media.com/kf/S09a61ee93ffc429cb1ce28aa86b46e0as.jpg" preload="auto" controls="controls" width="100%" height="100%"></video></p>
<div>
<div>
<p></p>
<div>
<p><span style="color:rgb(211, 49, 21);font-size:22px"><strong>Parrucchino da uomo Capelli umani Pelle sottile 0,03 mm Capelli naturali Parrucca da uomo Sostituzione del sistema di capelli Pezzo di capelli Protesis Capilar Hombre Parrucca maschile</strong></span></p>
<div>
  
 </div>
<p style="font-family:OpenSans;font-size:20px;font-weight:900;line-height:28px;white-space:pre-wrap;color:rgb(0, 0, 0);margin-bottom:12px"><span style="color:rgb(0, 0, 0);font-size:26px"><strong>Descrizione</strong></span></p>
<p style="font-family:OpenSans;font-size:20px;font-weight:900;line-height:28px;white-space:pre-wrap;color:rgb(0, 0, 0);margin-bottom:12px"><span style="color:rgb(102, 102, 102)">Tipo di base: base in pelle sottile (parte anteriore: PU completo)<br />Dimensioni base: 6&#8243;x 8&#8243; (15*20 cm) 7&#8243;x 9&#8243;(18*23 cm) 8&#8243;x 10&#8243;(20*25 cm)<br />Struttura dei capelli: capelli europei<br />Stile di capelli: stile libero<br />Lunghezza dei capelli: 6 pollici<br />Nodi: anello a V<br />Vita utile: 3-6 mesi</span></p>
<p style="font-family:OpenSans;font-size:20px;font-weight:900;line-height:28px;white-space:pre-wrap;color:rgb(0, 0, 0);margin-bottom:12px"><img decoding="async" src="//ae01.alicdn.com/kf/S80676a1f8f574190a837d774d18132fby.jpg" slate-data-type="image" /></p>
<p style="font-family:OpenSans;font-size:20px;font-weight:900;line-height:28px;white-space:pre-wrap;color:rgb(0, 0, 0);margin-bottom:12px"><strong><span style="color:rgb(211, 49, 21)">Se hai bisogno di personalizzare dimensioni o colori, contattaci</span></strong></p>
</div>
<div>
<div>
  <img decoding="async" src="//ae01.alicdn.com/kf/Se4a4ad17c266459ab7b1da4914a2a9b00.jpg" slate-data-type="image" />
 </div>
</div>
<div>
</div>
<div>
 <img decoding="async" src="//ae01.alicdn.com/kf/Sc63a2eb8a1e64d1a944009f2569f1fc3b.jpg" slate-data-type="image" />
</div>
<div>
 <img decoding="async" src="//ae01.alicdn.com/kf/S60537d20500841199ecc7a93c320898em.jpg" slate-data-type="image" />
</div>
<div>
 <img decoding="async" src="//ae01.alicdn.com/kf/S79f0d1668e4f4237ae6bd403b79c0e13s.jpg" slate-data-type="image" /></p>
</div>
<div>
 <br />
 <img decoding="async" src="//ae01.alicdn.com/kf/Sea8055a961fe4aa6923673cf6849a0d5L.jpg" slate-data-type="image" /><br />
 <img decoding="async" src="//ae01.alicdn.com/kf/S419692fd7d6f470492bc85a9386e9b66o.jpg" slate-data-type="image" />
</div>
<div>
 <img decoding="async" src="//ae01.alicdn.com/kf/Se29fa71543ad4dc4a4df813c3ad34634T.jpg" slate-data-type="image" /><br />
 <img decoding="async" src="//ae01.alicdn.com/kf/S9f9c4447baac4afd840bc2c92d0509d51.jpg" slate-data-type="image" /><br />
 <img decoding="async" src="//ae01.alicdn.com/kf/S477e4fbc05f041d4a7aaebffef76f33fJ.jpg" slate-data-type="image" /><br />
 <img decoding="async" src="//ae01.alicdn.com/kf/Sa2ede018c03a46ce8b70a0810ec923e1L.jpg" slate-data-type="image" /><br />
 
</div>
<div></div>
<div></div>
<div>
 <span style="color:rgb(211, 49, 21);font-size:28px">FAQ:</span>
</div>
<div></div>
<div>
 <strong><span style="color:rgb(0, 0, 0);font-size:22px;font-family:OpenSans">D: Come misuri il tuo parrucchino?</span></strong>
</div>
<div>
 <span style="color:rgb(128, 128, 128);font-size:16px;font-family:OpenSans">A: Solitamente misurato in pollici, La misurazione dalla parte anteriore a quella posteriore è la lunghezza della base, La misurazione da orecchio a orecchio è la larghezza della base</span>
</div>
<div></div>
<div>
 <strong><span style="font-size:22px">D:Come scegliere la densità dei capelli</span></strong>
</div>
<p style="font-family:OpenSans;font-size:14px;font-weight:300;letter-spacing:normal;line-height:20px;text-align:start;white-space:pre-wrap;color:rgb(0, 0, 0);margin:0px 0px 12px;margin-bottom:12px;margin-top:0px;margin-left:0px;margin-right:0px;padding:0px;padding-bottom:0px;padding-top:0px;padding-left:0px;padding-right:0px;box-sizing:border-box"  align="start"><span style="color:rgb(128, 128, 128);font-size:16px">R: La densità media della luce dal 100% al 120% è la densità più comune e naturale per gli uomini. Se pensi che sia troppo spessa, puoi tagliarla da solo o lasciare che il tuo parrucchiere ti aiuti a modellarlo.</span></p>
<p></p>
<p style="font-family:OpenSans;font-size:14px;font-weight:300;letter-spacing:normal;line-height:20px;text-align:start;white-space:pre-wrap;color:rgb(0, 0, 0);margin:0px 0px 12px;margin-bottom:12px;margin-top:0px;margin-left:0px;margin-right:0px;padding:0px;padding-bottom:0px;padding-top:0px;padding-left:0px;padding-right:0px;box-sizing:border-box"  align="start"><span style="font-size:22px"><strong>D: Quanto durerà il mio nuovo sistema capillare?</strong></span></p>
<p style="font-family:OpenSans;font-size:14px;font-weight:300;letter-spacing:normal;line-height:20px;text-align:start;white-space:pre-wrap;color:rgb(0, 0, 0);margin:0px 0px 12px;margin-bottom:12px;margin-top:0px;margin-left:0px;margin-right:0px;padding:0px;padding-bottom:0px;padding-top:0px;padding-left:0px;padding-right:0px;box-sizing:border-box"  align="start"><span style="color:rgb(128, 128, 128);font-size:16px">R: Con normale usura, durata della vita: 3-6 mesi di bell&#8217;aspetto (senza NG)</span></p>
<p></p>
<p style="font-family:OpenSans;font-size:14px;font-weight:300;letter-spacing:normal;line-height:20px;text-align:start;white-space:pre-wrap;color:rgb(0, 0, 0);margin:0px 0px 12px;margin-bottom:12px;margin-top:0px;margin-left:0px;margin-right:0px;padding:0px;padding-bottom:0px;padding-top:0px;padding-left:0px;padding-right:0px;box-sizing:border-box"  align="start"><strong><span style="font-size:22px">D: Quale shampoo e balsamo dovrei usare con il mio sistema capillare?</span></strong></p>
<p style="font-family:OpenSans;font-size:14px;font-weight:300;letter-spacing:normal;line-height:20px;text-align:start;white-space:pre-wrap;color:rgb(0, 0, 0);margin:0px 0px 12px;margin-bottom:12px;margin-top:0px;margin-left:0px;margin-right:0px;padding:0px;padding-bottom:0px;padding-top:0px;padding-left:0px;padding-right:0px;box-sizing:border-box"  align="start"><span style="font-size:16px">R: Consigliamo uno shampoo senza solfati. Per il balsamo consigliamo il balsamo Infusium-23 Passaggio 2. Entrambi sono economici e solitamente disponibili nei negozi di alimentari.</span></p>
<div>
</div>
<div>
</div>
<div>
</div>
<div>
</div>
<p></p>
</div>
</div>
