{"id":508930,"date":"2026-08-28T02:20:44","date_gmt":"2026-08-28T00:20:44","guid":{"rendered":"https:\/\/vitacomoda.it\/casa\/prodotto\/31bc-parabrezza-per-estensione-del-parabrezza-deflettore-del-vento-regolabile-in-altezza-per-estensione-del-parabrezza\/"},"modified":"2026-08-28T02:23:42","modified_gmt":"2026-08-28T00:23:42","slug":"31bc-parabrezza-per-estensione-del-parabrezza-deflettore-del-vento-regolabile-in-altezza-per-estensione-del-parabrezza","status":"publish","type":"product","link":"https:\/\/vitacomoda.it\/bellezza\/prodotto\/31bc-parabrezza-per-estensione-del-parabrezza-deflettore-del-vento-regolabile-in-altezza-per-estensione-del-parabrezza\/","title":{"rendered":"31BC Parabrezza per Estensione del Parabrezza Deflettore del Vento Regolabile in Altezza per Estensione del Parabrezza"},"content":{"rendered":"<p style=\"text-align: center;\"><video style=\"max-width: 100%;\" src=\"\/\/video.aliexpress-media.com\/play\/u\/ae_sg_item\/249550281\/p\/1\/e\/6\/t\/10301\/5000470410455.mp4\" poster=\"https:\/\/ae-pic-a1.aliexpress-media.com\/kf\/S3c304aa01c484132a14d60154d508807T.jpg\" preload=\"auto\" controls=\"controls\" width=\"100%\" height=\"100%\"><\/video><\/p>\n<div>\n<div>\n<div>\n<div>\n<div style=\"font-size: 18px;\" id=\"tl_1\">\n   <b>Caratteristiche:<\/b><br \/>\n   <br \/> <br \/>\n   <span style=\"background: white; color: #fff;\">Ottimo<\/span> \u00a0<br \/>\n   <br \/>la tua esperienza con la nostra Estensione per Parabrezza Moto, la soluzione per i motociclisti che cercano una migliore protezione dal vento<br \/>\n   <br \/>Dotato di una robusta staffa in lega di alluminio e di un corpo in acrilico, questo supporto a clip per parabrezza offre una visuale pi\u00f9 nitida e una maggiore stabilit\u00e0, riducendo rumore e vibrazioni per una guida pi\u00f9 fluida.<br \/>\n   <br \/>Per gli appassionati di motociclismo a lunga percorrenza e per chi si sposta quotidianamente, che esigono comfort e sicurezza su strada, la nostra estensione per parabrezza \u00e8 un accessorio indispensabile.<br \/>\n   <br \/>Che tu stia sfrecciando ad alta velocit\u00e0 o affrontando percorsi avventurosi, questo parabrezza regolabile offre una deflessione del vento personalizzabile per adattarsi a qualsiasi viaggio.<br \/>\n   <br \/>Con una facile installazione e per i modelli di moto pi\u00f9 diffusi, questa estensione per parabrezza non solo aumenta il tuo comfort, ma aggiunge anche un tocco elegante all&#8217;estetica del tuo veicolo. <\/p>\n<p>   <b>Specifiche:<\/b><br \/>\n   <br \/>Materiale: Metallo, Plastica<br \/>\n   <br \/>Dimensioni: circa.270&#215;122 mm\/10,63&#215;4,8 pollici<br \/>\n   <br \/>Colore: Bianco\/Grigio\/Nero<br \/>\n   <br \/>Modello applicabile: per TRK502 BJ500 <\/p>\n<p>   <b>Il pacchetto include:<\/b><br \/>\n   <br \/>1 pz Estensione Parabrezza <\/p>\n<p>   <b>Nota:<\/b><br \/>\n   <br \/>Si prega di consentire errori di 1-2 cm dovuti alla misurazione manuale.<br \/>\n   <br \/>A causa della differenza tra i diversi monitor, l&#8217;immagine potrebbe non riflettere il colore effettivo dell&#8217;articolo. <\/p>\n<p>   <img decoding=\"async\" src=\"\/\/ae01.alicdn.com\/kf\/S255f1ee7213a46698426d5c4a6f004ccM.jpg\" style=\"width:800px;\" \/><br \/>\n   <br \/> <br \/>\n   <img decoding=\"async\" src=\"\/\/ae01.alicdn.com\/kf\/S1217a0fbf4ef49ee95b2895aa23993a0u.jpg\" style=\"width:800px;\" \/><br \/>\n   <br \/> <br \/>\n   <img decoding=\"async\" src=\"\/\/ae01.alicdn.com\/kf\/S3d8e720ea6284d21a0f9ceb2eddab826n.jpg\" style=\"width:800px;\" \/><br \/>\n   <br \/> <br \/>\n   <img decoding=\"async\" src=\"\/\/ae01.alicdn.com\/kf\/S2da7b99ffae347d28d7a12735b984e33p.jpg\" style=\"width:800px;\" \/><br \/>\n   <br \/> <br \/>\n   <img decoding=\"async\" src=\"\/\/ae01.alicdn.com\/kf\/S46fe80ffa62649c1acb83ad3d6aef34bw.jpg\" style=\"width:800px;\" \/><br \/>\n   <br \/> <br \/>\n   <img decoding=\"async\" src=\"\/\/ae01.alicdn.com\/kf\/S04c29129ad9d47a7b892328d507321f4c.jpg\" style=\"width:800px;\" \/><br \/>\n   <br \/> <br \/>\n   <img decoding=\"async\" src=\"\/\/ae01.alicdn.com\/kf\/S2236fe582d344ba496b3d43e1bec571ak.jpg\" style=\"width:800px;\" \/><br \/>\n   <br \/> <br \/>\n   <img decoding=\"async\" src=\"\/\/ae01.alicdn.com\/kf\/S608d8b144ed64d529c3435bc7325790fg.jpg\" style=\"width:800px;\" \/><br \/>\n   <br \/> <br \/>\n   <img decoding=\"async\" src=\"\/\/ae01.alicdn.com\/kf\/S1e03639ae9bf4f4492faaadad87aeeacR.jpg\" style=\"width:800px;\" \/><br \/>\n   <br \/> <br \/>\n   <img decoding=\"async\" src=\"\/\/ae01.alicdn.com\/kf\/S1b43af2f0ec044e88d7bd02d8495336dc.jpg\" style=\"width:800px;\" \/>\n  <\/div>\n<\/p><\/div>\n<\/div>\n<\/div>\n<\/div>\n","protected":false},"excerpt":{"rendered":"<p>Caratteristiche: Ottimo \u00a0 la tua esperienza con la nostra Estensione per Parabrezza Moto, la soluzione per i motociclisti che cercano [&hellip;]<\/p>\n","protected":false},"featured_media":508934,"comment_status":"open","ping_status":"closed","template":"","meta":{"site-sidebar-layout":"default","site-content-layout":"","ast-site-content-layout":"default","site-content-style":"default","site-sidebar-style":"default","ast-global-header-display":"","ast-banner-title-visibility":"","ast-main-header-display":"","ast-hfb-above-header-display":"","ast-hfb-below-header-display":"","ast-hfb-mobile-header-display":"","site-post-title":"","ast-breadcrumbs-content":"","ast-featured-img":"","footer-sml-layout":"","ast-disable-related-posts":"","theme-transparent-header-meta":"","adv-header-id-meta":"","stick-header-meta":"","header-above-stick-meta":"","header-main-stick-meta":"","header-below-stick-meta":"","astra-migrate-meta-layouts":"default","ast-page-background-enabled":"default","ast-page-background-meta":{"desktop":{"background-color":"var(--ast-global-color-5)","background-image":"","background-repeat":"repeat","background-position":"center center","background-size":"auto","background-attachment":"scroll","background-type":"","background-media":"","overlay-type":"","overlay-color":"","overlay-opacity":"","overlay-gradient":""},"tablet":{"background-color":"","background-image":"","background-repeat":"repeat","background-position":"center center","background-size":"auto","background-attachment":"scroll","background-type":"","background-media":"","overlay-type":"","overlay-color":"","overlay-opacity":"","overlay-gradient":""},"mobile":{"background-color":"","background-image":"","background-repeat":"repeat","background-position":"center center","background-size":"auto","background-attachment":"scroll","background-type":"","background-media":"","overlay-type":"","overlay-color":"","overlay-opacity":"","overlay-gradient":""}},"ast-content-background-meta":{"desktop":{"background-color":"var(--ast-global-color-4)","background-image":"","background-repeat":"repeat","background-position":"center center","background-size":"auto","background-attachment":"scroll","background-type":"","background-media":"","overlay-type":"","overlay-color":"","overlay-opacity":"","overlay-gradient":""},"tablet":{"background-color":"var(--ast-global-color-4)","background-image":"","background-repeat":"repeat","background-position":"center center","background-size":"auto","background-attachment":"scroll","background-type":"","background-media":"","overlay-type":"","overlay-color":"","overlay-opacity":"","overlay-gradient":""},"mobile":{"background-color":"var(--ast-global-color-4)","background-image":"","background-repeat":"repeat","background-position":"center center","background-size":"auto","background-attachment":"scroll","background-type":"","background-media":"","overlay-type":"","overlay-color":"","overlay-opacity":"","overlay-gradient":""}}},"product_brand":[],"product_cat":[38348],"product_tag":[],"class_list":["post-508930","product","type-product","status-publish","has-post-thumbnail","product_cat-extension-capelli-parrucche-clip-nastro","desktop-align-left","tablet-align-left","mobile-align-center","first","instock","sale","shipping-taxable","purchasable","product-type-variable"],"_links":{"self":[{"href":"https:\/\/vitacomoda.it\/bellezza\/wp-json\/wp\/v2\/product\/508930","targetHints":{"allow":["GET"]}}],"collection":[{"href":"https:\/\/vitacomoda.it\/bellezza\/wp-json\/wp\/v2\/product"}],"about":[{"href":"https:\/\/vitacomoda.it\/bellezza\/wp-json\/wp\/v2\/types\/product"}],"replies":[{"embeddable":true,"href":"https:\/\/vitacomoda.it\/bellezza\/wp-json\/wp\/v2\/comments?post=508930"}],"wp:featuredmedia":[{"embeddable":true,"href":"https:\/\/vitacomoda.it\/bellezza\/wp-json\/wp\/v2\/media\/508934"}],"wp:attachment":[{"href":"https:\/\/vitacomoda.it\/bellezza\/wp-json\/wp\/v2\/media?parent=508930"}],"wp:term":[{"taxonomy":"product_brand","embeddable":true,"href":"https:\/\/vitacomoda.it\/bellezza\/wp-json\/wp\/v2\/product_brand?post=508930"},{"taxonomy":"product_cat","embeddable":true,"href":"https:\/\/vitacomoda.it\/bellezza\/wp-json\/wp\/v2\/product_cat?post=508930"},{"taxonomy":"product_tag","embeddable":true,"href":"https:\/\/vitacomoda.it\/bellezza\/wp-json\/wp\/v2\/product_tag?post=508930"}],"curies":[{"name":"wp","href":"https:\/\/api.w.org\/{rel}","templated":true}]}}

<p style="text-align: center;"><video style="max-width: 100%;" src="//video.aliexpress-media.com/play/u/ae_sg_item/249550281/p/1/e/6/t/10301/5000470410455.mp4" poster="https://ae-pic-a1.aliexpress-media.com/kf/S3c304aa01c484132a14d60154d508807T.jpg" preload="auto" controls="controls" width="100%" height="100%"></video></p>
<div>
<div>
<div>
<div>
<div style="font-size: 18px;" id="tl_1">
   <b>Caratteristiche:</b><br />
   <br /> <br />
   <span style="background: white; color: #fff;">Ottimo</span>  <br />
   <br />la tua esperienza con la nostra Estensione per Parabrezza Moto, la soluzione per i motociclisti che cercano una migliore protezione dal vento<br />
   <br />Dotato di una robusta staffa in lega di alluminio e di un corpo in acrilico, questo supporto a clip per parabrezza offre una visuale più nitida e una maggiore stabilità, riducendo rumore e vibrazioni per una guida più fluida.<br />
   <br />Per gli appassionati di motociclismo a lunga percorrenza e per chi si sposta quotidianamente, che esigono comfort e sicurezza su strada, la nostra estensione per parabrezza è un accessorio indispensabile.<br />
   <br />Che tu stia sfrecciando ad alta velocità o affrontando percorsi avventurosi, questo parabrezza regolabile offre una deflessione del vento personalizzabile per adattarsi a qualsiasi viaggio.<br />
   <br />Con una facile installazione e per i modelli di moto più diffusi, questa estensione per parabrezza non solo aumenta il tuo comfort, ma aggiunge anche un tocco elegante all&#8217;estetica del tuo veicolo. </p>
<p>   <b>Specifiche:</b><br />
   <br />Materiale: Metallo, Plastica<br />
   <br />Dimensioni: circa.270&#215;122 mm/10,63&#215;4,8 pollici<br />
   <br />Colore: Bianco/Grigio/Nero<br />
   <br />Modello applicabile: per TRK502 BJ500 </p>
<p>   <b>Il pacchetto include:</b><br />
   <br />1 pz Estensione Parabrezza </p>
<p>   <b>Nota:</b><br />
   <br />Si prega di consentire errori di 1-2 cm dovuti alla misurazione manuale.<br />
   <br />A causa della differenza tra i diversi monitor, l&#8217;immagine potrebbe non riflettere il colore effettivo dell&#8217;articolo. </p>
<p>   <img decoding="async" src="//ae01.alicdn.com/kf/S255f1ee7213a46698426d5c4a6f004ccM.jpg" style="width:800px;" /><br />
   <br /> <br />
   <img decoding="async" src="//ae01.alicdn.com/kf/S1217a0fbf4ef49ee95b2895aa23993a0u.jpg" style="width:800px;" /><br />
   <br /> <br />
   <img decoding="async" src="//ae01.alicdn.com/kf/S3d8e720ea6284d21a0f9ceb2eddab826n.jpg" style="width:800px;" /><br />
   <br /> <br />
   <img decoding="async" src="//ae01.alicdn.com/kf/S2da7b99ffae347d28d7a12735b984e33p.jpg" style="width:800px;" /><br />
   <br /> <br />
   <img decoding="async" src="//ae01.alicdn.com/kf/S46fe80ffa62649c1acb83ad3d6aef34bw.jpg" style="width:800px;" /><br />
   <br /> <br />
   <img decoding="async" src="//ae01.alicdn.com/kf/S04c29129ad9d47a7b892328d507321f4c.jpg" style="width:800px;" /><br />
   <br /> <br />
   <img decoding="async" src="//ae01.alicdn.com/kf/S2236fe582d344ba496b3d43e1bec571ak.jpg" style="width:800px;" /><br />
   <br /> <br />
   <img decoding="async" src="//ae01.alicdn.com/kf/S608d8b144ed64d529c3435bc7325790fg.jpg" style="width:800px;" /><br />
   <br /> <br />
   <img decoding="async" src="//ae01.alicdn.com/kf/S1e03639ae9bf4f4492faaadad87aeeacR.jpg" style="width:800px;" /><br />
   <br /> <br />
   <img decoding="async" src="//ae01.alicdn.com/kf/S1b43af2f0ec044e88d7bd02d8495336dc.jpg" style="width:800px;" />
  </div>
</p></div>
</div>
</div>
</div>
