{"id":515431,"date":"2026-08-28T03:32:37","date_gmt":"2026-08-28T01:32:37","guid":{"rendered":"https:\/\/vitacomoda.it\/casa\/prodotto\/1-rotolo-di-nastro-musicale-per-pianoforte-nastro-stampato-bianco-e-nero-per-confezioni-regalo-decorazioni-per-feste-nastri-per-confezioni\/"},"modified":"2026-08-28T03:32:49","modified_gmt":"2026-08-28T01:32:49","slug":"1-rotolo-di-nastro-musicale-per-pianoforte-nastro-stampato-bianco-e-nero-per-confezioni-regalo-decorazioni-per-feste-nastri-per-confezioni","status":"publish","type":"product","link":"https:\/\/vitacomoda.it\/bellezza\/prodotto\/1-rotolo-di-nastro-musicale-per-pianoforte-nastro-stampato-bianco-e-nero-per-confezioni-regalo-decorazioni-per-feste-nastri-per-confezioni\/","title":{"rendered":"1 rotolo di nastro musicale per pianoforte, nastro stampato bianco e nero per confezioni regalo, decorazioni per feste, nastri per confezioni"},"content":{"rendered":"<p style=\"text-align: center;\"><video style=\"max-width: 100%;\" src=\"\/\/video.aliexpress-media.com\/play\/u\/ae_sg_item\/6005109853\/p\/1\/e\/6\/t\/10301\/5000506878503.mp4\" poster=\"https:\/\/video.aliexpress-media.com\/cover\/5000506878503.jpg\" preload=\"auto\" controls=\"controls\" width=\"100%\" height=\"100%\"><\/video><\/p>\n<div>\n<div>\n<div>\n<div  id=\"tl_1\">\n<p align=\"center\" style=\"text-align:center\"><span style=\"font-size:20px\"><strong>Nastro Musicale per Pianoforte Note Bianche e Nere in Raso 2,5 cm per Confezioni Regalo, Decorazioni per Feste, Artigianato e Nastri per Involucro<\/strong><\/span><\/p>\n<p> <br \/>\n  <strong>Descrizione<\/strong> <\/p>\n<p> Il nastro stampato con tasti di pianoforte \u00e8 versatile ed elegante, adatto a varie occasioni come compleanni, matrimoni e festivit\u00e0. Il suo design unico si distingue, rendendo le tue decorazioni memorabili. Il nastro \u00e8 facile da lavorare, permettendoti di creare fiocchi intricati e confezioni eleganti per qualsiasi evento. Nastro artigianale. <\/p>\n<p>  <strong>Caratteristiche<\/strong> <\/p>\n<p> -Colore: Multicolore<br \/>\n  <br \/> -Materiale: Poliestere<br \/>\n  <br \/> -Dimensioni: 500,00X2,50X0,10 cm\/196,50X0,98X0,04 in<br \/>\n  <br \/> -Qualit\u00e0: realizzato con nastro per pianoforte bianco e nero, garantendo una texture raffinata e un&#8217;eccellente durata, nastro largo per lavori artigianali.<br \/>\n  <br \/> &#8211; Design elegante: il nastro di raso stampato con motivi musicali presenta decorazioni intricate, aggiungendo un tocco di eleganza a qualsiasi confezione regalo o fiocco per il crafting.<br \/>\n  <br \/> -Multiuso: per confezionare regali, creare fiocchi e decorare feste, rendendolo una scelta versatile per vari eventi, nastro con note musicali<br \/>\n  <br \/> Facile da usare: semplice da tagliare e legare, per un utilizzo efficiente in tutti i tuoi progetti con nastri per fiori.<br \/>\n  <br \/> Design a tema musicale: Il nostro nastro con note musicali \u00e8 progettato in stile classico, con motivi musicali e altri elementi che renderanno i tuoi lavori artigianali pi\u00f9 attraenti, affascinanti, eleganti e classici. 1 x Nastro con note musicali. <\/p>\n<div>\n   <img decoding=\"async\" src=\"\/\/ae-pic-a1.aliexpress-media.com\/kf\/S2d46e4fb5d60424194d34b3e3b3ed7caT.jpg\" \/>\n  <\/div>\n<\/p>\n<div>\n   <img decoding=\"async\" src=\"\/\/ae-pic-a1.aliexpress-media.com\/kf\/Se7a1f6e04b7a4d7890615e2bf0b84eddP.jpg\" \/>\n  <\/div>\n<\/p>\n<div>\n   <img decoding=\"async\" src=\"\/\/ae-pic-a1.aliexpress-media.com\/kf\/Sa65fef21409e4c8fa5425ebdea7c8025O.jpg\" \/>\n  <\/div>\n<\/p>\n<div>\n   <img decoding=\"async\" src=\"\/\/ae-pic-a1.aliexpress-media.com\/kf\/S4a0d2cd17c954e82b052dfd74f937849N.jpg\" \/>\n  <\/div>\n<\/p>\n<div>\n   <img decoding=\"async\" src=\"\/\/ae-pic-a1.aliexpress-media.com\/kf\/Sf678384266ca4714a7858ee916d7c621B.jpg\" \/>\n  <\/div>\n<\/p>\n<div>\n   <img decoding=\"async\" src=\"\/\/ae-pic-a1.aliexpress-media.com\/kf\/S5d050c381aa84dcc9ab0f995dfc95c5ct.jpg\" \/>\n  <\/div>\n<\/p><\/div>\n<\/div>\n<\/div>\n<\/div>\n","protected":false},"excerpt":{"rendered":"<p>Nastro Musicale per Pianoforte Note Bianche e Nere in Raso 2,5 cm per Confezioni Regalo, Decorazioni per Feste, Artigianato e [&hellip;]<\/p>\n","protected":false},"featured_media":515433,"comment_status":"open","ping_status":"closed","template":"","meta":{"site-sidebar-layout":"default","site-content-layout":"","ast-site-content-layout":"default","site-content-style":"default","site-sidebar-style":"default","ast-global-header-display":"","ast-banner-title-visibility":"","ast-main-header-display":"","ast-hfb-above-header-display":"","ast-hfb-below-header-display":"","ast-hfb-mobile-header-display":"","site-post-title":"","ast-breadcrumbs-content":"","ast-featured-img":"","footer-sml-layout":"","ast-disable-related-posts":"","theme-transparent-header-meta":"","adv-header-id-meta":"","stick-header-meta":"","header-above-stick-meta":"","header-main-stick-meta":"","header-below-stick-meta":"","astra-migrate-meta-layouts":"default","ast-page-background-enabled":"default","ast-page-background-meta":{"desktop":{"background-color":"var(--ast-global-color-5)","background-image":"","background-repeat":"repeat","background-position":"center center","background-size":"auto","background-attachment":"scroll","background-type":"","background-media":"","overlay-type":"","overlay-color":"","overlay-opacity":"","overlay-gradient":""},"tablet":{"background-color":"","background-image":"","background-repeat":"repeat","background-position":"center center","background-size":"auto","background-attachment":"scroll","background-type":"","background-media":"","overlay-type":"","overlay-color":"","overlay-opacity":"","overlay-gradient":""},"mobile":{"background-color":"","background-image":"","background-repeat":"repeat","background-position":"center center","background-size":"auto","background-attachment":"scroll","background-type":"","background-media":"","overlay-type":"","overlay-color":"","overlay-opacity":"","overlay-gradient":""}},"ast-content-background-meta":{"desktop":{"background-color":"var(--ast-global-color-4)","background-image":"","background-repeat":"repeat","background-position":"center center","background-size":"auto","background-attachment":"scroll","background-type":"","background-media":"","overlay-type":"","overlay-color":"","overlay-opacity":"","overlay-gradient":""},"tablet":{"background-color":"var(--ast-global-color-4)","background-image":"","background-repeat":"repeat","background-position":"center center","background-size":"auto","background-attachment":"scroll","background-type":"","background-media":"","overlay-type":"","overlay-color":"","overlay-opacity":"","overlay-gradient":""},"mobile":{"background-color":"var(--ast-global-color-4)","background-image":"","background-repeat":"repeat","background-position":"center center","background-size":"auto","background-attachment":"scroll","background-type":"","background-media":"","overlay-type":"","overlay-color":"","overlay-opacity":"","overlay-gradient":""}}},"product_brand":[],"product_cat":[38348],"product_tag":[],"class_list":["post-515431","product","type-product","status-publish","has-post-thumbnail","product_cat-extension-capelli-parrucche-clip-nastro","desktop-align-left","tablet-align-left","mobile-align-center","first","instock","sale","shipping-taxable","purchasable","product-type-variable"],"_links":{"self":[{"href":"https:\/\/vitacomoda.it\/bellezza\/wp-json\/wp\/v2\/product\/515431","targetHints":{"allow":["GET"]}}],"collection":[{"href":"https:\/\/vitacomoda.it\/bellezza\/wp-json\/wp\/v2\/product"}],"about":[{"href":"https:\/\/vitacomoda.it\/bellezza\/wp-json\/wp\/v2\/types\/product"}],"replies":[{"embeddable":true,"href":"https:\/\/vitacomoda.it\/bellezza\/wp-json\/wp\/v2\/comments?post=515431"}],"wp:featuredmedia":[{"embeddable":true,"href":"https:\/\/vitacomoda.it\/bellezza\/wp-json\/wp\/v2\/media\/515433"}],"wp:attachment":[{"href":"https:\/\/vitacomoda.it\/bellezza\/wp-json\/wp\/v2\/media?parent=515431"}],"wp:term":[{"taxonomy":"product_brand","embeddable":true,"href":"https:\/\/vitacomoda.it\/bellezza\/wp-json\/wp\/v2\/product_brand?post=515431"},{"taxonomy":"product_cat","embeddable":true,"href":"https:\/\/vitacomoda.it\/bellezza\/wp-json\/wp\/v2\/product_cat?post=515431"},{"taxonomy":"product_tag","embeddable":true,"href":"https:\/\/vitacomoda.it\/bellezza\/wp-json\/wp\/v2\/product_tag?post=515431"}],"curies":[{"name":"wp","href":"https:\/\/api.w.org\/{rel}","templated":true}]}}

<p style="text-align: center;"><video style="max-width: 100%;" src="//video.aliexpress-media.com/play/u/ae_sg_item/6005109853/p/1/e/6/t/10301/5000506878503.mp4" poster="https://video.aliexpress-media.com/cover/5000506878503.jpg" preload="auto" controls="controls" width="100%" height="100%"></video></p>
<div>
<div>
<div>
<div  id="tl_1">
<p align="center" style="text-align:center"><span style="font-size:20px"><strong>Nastro Musicale per Pianoforte Note Bianche e Nere in Raso 2,5 cm per Confezioni Regalo, Decorazioni per Feste, Artigianato e Nastri per Involucro</strong></span></p>
<p> <br />
  <strong>Descrizione</strong> </p>
<p> Il nastro stampato con tasti di pianoforte è versatile ed elegante, adatto a varie occasioni come compleanni, matrimoni e festività. Il suo design unico si distingue, rendendo le tue decorazioni memorabili. Il nastro è facile da lavorare, permettendoti di creare fiocchi intricati e confezioni eleganti per qualsiasi evento. Nastro artigianale. </p>
<p>  <strong>Caratteristiche</strong> </p>
<p> -Colore: Multicolore<br />
  <br /> -Materiale: Poliestere<br />
  <br /> -Dimensioni: 500,00X2,50X0,10 cm/196,50X0,98X0,04 in<br />
  <br /> -Qualità: realizzato con nastro per pianoforte bianco e nero, garantendo una texture raffinata e un&#8217;eccellente durata, nastro largo per lavori artigianali.<br />
  <br /> &#8211; Design elegante: il nastro di raso stampato con motivi musicali presenta decorazioni intricate, aggiungendo un tocco di eleganza a qualsiasi confezione regalo o fiocco per il crafting.<br />
  <br /> -Multiuso: per confezionare regali, creare fiocchi e decorare feste, rendendolo una scelta versatile per vari eventi, nastro con note musicali<br />
  <br /> Facile da usare: semplice da tagliare e legare, per un utilizzo efficiente in tutti i tuoi progetti con nastri per fiori.<br />
  <br /> Design a tema musicale: Il nostro nastro con note musicali è progettato in stile classico, con motivi musicali e altri elementi che renderanno i tuoi lavori artigianali più attraenti, affascinanti, eleganti e classici. 1 x Nastro con note musicali. </p>
<div>
   <img decoding="async" src="//ae-pic-a1.aliexpress-media.com/kf/S2d46e4fb5d60424194d34b3e3b3ed7caT.jpg" />
  </div>
</p>
<div>
   <img decoding="async" src="//ae-pic-a1.aliexpress-media.com/kf/Se7a1f6e04b7a4d7890615e2bf0b84eddP.jpg" />
  </div>
</p>
<div>
   <img decoding="async" src="//ae-pic-a1.aliexpress-media.com/kf/Sa65fef21409e4c8fa5425ebdea7c8025O.jpg" />
  </div>
</p>
<div>
   <img decoding="async" src="//ae-pic-a1.aliexpress-media.com/kf/S4a0d2cd17c954e82b052dfd74f937849N.jpg" />
  </div>
</p>
<div>
   <img decoding="async" src="//ae-pic-a1.aliexpress-media.com/kf/Sf678384266ca4714a7858ee916d7c621B.jpg" />
  </div>
</p>
<div>
   <img decoding="async" src="//ae-pic-a1.aliexpress-media.com/kf/S5d050c381aa84dcc9ab0f995dfc95c5ct.jpg" />
  </div>
</p></div>
</div>
</div>
</div>
