{"id":545137,"date":"2026-08-28T06:59:07","date_gmt":"2026-08-28T04:59:07","guid":{"rendered":"https:\/\/vitacomoda.it\/casa\/prodotto\/parrucca-riccia-in-capelli-umani-castano-rossastro-da-30-pollici-lunga-per-donne-nere-con-onda-profonda-frontale-in-pizzo-13x6-ricci-naturali-e-mossi\/"},"modified":"2026-08-28T07:02:22","modified_gmt":"2026-08-28T05:02:22","slug":"parrucca-riccia-in-capelli-umani-castano-rossastro-da-30-pollici-lunga-per-donne-nere-con-onda-profonda-frontale-in-pizzo-13x6-ricci-naturali-e-mossi","status":"publish","type":"product","link":"https:\/\/vitacomoda.it\/bellezza\/prodotto\/parrucca-riccia-in-capelli-umani-castano-rossastro-da-30-pollici-lunga-per-donne-nere-con-onda-profonda-frontale-in-pizzo-13x6-ricci-naturali-e-mossi\/","title":{"rendered":"Parrucca riccia in capelli umani castano rossastro da 30 pollici, lunga, per donne nere, con onda profonda, frontale in pizzo 13&#215;6, ricci naturali e mossi"},"content":{"rendered":"<p style=\"text-align: center;\"><video style=\"max-width: 100%;\" src=\"\/\/video.aliexpress-media.com\/play\/u\/ae_sg_item\/2677562771\/p\/1\/e\/6\/t\/10301\/5000577842584.mp4\" poster=\"https:\/\/ae-pic-a1.aliexpress-media.com\/kf\/S6e3281f4c2f94c108c11215ae6351974h.jpg\" preload=\"auto\" controls=\"controls\" width=\"100%\" height=\"100%\"><\/video><\/p>\n<div>\n<div>\n<p id=\"tl_1\">D1: \u00c8 100% capelli umani?<\/p>\n<p><\/p>\n<p id=\"tl_2\">A: S\u00ec. Questa parrucca 13&#215;6 color castano rossiccio \u00e8 al 100% in capelli umani vergini, dall&#8217;aspetto naturale, piena e sana. Puoi verificarlo bruciandola: i capelli umani produrranno fumo bianco e si trasformeranno in cenere.<\/p>\n<p><\/p>\n<p id=\"tl_3\">D2: Lunghezza dei capelli?<\/p>\n<p><\/p>\n<p id=\"tl_4\">A: Tutte le nostre parrucche rispettano la densit\u00e0 e la lunghezza dichiarate. Controlleremo accuratamente i capelli e la lunghezza prima della spedizione. Prima di misurare i capelli, ti preghiamo di allungarli e poi misurarli dalla radice alle punte, invece di misurarli direttamente.<\/p>\n<p><\/p>\n<p id=\"tl_5\">D3: Odore dei capelli?<\/p>\n<p><\/p>\n<p id=\"tl_6\">A: I nostri capelli sono al 100% privi di sostanze chimiche, ma potrebbero avere un leggero odore di shampoo locale. In ogni caso, l&#8217;odore del tuo shampoo e balsamo si far\u00e0 sentire subito dopo il co-wash.<\/p>\n<p><\/p>\n<p id=\"tl_7\">Q4: Posso fare la parte laterale per questa parrucca anteriore in pizzo 5&#215;5 con onda profonda marrone rossastro?<\/p>\n<p><\/p>\n<p id=\"tl_8\">A: S\u00ec. Le nostre parrucche Glueless in capelli umani sono parrucche con lace front a riga libera, puoi scegliere la riga laterale, centrale o libera come preferisci.<\/p>\n<p><\/p>\n<p id=\"tl_9\">D5: Questa parrucca frontale in pizzo con onde d&#8217;acqua color Auburn presenter\u00e0 perdita di capelli?<\/p>\n<p><\/p>\n<p id=\"tl_10\">A: Poich\u00e9 le parrucche Copper Red Body Wave 5&#215;5 HD Lace Front sono gi\u00e0 state tinte, \u00e8 normale che possa verificarsi una certa perdita di capelli dopo una seconda decolorazione e tintura. Inoltre, poich\u00e9 questa parrucca castano-rossa \u00e8 una parrucca a onde profonde, si prega di utilizzare un pettine a denti larghi invece di uno a denti pi\u00f9 stretti durante la pettinatura. <img decoding=\"async\" slate-data-type=\"image\" src=\"\/\/ae-pic-a1.aliexpress-media.com\/kf\/S2a23424a713b4da3b5866a673b4b782fs.jpg\" \/> <img decoding=\"async\" slate-data-type=\"image\" src=\"\/\/ae-pic-a1.aliexpress-media.com\/kf\/S0d80dfa2e3fa49e6b680e9b166332aef2.jpg\" \/> <img decoding=\"async\" slate-data-type=\"image\" src=\"\/\/ae-pic-a1.aliexpress-media.com\/kf\/Se65c0338fd3b405bb908df5ce748941dz.jpg\" \/> <img decoding=\"async\" slate-data-type=\"image\" src=\"\/\/ae-pic-a1.aliexpress-media.com\/kf\/S12012e74cf934edda196a72f28484086E.jpg\" \/> <img decoding=\"async\" slate-data-type=\"image\" src=\"\/\/ae-pic-a1.aliexpress-media.com\/kf\/Sfcc4f691e1994f588c0eb3af63a94d329.jpg\" \/><\/p>\n<\/div>\n<\/div>\n","protected":false},"excerpt":{"rendered":"<p>D1: \u00c8 100% capelli umani? A: S\u00ec. Questa parrucca 13&#215;6 color castano rossiccio \u00e8 al 100% in capelli umani vergini, [&hellip;]<\/p>\n","protected":false},"featured_media":545204,"comment_status":"open","ping_status":"closed","template":"","meta":{"site-sidebar-layout":"default","site-content-layout":"","ast-site-content-layout":"default","site-content-style":"default","site-sidebar-style":"default","ast-global-header-display":"","ast-banner-title-visibility":"","ast-main-header-display":"","ast-hfb-above-header-display":"","ast-hfb-below-header-display":"","ast-hfb-mobile-header-display":"","site-post-title":"","ast-breadcrumbs-content":"","ast-featured-img":"","footer-sml-layout":"","ast-disable-related-posts":"","theme-transparent-header-meta":"","adv-header-id-meta":"","stick-header-meta":"","header-above-stick-meta":"","header-main-stick-meta":"","header-below-stick-meta":"","astra-migrate-meta-layouts":"default","ast-page-background-enabled":"default","ast-page-background-meta":{"desktop":{"background-color":"var(--ast-global-color-5)","background-image":"","background-repeat":"repeat","background-position":"center center","background-size":"auto","background-attachment":"scroll","background-type":"","background-media":"","overlay-type":"","overlay-color":"","overlay-opacity":"","overlay-gradient":""},"tablet":{"background-color":"","background-image":"","background-repeat":"repeat","background-position":"center center","background-size":"auto","background-attachment":"scroll","background-type":"","background-media":"","overlay-type":"","overlay-color":"","overlay-opacity":"","overlay-gradient":""},"mobile":{"background-color":"","background-image":"","background-repeat":"repeat","background-position":"center center","background-size":"auto","background-attachment":"scroll","background-type":"","background-media":"","overlay-type":"","overlay-color":"","overlay-opacity":"","overlay-gradient":""}},"ast-content-background-meta":{"desktop":{"background-color":"var(--ast-global-color-4)","background-image":"","background-repeat":"repeat","background-position":"center center","background-size":"auto","background-attachment":"scroll","background-type":"","background-media":"","overlay-type":"","overlay-color":"","overlay-opacity":"","overlay-gradient":""},"tablet":{"background-color":"var(--ast-global-color-4)","background-image":"","background-repeat":"repeat","background-position":"center center","background-size":"auto","background-attachment":"scroll","background-type":"","background-media":"","overlay-type":"","overlay-color":"","overlay-opacity":"","overlay-gradient":""},"mobile":{"background-color":"var(--ast-global-color-4)","background-image":"","background-repeat":"repeat","background-position":"center center","background-size":"auto","background-attachment":"scroll","background-type":"","background-media":"","overlay-type":"","overlay-color":"","overlay-opacity":"","overlay-gradient":""}}},"product_brand":[],"product_cat":[38352],"product_tag":[],"class_list":["post-545137","product","type-product","status-publish","has-post-thumbnail","product_cat-extension-capelli-parrucche-pizzo-umani","desktop-align-left","tablet-align-left","mobile-align-center","first","instock","sale","shipping-taxable","purchasable","product-type-variable"],"_links":{"self":[{"href":"https:\/\/vitacomoda.it\/bellezza\/wp-json\/wp\/v2\/product\/545137","targetHints":{"allow":["GET"]}}],"collection":[{"href":"https:\/\/vitacomoda.it\/bellezza\/wp-json\/wp\/v2\/product"}],"about":[{"href":"https:\/\/vitacomoda.it\/bellezza\/wp-json\/wp\/v2\/types\/product"}],"replies":[{"embeddable":true,"href":"https:\/\/vitacomoda.it\/bellezza\/wp-json\/wp\/v2\/comments?post=545137"}],"wp:featuredmedia":[{"embeddable":true,"href":"https:\/\/vitacomoda.it\/bellezza\/wp-json\/wp\/v2\/media\/545204"}],"wp:attachment":[{"href":"https:\/\/vitacomoda.it\/bellezza\/wp-json\/wp\/v2\/media?parent=545137"}],"wp:term":[{"taxonomy":"product_brand","embeddable":true,"href":"https:\/\/vitacomoda.it\/bellezza\/wp-json\/wp\/v2\/product_brand?post=545137"},{"taxonomy":"product_cat","embeddable":true,"href":"https:\/\/vitacomoda.it\/bellezza\/wp-json\/wp\/v2\/product_cat?post=545137"},{"taxonomy":"product_tag","embeddable":true,"href":"https:\/\/vitacomoda.it\/bellezza\/wp-json\/wp\/v2\/product_tag?post=545137"}],"curies":[{"name":"wp","href":"https:\/\/api.w.org\/{rel}","templated":true}]}}

<p style="text-align: center;"><video style="max-width: 100%;" src="//video.aliexpress-media.com/play/u/ae_sg_item/2677562771/p/1/e/6/t/10301/5000577842584.mp4" poster="https://ae-pic-a1.aliexpress-media.com/kf/S6e3281f4c2f94c108c11215ae6351974h.jpg" preload="auto" controls="controls" width="100%" height="100%"></video></p>
<div>
<div>
<p id="tl_1">D1: È 100% capelli umani?</p>
<p></p>
<p id="tl_2">A: Sì. Questa parrucca 13&#215;6 color castano rossiccio è al 100% in capelli umani vergini, dall&#8217;aspetto naturale, piena e sana. Puoi verificarlo bruciandola: i capelli umani produrranno fumo bianco e si trasformeranno in cenere.</p>
<p></p>
<p id="tl_3">D2: Lunghezza dei capelli?</p>
<p></p>
<p id="tl_4">A: Tutte le nostre parrucche rispettano la densità e la lunghezza dichiarate. Controlleremo accuratamente i capelli e la lunghezza prima della spedizione. Prima di misurare i capelli, ti preghiamo di allungarli e poi misurarli dalla radice alle punte, invece di misurarli direttamente.</p>
<p></p>
<p id="tl_5">D3: Odore dei capelli?</p>
<p></p>
<p id="tl_6">A: I nostri capelli sono al 100% privi di sostanze chimiche, ma potrebbero avere un leggero odore di shampoo locale. In ogni caso, l&#8217;odore del tuo shampoo e balsamo si farà sentire subito dopo il co-wash.</p>
<p></p>
<p id="tl_7">Q4: Posso fare la parte laterale per questa parrucca anteriore in pizzo 5&#215;5 con onda profonda marrone rossastro?</p>
<p></p>
<p id="tl_8">A: Sì. Le nostre parrucche Glueless in capelli umani sono parrucche con lace front a riga libera, puoi scegliere la riga laterale, centrale o libera come preferisci.</p>
<p></p>
<p id="tl_9">D5: Questa parrucca frontale in pizzo con onde d&#8217;acqua color Auburn presenterà perdita di capelli?</p>
<p></p>
<p id="tl_10">A: Poiché le parrucche Copper Red Body Wave 5&#215;5 HD Lace Front sono già state tinte, è normale che possa verificarsi una certa perdita di capelli dopo una seconda decolorazione e tintura. Inoltre, poiché questa parrucca castano-rossa è una parrucca a onde profonde, si prega di utilizzare un pettine a denti larghi invece di uno a denti più stretti durante la pettinatura. <img decoding="async" slate-data-type="image" src="//ae-pic-a1.aliexpress-media.com/kf/S2a23424a713b4da3b5866a673b4b782fs.jpg" /> <img decoding="async" slate-data-type="image" src="//ae-pic-a1.aliexpress-media.com/kf/S0d80dfa2e3fa49e6b680e9b166332aef2.jpg" /> <img decoding="async" slate-data-type="image" src="//ae-pic-a1.aliexpress-media.com/kf/Se65c0338fd3b405bb908df5ce748941dz.jpg" /> <img decoding="async" slate-data-type="image" src="//ae-pic-a1.aliexpress-media.com/kf/S12012e74cf934edda196a72f28484086E.jpg" /> <img decoding="async" slate-data-type="image" src="//ae-pic-a1.aliexpress-media.com/kf/Sfcc4f691e1994f588c0eb3af63a94d329.jpg" /></p>
</div>
</div>

<p>D1: È 100% capelli umani? A: Sì. Questa parrucca 13&#215;6 color castano rossiccio è al 100% in capelli umani vergini, [&hellip;]</p>
