{"id":563116,"date":"2026-08-28T10:27:46","date_gmt":"2026-08-28T08:27:46","guid":{"rendered":"https:\/\/vitacomoda.it\/casa\/prodotto\/1-pz-microfibra-asciugamani-per-asciugare-i-capelli-avvolgere-la-testa-con-fiocco-cuffia-per-la-doccia-turbante-per-capelli-hairwrap-cuffia-da-bagno-per-capelli-ricci-lunghi-e-bagnati-regalo\/"},"modified":"2026-08-28T10:28:42","modified_gmt":"2026-08-28T08:28:42","slug":"1-pz-microfibra-asciugamani-per-asciugare-i-capelli-avvolgere-la-testa-con-fiocco-cuffia-per-la-doccia-turbante-per-capelli-hairwrap-cuffia-da-bagno-per-capelli-ricci-lunghi-e-bagnati-regalo","status":"publish","type":"product","link":"https:\/\/vitacomoda.it\/bellezza\/prodotto\/1-pz-microfibra-asciugamani-per-asciugare-i-capelli-avvolgere-la-testa-con-fiocco-cuffia-per-la-doccia-turbante-per-capelli-hairwrap-cuffia-da-bagno-per-capelli-ricci-lunghi-e-bagnati-regalo\/","title":{"rendered":"1 pz microfibra asciugamani per asciugare i capelli avvolgere la testa con fiocco cuffia per la doccia turbante per capelli HairWrap cuffia da bagno per capelli ricci lunghi e bagnati regalo"},"content":{"rendered":"<div>\n<div>\n<p style=\"\n        font-family: 'Open Sans', sans-serif;\n        font-size: 14px;\n        font-weight: 400;\n        letter-spacing: normal;\n        line-height: inherit;\n        text-align: start;\n        white-space: normal;\n        color: rgb(0, 0, 0);\n        background-color: rgb(255, 255, 255);\n        margin: 0px;\n        margin-bottom: 0px;\n        margin-top: 0px;\n        margin-left: 0px;\n        margin-right: 0px;\n        padding: 0px;\n        padding-bottom: 0px;\n        padding-top: 0px;\n        padding-left: 0px;\n        padding-right: 0px;\n        box-sizing: border-box;\n      \" align=\"start\"> <span style=\"background-color: rgba(255, 255, 255, 255)\"><strong>\u2022 Materiale in microfibra :<\/strong><\/span><span style=\"background-color: rgba(255, 255, 255, 255)\">Realizzato in materiale in microfibra di alta qualit\u00e0, questo asciugamano per asciugare i capelli \u00e8 morbido, assorbente e delicato sui tuoi capelli.<\/span> <\/p>\n<p><\/p>\n<p style=\"\n        font-family: 'Open Sans', sans-serif;\n        font-size: 14px;\n        font-weight: 400;\n        letter-spacing: normal;\n        line-height: inherit;\n        text-align: start;\n        white-space: normal;\n        color: rgb(0, 0, 0);\n        background-color: rgb(255, 255, 255);\n        margin: 0px;\n        margin-bottom: 0px;\n        margin-top: 0px;\n        margin-left: 0px;\n        margin-right: 0px;\n        padding: 0px;\n        padding-bottom: 0px;\n        padding-top: 0px;\n        padding-left: 0px;\n        padding-right: 0px;\n        box-sizing: border-box;\n      \" align=\"start\"> <span style=\"background-color: rgba(255, 255, 255, 255)\"><strong>\u2022 Progettazione del baccello :<\/strong><\/span><span style=\"background-color: rgba(255, 255, 255, 255)\">Il design a fiocco aggiunge un tocco di eleganza alla tua pettinatura mentre asciughi i capelli.<\/span> <\/p>\n<p><\/p>\n<p style=\"\n        font-family: 'Open Sans', sans-serif;\n        font-size: 14px;\n        font-weight: 400;\n        letter-spacing: normal;\n        line-height: inherit;\n        text-align: start;\n        white-space: normal;\n        color: rgb(0, 0, 0);\n        background-color: rgb(255, 255, 255);\n        margin: 0px;\n        margin-bottom: 0px;\n        margin-top: 0px;\n        margin-left: 0px;\n        margin-right: 0px;\n        padding: 0px;\n        padding-bottom: 0px;\n        padding-top: 0px;\n        padding-left: 0px;\n        padding-right: 0px;\n        box-sizing: border-box;\n      \" align=\"start\"> <span style=\"background-color: rgba(255, 255, 255, 255)\"><strong>\u2022 Testa avvolgente e berretto da bagno :<\/strong><\/span><span style=\"background-color: rgba(255, 255, 255, 255)\">Questo prodotto funge sia da copricapo che da bagno, rendendolo un accessorio versatile per la tua routine quotidiana.<\/span> <\/p>\n<p><\/p>\n<p style=\"\n        font-family: 'Open Sans', sans-serif;\n        font-size: 14px;\n        font-weight: 400;\n        letter-spacing: normal;\n        line-height: inherit;\n        text-align: start;\n        white-space: normal;\n        color: rgb(0, 0, 0);\n        background-color: rgb(255, 255, 255);\n        margin: 0px;\n        margin-bottom: 0px;\n        margin-top: 0px;\n        margin-left: 0px;\n        margin-right: 0px;\n        padding: 0px;\n        padding-bottom: 0px;\n        padding-top: 0px;\n        padding-left: 0px;\n        padding-right: 0px;\n        box-sizing: border-box;\n      \" align=\"start\"> <span style=\"background-color: rgba(255, 255, 255, 255)\"><strong>\u2022 Adatto per i capelli ricci :<\/strong><\/span><span style=\"background-color: rgba(255, 255, 255, 255)\">L&#8217;asciugamano \u00e8 progettato per maneggiare i capelli ricci senza causare danni o crespi, garantendo un&#8217;esperienza di asciugatura liscia e facile.<\/span> <\/p>\n<p><\/p>\n<\/p><\/div>\n<\/p><\/div>\n<p>1Pc Asciugamani per Asciugare i Capelli in Microfibra Involucro di Testa con Berretto Berretto da Doccia Capelli Turbante per Capelli da Bagno per Ricci Lunghi Capelli Umidati Regalo<\/p>\n<p>Dimensioni: una dimensione regolabile si adatta a tutti<\/p>\n<p>Materiale: pile in microfibra<\/p>\n<p>Materiale di buona qualit\u00e0, Assorbire di pi\u00f9 e tenere pi\u00f9 a lungo.<\/p>\n<p>Colori: 4 colori per la scelta<\/p>\n<p><img decoding=\"async\" src=\"\/\/ae01.alicdn.com\/kf\/S36af50cc8c8f4619893840c61e6d1ec4N.jpg\" slate-data-type=\"image\"\/><img decoding=\"async\" src=\"\/\/ae01.alicdn.com\/kf\/Sfae03b70abb2462da1bfd905697bc8adj.jpg\" slate-data-type=\"image\"\/><img decoding=\"async\" src=\"\/\/ae01.alicdn.com\/kf\/S6bc2070be5014ce0934a5031bd49268eA.jpg\" slate-data-type=\"image\"\/><img decoding=\"async\" src=\"\/\/ae01.alicdn.com\/kf\/S78c346c7b22d4fa7bbce7074b2a59c68j.jpg\" slate-data-type=\"image\"\/><img decoding=\"async\" src=\"\/\/ae01.alicdn.com\/kf\/S637f839255224e6d8fdd4a0fb3a6c8ecc.jpg\" slate-data-type=\"image\"\/><\/p>\n","protected":false},"excerpt":{"rendered":"<p>\u2022 Materiale in microfibra :Realizzato in materiale in microfibra di alta qualit\u00e0, questo asciugamano per asciugare i capelli \u00e8 morbido, [&hellip;]<\/p>\n","protected":false},"featured_media":563121,"comment_status":"open","ping_status":"closed","template":"","meta":{"site-sidebar-layout":"default","site-content-layout":"","ast-site-content-layout":"default","site-content-style":"default","site-sidebar-style":"default","ast-global-header-display":"","ast-banner-title-visibility":"","ast-main-header-display":"","ast-hfb-above-header-display":"","ast-hfb-below-header-display":"","ast-hfb-mobile-header-display":"","site-post-title":"","ast-breadcrumbs-content":"","ast-featured-img":"","footer-sml-layout":"","ast-disable-related-posts":"","theme-transparent-header-meta":"","adv-header-id-meta":"","stick-header-meta":"","header-above-stick-meta":"","header-main-stick-meta":"","header-below-stick-meta":"","astra-migrate-meta-layouts":"default","ast-page-background-enabled":"default","ast-page-background-meta":{"desktop":{"background-color":"var(--ast-global-color-5)","background-image":"","background-repeat":"repeat","background-position":"center center","background-size":"auto","background-attachment":"scroll","background-type":"","background-media":"","overlay-type":"","overlay-color":"","overlay-opacity":"","overlay-gradient":""},"tablet":{"background-color":"","background-image":"","background-repeat":"repeat","background-position":"center center","background-size":"auto","background-attachment":"scroll","background-type":"","background-media":"","overlay-type":"","overlay-color":"","overlay-opacity":"","overlay-gradient":""},"mobile":{"background-color":"","background-image":"","background-repeat":"repeat","background-position":"center center","background-size":"auto","background-attachment":"scroll","background-type":"","background-media":"","overlay-type":"","overlay-color":"","overlay-opacity":"","overlay-gradient":""}},"ast-content-background-meta":{"desktop":{"background-color":"var(--ast-global-color-4)","background-image":"","background-repeat":"repeat","background-position":"center center","background-size":"auto","background-attachment":"scroll","background-type":"","background-media":"","overlay-type":"","overlay-color":"","overlay-opacity":"","overlay-gradient":""},"tablet":{"background-color":"var(--ast-global-color-4)","background-image":"","background-repeat":"repeat","background-position":"center center","background-size":"auto","background-attachment":"scroll","background-type":"","background-media":"","overlay-type":"","overlay-color":"","overlay-opacity":"","overlay-gradient":""},"mobile":{"background-color":"var(--ast-global-color-4)","background-image":"","background-repeat":"repeat","background-position":"center center","background-size":"auto","background-attachment":"scroll","background-type":"","background-media":"","overlay-type":"","overlay-color":"","overlay-opacity":"","overlay-gradient":""}}},"product_brand":[],"product_cat":[38350],"product_tag":[],"class_list":["post-563116","product","type-product","status-publish","has-post-thumbnail","product_cat-extension-capelli-parrucche-toupet-topper","desktop-align-left","tablet-align-left","mobile-align-center","first","instock","sale","shipping-taxable","purchasable","product-type-variable"],"_links":{"self":[{"href":"https:\/\/vitacomoda.it\/bellezza\/wp-json\/wp\/v2\/product\/563116","targetHints":{"allow":["GET"]}}],"collection":[{"href":"https:\/\/vitacomoda.it\/bellezza\/wp-json\/wp\/v2\/product"}],"about":[{"href":"https:\/\/vitacomoda.it\/bellezza\/wp-json\/wp\/v2\/types\/product"}],"replies":[{"embeddable":true,"href":"https:\/\/vitacomoda.it\/bellezza\/wp-json\/wp\/v2\/comments?post=563116"}],"wp:featuredmedia":[{"embeddable":true,"href":"https:\/\/vitacomoda.it\/bellezza\/wp-json\/wp\/v2\/media\/563121"}],"wp:attachment":[{"href":"https:\/\/vitacomoda.it\/bellezza\/wp-json\/wp\/v2\/media?parent=563116"}],"wp:term":[{"taxonomy":"product_brand","embeddable":true,"href":"https:\/\/vitacomoda.it\/bellezza\/wp-json\/wp\/v2\/product_brand?post=563116"},{"taxonomy":"product_cat","embeddable":true,"href":"https:\/\/vitacomoda.it\/bellezza\/wp-json\/wp\/v2\/product_cat?post=563116"},{"taxonomy":"product_tag","embeddable":true,"href":"https:\/\/vitacomoda.it\/bellezza\/wp-json\/wp\/v2\/product_tag?post=563116"}],"curies":[{"name":"wp","href":"https:\/\/api.w.org\/{rel}","templated":true}]}}

<div>
<div>
<p style="
        font-family: 'Open Sans', sans-serif;
        font-size: 14px;
        font-weight: 400;
        letter-spacing: normal;
        line-height: inherit;
        text-align: start;
        white-space: normal;
        color: rgb(0, 0, 0);
        background-color: rgb(255, 255, 255);
        margin: 0px;
        margin-bottom: 0px;
        margin-top: 0px;
        margin-left: 0px;
        margin-right: 0px;
        padding: 0px;
        padding-bottom: 0px;
        padding-top: 0px;
        padding-left: 0px;
        padding-right: 0px;
        box-sizing: border-box;
      " align="start"> <span style="background-color: rgba(255, 255, 255, 255)"><strong>• Materiale in microfibra :</strong></span><span style="background-color: rgba(255, 255, 255, 255)">Realizzato in materiale in microfibra di alta qualità, questo asciugamano per asciugare i capelli è morbido, assorbente e delicato sui tuoi capelli.</span> </p>
<p></p>
<p style="
        font-family: 'Open Sans', sans-serif;
        font-size: 14px;
        font-weight: 400;
        letter-spacing: normal;
        line-height: inherit;
        text-align: start;
        white-space: normal;
        color: rgb(0, 0, 0);
        background-color: rgb(255, 255, 255);
        margin: 0px;
        margin-bottom: 0px;
        margin-top: 0px;
        margin-left: 0px;
        margin-right: 0px;
        padding: 0px;
        padding-bottom: 0px;
        padding-top: 0px;
        padding-left: 0px;
        padding-right: 0px;
        box-sizing: border-box;
      " align="start"> <span style="background-color: rgba(255, 255, 255, 255)"><strong>• Progettazione del baccello :</strong></span><span style="background-color: rgba(255, 255, 255, 255)">Il design a fiocco aggiunge un tocco di eleganza alla tua pettinatura mentre asciughi i capelli.</span> </p>
<p></p>
<p style="
        font-family: 'Open Sans', sans-serif;
        font-size: 14px;
        font-weight: 400;
        letter-spacing: normal;
        line-height: inherit;
        text-align: start;
        white-space: normal;
        color: rgb(0, 0, 0);
        background-color: rgb(255, 255, 255);
        margin: 0px;
        margin-bottom: 0px;
        margin-top: 0px;
        margin-left: 0px;
        margin-right: 0px;
        padding: 0px;
        padding-bottom: 0px;
        padding-top: 0px;
        padding-left: 0px;
        padding-right: 0px;
        box-sizing: border-box;
      " align="start"> <span style="background-color: rgba(255, 255, 255, 255)"><strong>• Testa avvolgente e berretto da bagno :</strong></span><span style="background-color: rgba(255, 255, 255, 255)">Questo prodotto funge sia da copricapo che da bagno, rendendolo un accessorio versatile per la tua routine quotidiana.</span> </p>
<p></p>
<p style="
        font-family: 'Open Sans', sans-serif;
        font-size: 14px;
        font-weight: 400;
        letter-spacing: normal;
        line-height: inherit;
        text-align: start;
        white-space: normal;
        color: rgb(0, 0, 0);
        background-color: rgb(255, 255, 255);
        margin: 0px;
        margin-bottom: 0px;
        margin-top: 0px;
        margin-left: 0px;
        margin-right: 0px;
        padding: 0px;
        padding-bottom: 0px;
        padding-top: 0px;
        padding-left: 0px;
        padding-right: 0px;
        box-sizing: border-box;
      " align="start"> <span style="background-color: rgba(255, 255, 255, 255)"><strong>• Adatto per i capelli ricci :</strong></span><span style="background-color: rgba(255, 255, 255, 255)">L&#8217;asciugamano è progettato per maneggiare i capelli ricci senza causare danni o crespi, garantendo un&#8217;esperienza di asciugatura liscia e facile.</span> </p>
<p></p>
</p></div>
</p></div>
<p>1Pc Asciugamani per Asciugare i Capelli in Microfibra Involucro di Testa con Berretto Berretto da Doccia Capelli Turbante per Capelli da Bagno per Ricci Lunghi Capelli Umidati Regalo</p>
<p>Dimensioni: una dimensione regolabile si adatta a tutti</p>
<p>Materiale: pile in microfibra</p>
<p>Materiale di buona qualità, Assorbire di più e tenere più a lungo.</p>
<p>Colori: 4 colori per la scelta</p>
<p><img decoding="async" src="//ae01.alicdn.com/kf/S36af50cc8c8f4619893840c61e6d1ec4N.jpg" slate-data-type="image"/><img decoding="async" src="//ae01.alicdn.com/kf/Sfae03b70abb2462da1bfd905697bc8adj.jpg" slate-data-type="image"/><img decoding="async" src="//ae01.alicdn.com/kf/S6bc2070be5014ce0934a5031bd49268eA.jpg" slate-data-type="image"/><img decoding="async" src="//ae01.alicdn.com/kf/S78c346c7b22d4fa7bbce7074b2a59c68j.jpg" slate-data-type="image"/><img decoding="async" src="//ae01.alicdn.com/kf/S637f839255224e6d8fdd4a0fb3a6c8ecc.jpg" slate-data-type="image"/></p>

<p>• Materiale in microfibra :Realizzato in materiale in microfibra di alta qualità, questo asciugamano per asciugare i capelli è morbido, [&hellip;]</p>
