{"id":570812,"date":"2026-08-28T11:21:12","date_gmt":"2026-08-28T09:21:12","guid":{"rendered":"https:\/\/vitacomoda.it\/casa\/prodotto\/tintura-dei-capelli-cap-hook-pennello-colorazione-evidenziazione-glassa-di-ribaltamento-della-copertura-della-protezione-pro-hair-salon-cura-strumenti-per-lo-styling-2-pz-set\/"},"modified":"2026-08-28T11:21:15","modified_gmt":"2026-08-28T09:21:15","slug":"tintura-dei-capelli-cap-hook-pennello-colorazione-evidenziazione-glassa-di-ribaltamento-della-copertura-della-protezione-pro-hair-salon-cura-strumenti-per-lo-styling-2-pz-set","status":"publish","type":"product","link":"https:\/\/vitacomoda.it\/bellezza\/prodotto\/tintura-dei-capelli-cap-hook-pennello-colorazione-evidenziazione-glassa-di-ribaltamento-della-copertura-della-protezione-pro-hair-salon-cura-strumenti-per-lo-styling-2-pz-set\/","title":{"rendered":"Tintura dei capelli Cap + Hook Pennello Colorazione Evidenziazione Glassa di Ribaltamento Della Copertura Della Protezione Pro Hair Salon Cura Strumenti Per Lo Styling 2 pz\/set"},"content":{"rendered":"<div>\n<div>\n<\/p>\n<div>\n <strong><span style=\"font-family: trebuchet ms , helvetica , sans-serif;\"><span style=\"font-size: 18.0px;\">2 pz\/set Tintura Dei Capelli Cap + Hook Pennello Colorazione Evidenziazione Glassa di Ribaltamento Della Copertura Della Protezione Pro Hair Salon Cura Strumenti Per Lo Styling<\/span><\/span><\/strong>\n<\/div>\n<div><\/div>\n<div>\n <strong><span style=\"color: #ff0000;\"><span style=\"font-family: trebuchet ms , helvetica , sans-serif;\"><span style=\"font-size: 18.0px;\">Specifica:<\/span><\/span><\/span><\/strong>\n<\/div>\n<div><\/div>\n<div>\n <span style=\"font-family: trebuchet ms , helvetica , sans-serif;\"><span style=\"font-size: 18.0px;\">L&#8217; high-end di parrucchiere evidenziatore tappo \u00e8 realizzato in materiali di alta qualit\u00e0, con pregevole fattura, morbido e resistente, facile da pulire, di alta qualit\u00e0 e basso prezzo, qualit\u00e0 eccellente, progettato per anziano parrucchieri.<\/span><\/span>\n<\/div>\n<div><\/div>\n<div>\n <span style=\"font-family: trebuchet ms , helvetica , sans-serif;\"><span style=\"font-size: 18.0px;\">Colore: Trasparente con puntini<\/span><\/span>\n<\/div>\n<div>\n <span style=\"font-family: trebuchet ms , helvetica , sans-serif;\"><span style=\"font-size: 18.0px;\">Materiale: PE + PVC<\/span><\/span>\n<\/div>\n<div>\n <span style=\"font-family: trebuchet ms , helvetica , sans-serif;\"><span style=\"font-size: 18.0px;\">Vestito per: Capelli Salone di Tintura<\/span><\/span>\n<\/div>\n<div>\n <span style=\"font-family: trebuchet ms , helvetica , sans-serif;\"><span style=\"font-size: 18.0px;\">Formato di cappello: 27.5 cm x 9 cm\/10.73&#215;3.51 &#8220;(Un formato misura tutti)<\/span><\/span>\n<\/div>\n<div>\n <span style=\"font-family: trebuchet ms , helvetica , sans-serif;\"><span style=\"font-size: 18.0px;\">Lunghezza Del gancio: 12 cm\/4.68&#8243;<\/span><\/span>\n<\/div>\n<div>\n <span style=\"font-family: trebuchet ms , helvetica , sans-serif;\"><span style=\"font-size: 18.0px;\">Peso: circa 27g<\/span><\/span>\n<\/div>\n<div><\/div>\n<div>\n <span style=\"font-family: trebuchet ms , helvetica , sans-serif;\"><span style=\"font-size: 18.0px;\">Metodo: Mettere sui capelli dye cap glassa nella tua testa, e utilizzare il gancio di plastica per tirare i capelli attraverso perforazioni.<\/span><\/span>\n<\/div>\n<div><\/div>\n<div>\n <span style=\"font-family: trebuchet ms , helvetica , sans-serif;\"><span style=\"font-size: 18.0px;\">Cornici e articoli da esposizione includono:<\/span><\/span>\n<\/div>\n<div>\n <span style=\"font-family: trebuchet ms , helvetica , sans-serif;\"><span style=\"font-size: 18.0px;\">1 x protezione dei capelli<\/span><\/span>\n<\/div>\n<div>\n <span style=\"font-family: trebuchet ms , helvetica , sans-serif;\"><span style=\"font-size: 18.0px;\">1 x gancio di plastica<\/span><\/span>\n<\/div>\n<div><\/div>\n<div>\n <span style=\"font-family: trebuchet ms , helvetica , sans-serif;\"><span style=\"font-size: 18.0px;\">Nota:<\/span><\/span>\n<\/div>\n<div>\n <span style=\"font-family: trebuchet ms , helvetica , sans-serif;\"><span style=\"font-size: 18.0px;\">Transizione: 1 cm = 10mm = 0.39 pollici<\/span><\/span>\n<\/div>\n<div>\n <span style=\"font-family: trebuchet ms , helvetica , sans-serif;\"><span style=\"font-size: 18.0px;\">Con il pacchetto di vendita al dettaglio.<\/span><\/span>\n<\/div>\n<div>\n <span style=\"font-family: trebuchet ms , helvetica , sans-serif;\"><span style=\"font-size: 18.0px;\">Si prega di consentire errore di 1-2 cm dovuto la misura manuale. Pls assicurarsi che non ti dispiaccia prima di fare un&#8217;offerta.<\/span><\/span>\n<\/div>\n<div>\n <span style=\"font-family: trebuchet ms , helvetica , sans-serif;\"><span style=\"font-size: 18.0px;\">A causa della differenza fra i monitor differenti, l&#8217;immagine non pu\u00f2 riflettere il colore reale dell&#8217;articolo. Grazie!<\/span><\/span>\n<\/div>\n<div>\n <span style=\"font-family: trebuchet ms , helvetica , sans-serif;\"><span style=\"font-size: 18.0px;\"><img decoding=\"async\" src=\"\/\/ae01.alicdn.com\/kf\/HTB1vlpLbs_vK1RkSmRyq6xwupXav.jpg\" \/><img decoding=\"async\" src=\"\/\/ae01.alicdn.com\/kf\/HTB1Ft8HbyDxK1RjSsphq6zHrpXa3.jpg\" \/><img decoding=\"async\" src=\"\/\/ae01.alicdn.com\/kf\/HTB1HH4HbEvrK1RjSszfq6xJNVXaJ.jpg\" \/><img decoding=\"async\" src=\"\/\/ae01.alicdn.com\/kf\/HTB16f8FbsvrK1Rjy0Feq6ATmVXaW.jpg\" \/><img decoding=\"async\" src=\"\/\/ae01.alicdn.com\/kf\/HTB15CVLbzzuK1RjSsppq6xz0XXa6.jpg\" \/><img decoding=\"async\" src=\"\/\/ae01.alicdn.com\/kf\/HTB1eotIbELrK1Rjy1zbq6AenFXa4.jpg\" \/><img decoding=\"async\" src=\"\/\/ae01.alicdn.com\/kf\/HTB1dC8KbxrvK1RjSszeq6yObFXaK.jpg\" \/><img decoding=\"async\" src=\"\/\/ae01.alicdn.com\/kf\/HTB1B3XFbsvrK1Rjy0Feq6ATmVXap.jpg\" \/><img decoding=\"async\" src=\"\/\/ae01.alicdn.com\/kf\/HTB14NhHbynrK1RjSsziq6xptpXab.jpg\" \/><\/span><\/span>\n<\/div>\n<div><\/div>\n<\/div>\n<\/div>\n","protected":false},"excerpt":{"rendered":"<p>2 pz\/set Tintura Dei Capelli Cap + Hook Pennello Colorazione Evidenziazione Glassa di Ribaltamento Della Copertura Della Protezione Pro Hair [&hellip;]<\/p>\n","protected":false},"featured_media":570813,"comment_status":"open","ping_status":"closed","template":"","meta":{"site-sidebar-layout":"default","site-content-layout":"","ast-site-content-layout":"default","site-content-style":"default","site-sidebar-style":"default","ast-global-header-display":"","ast-banner-title-visibility":"","ast-main-header-display":"","ast-hfb-above-header-display":"","ast-hfb-below-header-display":"","ast-hfb-mobile-header-display":"","site-post-title":"","ast-breadcrumbs-content":"","ast-featured-img":"","footer-sml-layout":"","ast-disable-related-posts":"","theme-transparent-header-meta":"","adv-header-id-meta":"","stick-header-meta":"","header-above-stick-meta":"","header-main-stick-meta":"","header-below-stick-meta":"","astra-migrate-meta-layouts":"default","ast-page-background-enabled":"default","ast-page-background-meta":{"desktop":{"background-color":"var(--ast-global-color-5)","background-image":"","background-repeat":"repeat","background-position":"center center","background-size":"auto","background-attachment":"scroll","background-type":"","background-media":"","overlay-type":"","overlay-color":"","overlay-opacity":"","overlay-gradient":""},"tablet":{"background-color":"","background-image":"","background-repeat":"repeat","background-position":"center center","background-size":"auto","background-attachment":"scroll","background-type":"","background-media":"","overlay-type":"","overlay-color":"","overlay-opacity":"","overlay-gradient":""},"mobile":{"background-color":"","background-image":"","background-repeat":"repeat","background-position":"center center","background-size":"auto","background-attachment":"scroll","background-type":"","background-media":"","overlay-type":"","overlay-color":"","overlay-opacity":"","overlay-gradient":""}},"ast-content-background-meta":{"desktop":{"background-color":"var(--ast-global-color-4)","background-image":"","background-repeat":"repeat","background-position":"center center","background-size":"auto","background-attachment":"scroll","background-type":"","background-media":"","overlay-type":"","overlay-color":"","overlay-opacity":"","overlay-gradient":""},"tablet":{"background-color":"var(--ast-global-color-4)","background-image":"","background-repeat":"repeat","background-position":"center center","background-size":"auto","background-attachment":"scroll","background-type":"","background-media":"","overlay-type":"","overlay-color":"","overlay-opacity":"","overlay-gradient":""},"mobile":{"background-color":"var(--ast-global-color-4)","background-image":"","background-repeat":"repeat","background-position":"center center","background-size":"auto","background-attachment":"scroll","background-type":"","background-media":"","overlay-type":"","overlay-color":"","overlay-opacity":"","overlay-gradient":""}}},"product_brand":[],"product_cat":[38350],"product_tag":[],"class_list":["post-570812","product","type-product","status-publish","has-post-thumbnail","product_cat-extension-capelli-parrucche-toupet-topper","desktop-align-left","tablet-align-left","mobile-align-center","first","instock","sale","shipping-taxable","purchasable","product-type-simple"],"_links":{"self":[{"href":"https:\/\/vitacomoda.it\/bellezza\/wp-json\/wp\/v2\/product\/570812","targetHints":{"allow":["GET"]}}],"collection":[{"href":"https:\/\/vitacomoda.it\/bellezza\/wp-json\/wp\/v2\/product"}],"about":[{"href":"https:\/\/vitacomoda.it\/bellezza\/wp-json\/wp\/v2\/types\/product"}],"replies":[{"embeddable":true,"href":"https:\/\/vitacomoda.it\/bellezza\/wp-json\/wp\/v2\/comments?post=570812"}],"wp:featuredmedia":[{"embeddable":true,"href":"https:\/\/vitacomoda.it\/bellezza\/wp-json\/wp\/v2\/media\/570813"}],"wp:attachment":[{"href":"https:\/\/vitacomoda.it\/bellezza\/wp-json\/wp\/v2\/media?parent=570812"}],"wp:term":[{"taxonomy":"product_brand","embeddable":true,"href":"https:\/\/vitacomoda.it\/bellezza\/wp-json\/wp\/v2\/product_brand?post=570812"},{"taxonomy":"product_cat","embeddable":true,"href":"https:\/\/vitacomoda.it\/bellezza\/wp-json\/wp\/v2\/product_cat?post=570812"},{"taxonomy":"product_tag","embeddable":true,"href":"https:\/\/vitacomoda.it\/bellezza\/wp-json\/wp\/v2\/product_tag?post=570812"}],"curies":[{"name":"wp","href":"https:\/\/api.w.org\/{rel}","templated":true}]}}

<div>
<div>
</p>
<div>
 <strong><span style="font-family: trebuchet ms , helvetica , sans-serif;"><span style="font-size: 18.0px;">2 pz/set Tintura Dei Capelli Cap + Hook Pennello Colorazione Evidenziazione Glassa di Ribaltamento Della Copertura Della Protezione Pro Hair Salon Cura Strumenti Per Lo Styling</span></span></strong>
</div>
<div></div>
<div>
 <strong><span style="color: #ff0000;"><span style="font-family: trebuchet ms , helvetica , sans-serif;"><span style="font-size: 18.0px;">Specifica:</span></span></span></strong>
</div>
<div></div>
<div>
 <span style="font-family: trebuchet ms , helvetica , sans-serif;"><span style="font-size: 18.0px;">L&#8217; high-end di parrucchiere evidenziatore tappo è realizzato in materiali di alta qualità, con pregevole fattura, morbido e resistente, facile da pulire, di alta qualità e basso prezzo, qualità eccellente, progettato per anziano parrucchieri.</span></span>
</div>
<div></div>
<div>
 <span style="font-family: trebuchet ms , helvetica , sans-serif;"><span style="font-size: 18.0px;">Colore: Trasparente con puntini</span></span>
</div>
<div>
 <span style="font-family: trebuchet ms , helvetica , sans-serif;"><span style="font-size: 18.0px;">Materiale: PE + PVC</span></span>
</div>
<div>
 <span style="font-family: trebuchet ms , helvetica , sans-serif;"><span style="font-size: 18.0px;">Vestito per: Capelli Salone di Tintura</span></span>
</div>
<div>
 <span style="font-family: trebuchet ms , helvetica , sans-serif;"><span style="font-size: 18.0px;">Formato di cappello: 27.5 cm x 9 cm/10.73&#215;3.51 &#8220;(Un formato misura tutti)</span></span>
</div>
<div>
 <span style="font-family: trebuchet ms , helvetica , sans-serif;"><span style="font-size: 18.0px;">Lunghezza Del gancio: 12 cm/4.68&#8243;</span></span>
</div>
<div>
 <span style="font-family: trebuchet ms , helvetica , sans-serif;"><span style="font-size: 18.0px;">Peso: circa 27g</span></span>
</div>
<div></div>
<div>
 <span style="font-family: trebuchet ms , helvetica , sans-serif;"><span style="font-size: 18.0px;">Metodo: Mettere sui capelli dye cap glassa nella tua testa, e utilizzare il gancio di plastica per tirare i capelli attraverso perforazioni.</span></span>
</div>
<div></div>
<div>
 <span style="font-family: trebuchet ms , helvetica , sans-serif;"><span style="font-size: 18.0px;">Cornici e articoli da esposizione includono:</span></span>
</div>
<div>
 <span style="font-family: trebuchet ms , helvetica , sans-serif;"><span style="font-size: 18.0px;">1 x protezione dei capelli</span></span>
</div>
<div>
 <span style="font-family: trebuchet ms , helvetica , sans-serif;"><span style="font-size: 18.0px;">1 x gancio di plastica</span></span>
</div>
<div></div>
<div>
 <span style="font-family: trebuchet ms , helvetica , sans-serif;"><span style="font-size: 18.0px;">Nota:</span></span>
</div>
<div>
 <span style="font-family: trebuchet ms , helvetica , sans-serif;"><span style="font-size: 18.0px;">Transizione: 1 cm = 10mm = 0.39 pollici</span></span>
</div>
<div>
 <span style="font-family: trebuchet ms , helvetica , sans-serif;"><span style="font-size: 18.0px;">Con il pacchetto di vendita al dettaglio.</span></span>
</div>
<div>
 <span style="font-family: trebuchet ms , helvetica , sans-serif;"><span style="font-size: 18.0px;">Si prega di consentire errore di 1-2 cm dovuto la misura manuale. Pls assicurarsi che non ti dispiaccia prima di fare un&#8217;offerta.</span></span>
</div>
<div>
 <span style="font-family: trebuchet ms , helvetica , sans-serif;"><span style="font-size: 18.0px;">A causa della differenza fra i monitor differenti, l&#8217;immagine non può riflettere il colore reale dell&#8217;articolo. Grazie!</span></span>
</div>
<div>
 <span style="font-family: trebuchet ms , helvetica , sans-serif;"><span style="font-size: 18.0px;"><img decoding="async" src="//ae01.alicdn.com/kf/HTB1vlpLbs_vK1RkSmRyq6xwupXav.jpg" /><img decoding="async" src="//ae01.alicdn.com/kf/HTB1Ft8HbyDxK1RjSsphq6zHrpXa3.jpg" /><img decoding="async" src="//ae01.alicdn.com/kf/HTB1HH4HbEvrK1RjSszfq6xJNVXaJ.jpg" /><img decoding="async" src="//ae01.alicdn.com/kf/HTB16f8FbsvrK1Rjy0Feq6ATmVXaW.jpg" /><img decoding="async" src="//ae01.alicdn.com/kf/HTB15CVLbzzuK1RjSsppq6xz0XXa6.jpg" /><img decoding="async" src="//ae01.alicdn.com/kf/HTB1eotIbELrK1Rjy1zbq6AenFXa4.jpg" /><img decoding="async" src="//ae01.alicdn.com/kf/HTB1dC8KbxrvK1RjSszeq6yObFXaK.jpg" /><img decoding="async" src="//ae01.alicdn.com/kf/HTB1B3XFbsvrK1Rjy0Feq6ATmVXap.jpg" /><img decoding="async" src="//ae01.alicdn.com/kf/HTB14NhHbynrK1RjSsziq6xptpXab.jpg" /></span></span>
</div>
<div></div>
</div>
</div>
