{"id":445318,"date":"2026-08-27T16:46:06","date_gmt":"2026-08-27T14:46:06","guid":{"rendered":"https:\/\/vitacomoda.it\/casa\/prodotto\/chiusura-in-capelli-umani-brasiliani-loose-wave-4x4-con-pizzo-svizzero-6-20-pollici-100-remy-tre-parti\/"},"modified":"2026-08-27T16:48:06","modified_gmt":"2026-08-27T14:48:06","slug":"chiusura-in-capelli-umani-brasiliani-loose-wave-4x4-con-pizzo-svizzero-6-20-pollici-100-remy-tre-parti","status":"publish","type":"product","link":"https:\/\/vitacomoda.it\/casa\/prodotto\/chiusura-in-capelli-umani-brasiliani-loose-wave-4x4-con-pizzo-svizzero-6-20-pollici-100-remy-tre-parti\/","title":{"rendered":"Chiusura in Capelli Umani Brasiliani Loose Wave 4&#215;4 con Pizzo Svizzero, 6-20 Pollici, 100% Remy, Tre Parti"},"content":{"rendered":"<div>\n<div>\n<div  id=\"tl_1\">\n Tipo: chiusura a onda sciolta<br \/>\n <br \/>Colore dei capelli: #1B<br \/>\n <br \/>Trama dei capelli: doppia trama a macchina<br \/>\n <br \/>Vantaggi dei Capelli: Inodore, Senza Perdita, Senza Grovigli<br \/>\n <br \/>Tipo di pizzo: chiusura in tre parti<br \/>\n <br \/>Dimensioni del pizzo: chiusura in pizzo 4&#215;4<br \/>\n <br \/>Materiale dei capelli: chiusura dei capelli umani<br \/>\n <br \/>Lunghezza dei capelli: 6-18 pollici Disponibile in magazzino\n<\/div>\n<div>\n<div>\n  <img decoding=\"async\" src=\"\/\/ae01.alicdn.com\/kf\/H90492a69fc4143f589bac741475a01f3P.jpg\" slate-data-type=\"image\" \/><br \/>\n  <img decoding=\"async\" src=\"\/\/ae01.alicdn.com\/kf\/H40867693f3024bf6bedc1a45ec07288bw.jpg\" slate-data-type=\"image\" \/><br \/>\n  <img decoding=\"async\" src=\"\/\/ae01.alicdn.com\/kf\/H227857a0646d433ab556656c3557ba7fi.jpg\" slate-data-type=\"image\" \/><br \/>\n  <img decoding=\"async\" src=\"\/\/ae01.alicdn.com\/kf\/H5eb53759e8ae4a86be34a9b44287ef0di.jpg\" slate-data-type=\"image\" \/><br \/>\n  <img decoding=\"async\" src=\"\/\/ae01.alicdn.com\/kf\/H9e8a16097e054dbba549f77655dd4f6bz.jpg\" slate-data-type=\"image\" \/><br \/>\n  <img decoding=\"async\" src=\"\/\/ae01.alicdn.com\/kf\/H8f39f73dd96b4627bc9f31b39b6d1707L.jpg\" slate-data-type=\"image\" \/><br \/>\n  <img decoding=\"async\" src=\"\/\/ae01.alicdn.com\/kf\/H4ccd73cacedc4ae2b4d794cbec3a37f7X.jpg\" slate-data-type=\"image\" \/><br \/>\n  <img decoding=\"async\" src=\"\/\/ae01.alicdn.com\/kf\/H61cb45959e264671b7d5f96242abd937f.jpg\" slate-data-type=\"image\" \/><br \/>\n  <img decoding=\"async\" src=\"\/\/ae01.alicdn.com\/kf\/H7146a28b594c4f1bae83e4da31b14143g.jpg\" slate-data-type=\"image\" \/><br \/>\n  <img decoding=\"async\" src=\"\/\/ae01.alicdn.com\/kf\/H0fc41ebf283b4a5b8526087af18973b4v.jpg\" slate-data-type=\"image\" \/>\n <\/div>\n<\/div>\n<div>\n<p style=\"font-family:OpenSans;font-size:14px;font-weight:300;line-height:20px;white-space:pre-wrap;color:rgb(0, 0, 0);margin-bottom:12px\"  id=\"tl_2\">Posso tingere i capelli? A cosa devo prestare attenzione? <br \/>A: Tutti i nostri capelli possono essere tinti del colore che desideri, tranne il #613, ma \u00e8 necessario farlo in modo professionale per ottenere il colore esatto senza danneggiare i capelli. Poich\u00e9 i capelli umani tendono a seccarsi facilmente dopo essere stati prelevati dal donatore, evita di tingere o acconciare i capelli troppo frequentemente, poich\u00e9 ci\u00f2 potrebbe danneggiarli gravemente! <\/p>\n<p>Perch\u00e9 le mie extension per capelli si aggrovigliano? <br \/>A: Le tue extension per capelli possono annodarsi a causa di secchezza, accumulo di olio e sporco, acqua salata, cloro e della mancata pettinatura quotidiana (con un pettine a denti larghi). Assicurati di lavare e applicare il balsamo sui tuoi capelli almeno una volta a settimana, meglio se due volte. Usa gocce idratanti o consulta il tuo parrucchiere per ulteriore aiuto. <\/p>\n<p>Perch\u00e9 ci sono capelli grigi nel mio fascio di capelli? <br \/>A: I capelli vergini non tinti possono contenere alcuni fili grigi o doppie punte, \u00e8 normale e non \u00e8 un problema di qualit\u00e0. Solitamente raccogliamo i capelli con cura durante la produzione, ma non possiamo garantire al 100% l&#8217;assenza di capelli grigi o doppie punte; vi preghiamo di comprendere e rimuovere voi stessi i pochi fili presenti. Grazie mille per la vostra comprensione! <\/p>\n<p>I capelli possono essere arricciati e stirati? <br \/>A: Sono capelli umani, quindi possono essere arricciati e stirati con la piastra. Per favore, non superare i 150\u00b0C, altrimenti i capelli si danneggeranno. Inoltre, i capelli torneranno alla loro naturale ondulazione dopo il lavaggio o lo stiramento. <\/p>\n<p>Lascia un feedback a 5 stelle! Se hai domande sui capelli, contattaci prima. Un feedback negativo non risolve nulla. <\/p>\n<\/div>\n<p><\/div>\n<\/div>\n","protected":false},"excerpt":{"rendered":"<p>Tipo: chiusura a onda sciolta Colore dei capelli: #1B Trama dei capelli: doppia trama a macchina Vantaggi dei Capelli: Inodore, [&hellip;]<\/p>\n","protected":false},"featured_media":445326,"comment_status":"open","ping_status":"closed","template":"","meta":{"site-sidebar-layout":"default","site-content-layout":"","ast-site-content-layout":"default","site-content-style":"default","site-sidebar-style":"default","ast-global-header-display":"","ast-banner-title-visibility":"","ast-main-header-display":"","ast-hfb-above-header-display":"","ast-hfb-below-header-display":"","ast-hfb-mobile-header-display":"","site-post-title":"","ast-breadcrumbs-content":"","ast-featured-img":"","footer-sml-layout":"","ast-disable-related-posts":"","theme-transparent-header-meta":"","adv-header-id-meta":"","stick-header-meta":"","header-above-stick-meta":"","header-main-stick-meta":"","header-below-stick-meta":"","astra-migrate-meta-layouts":"default","ast-page-background-enabled":"default","ast-page-background-meta":{"desktop":{"background-color":"var(--ast-global-color-5)","background-image":"","background-repeat":"repeat","background-position":"center center","background-size":"auto","background-attachment":"scroll","background-type":"","background-media":"","overlay-type":"","overlay-color":"","overlay-opacity":"","overlay-gradient":""},"tablet":{"background-color":"","background-image":"","background-repeat":"repeat","background-position":"center center","background-size":"auto","background-attachment":"scroll","background-type":"","background-media":"","overlay-type":"","overlay-color":"","overlay-opacity":"","overlay-gradient":""},"mobile":{"background-color":"","background-image":"","background-repeat":"repeat","background-position":"center center","background-size":"auto","background-attachment":"scroll","background-type":"","background-media":"","overlay-type":"","overlay-color":"","overlay-opacity":"","overlay-gradient":""}},"ast-content-background-meta":{"desktop":{"background-color":"var(--ast-global-color-4)","background-image":"","background-repeat":"repeat","background-position":"center center","background-size":"auto","background-attachment":"scroll","background-type":"","background-media":"","overlay-type":"","overlay-color":"","overlay-opacity":"","overlay-gradient":""},"tablet":{"background-color":"var(--ast-global-color-4)","background-image":"","background-repeat":"repeat","background-position":"center center","background-size":"auto","background-attachment":"scroll","background-type":"","background-media":"","overlay-type":"","overlay-color":"","overlay-opacity":"","overlay-gradient":""},"mobile":{"background-color":"var(--ast-global-color-4)","background-image":"","background-repeat":"repeat","background-position":"center center","background-size":"auto","background-attachment":"scroll","background-type":"","background-media":"","overlay-type":"","overlay-color":"","overlay-opacity":"","overlay-gradient":""}}},"product_brand":[],"product_cat":[38341],"product_tag":[],"class_list":["post-445318","product","type-product","status-publish","has-post-thumbnail","product_cat-extension-capelli-parrucche-chiusure-pizzo-frontali","desktop-align-left","tablet-align-left","mobile-align-center","first","instock","sale","shipping-taxable","purchasable","product-type-variable"],"_links":{"self":[{"href":"https:\/\/vitacomoda.it\/casa\/wp-json\/wp\/v2\/product\/445318","targetHints":{"allow":["GET"]}}],"collection":[{"href":"https:\/\/vitacomoda.it\/casa\/wp-json\/wp\/v2\/product"}],"about":[{"href":"https:\/\/vitacomoda.it\/casa\/wp-json\/wp\/v2\/types\/product"}],"replies":[{"embeddable":true,"href":"https:\/\/vitacomoda.it\/casa\/wp-json\/wp\/v2\/comments?post=445318"}],"wp:featuredmedia":[{"embeddable":true,"href":"https:\/\/vitacomoda.it\/casa\/wp-json\/wp\/v2\/media\/445326"}],"wp:attachment":[{"href":"https:\/\/vitacomoda.it\/casa\/wp-json\/wp\/v2\/media?parent=445318"}],"wp:term":[{"taxonomy":"product_brand","embeddable":true,"href":"https:\/\/vitacomoda.it\/casa\/wp-json\/wp\/v2\/product_brand?post=445318"},{"taxonomy":"product_cat","embeddable":true,"href":"https:\/\/vitacomoda.it\/casa\/wp-json\/wp\/v2\/product_cat?post=445318"},{"taxonomy":"product_tag","embeddable":true,"href":"https:\/\/vitacomoda.it\/casa\/wp-json\/wp\/v2\/product_tag?post=445318"}],"curies":[{"name":"wp","href":"https:\/\/api.w.org\/{rel}","templated":true}]}}

<div>
<div>
<div  id="tl_1">
 Tipo: chiusura a onda sciolta<br />
 <br />Colore dei capelli: #1B<br />
 <br />Trama dei capelli: doppia trama a macchina<br />
 <br />Vantaggi dei Capelli: Inodore, Senza Perdita, Senza Grovigli<br />
 <br />Tipo di pizzo: chiusura in tre parti<br />
 <br />Dimensioni del pizzo: chiusura in pizzo 4&#215;4<br />
 <br />Materiale dei capelli: chiusura dei capelli umani<br />
 <br />Lunghezza dei capelli: 6-18 pollici Disponibile in magazzino
</div>
<div>
<div>
  <img decoding="async" src="//ae01.alicdn.com/kf/H90492a69fc4143f589bac741475a01f3P.jpg" slate-data-type="image" /><br />
  <img decoding="async" src="//ae01.alicdn.com/kf/H40867693f3024bf6bedc1a45ec07288bw.jpg" slate-data-type="image" /><br />
  <img decoding="async" src="//ae01.alicdn.com/kf/H227857a0646d433ab556656c3557ba7fi.jpg" slate-data-type="image" /><br />
  <img decoding="async" src="//ae01.alicdn.com/kf/H5eb53759e8ae4a86be34a9b44287ef0di.jpg" slate-data-type="image" /><br />
  <img decoding="async" src="//ae01.alicdn.com/kf/H9e8a16097e054dbba549f77655dd4f6bz.jpg" slate-data-type="image" /><br />
  <img decoding="async" src="//ae01.alicdn.com/kf/H8f39f73dd96b4627bc9f31b39b6d1707L.jpg" slate-data-type="image" /><br />
  <img decoding="async" src="//ae01.alicdn.com/kf/H4ccd73cacedc4ae2b4d794cbec3a37f7X.jpg" slate-data-type="image" /><br />
  <img decoding="async" src="//ae01.alicdn.com/kf/H61cb45959e264671b7d5f96242abd937f.jpg" slate-data-type="image" /><br />
  <img decoding="async" src="//ae01.alicdn.com/kf/H7146a28b594c4f1bae83e4da31b14143g.jpg" slate-data-type="image" /><br />
  <img decoding="async" src="//ae01.alicdn.com/kf/H0fc41ebf283b4a5b8526087af18973b4v.jpg" slate-data-type="image" />
 </div>
</div>
<div>
<p style="font-family:OpenSans;font-size:14px;font-weight:300;line-height:20px;white-space:pre-wrap;color:rgb(0, 0, 0);margin-bottom:12px"  id="tl_2">Posso tingere i capelli? A cosa devo prestare attenzione? <br />A: Tutti i nostri capelli possono essere tinti del colore che desideri, tranne il #613, ma è necessario farlo in modo professionale per ottenere il colore esatto senza danneggiare i capelli. Poiché i capelli umani tendono a seccarsi facilmente dopo essere stati prelevati dal donatore, evita di tingere o acconciare i capelli troppo frequentemente, poiché ciò potrebbe danneggiarli gravemente! </p>
<p>Perché le mie extension per capelli si aggrovigliano? <br />A: Le tue extension per capelli possono annodarsi a causa di secchezza, accumulo di olio e sporco, acqua salata, cloro e della mancata pettinatura quotidiana (con un pettine a denti larghi). Assicurati di lavare e applicare il balsamo sui tuoi capelli almeno una volta a settimana, meglio se due volte. Usa gocce idratanti o consulta il tuo parrucchiere per ulteriore aiuto. </p>
<p>Perché ci sono capelli grigi nel mio fascio di capelli? <br />A: I capelli vergini non tinti possono contenere alcuni fili grigi o doppie punte, è normale e non è un problema di qualità. Solitamente raccogliamo i capelli con cura durante la produzione, ma non possiamo garantire al 100% l&#8217;assenza di capelli grigi o doppie punte; vi preghiamo di comprendere e rimuovere voi stessi i pochi fili presenti. Grazie mille per la vostra comprensione! </p>
<p>I capelli possono essere arricciati e stirati? <br />A: Sono capelli umani, quindi possono essere arricciati e stirati con la piastra. Per favore, non superare i 150°C, altrimenti i capelli si danneggeranno. Inoltre, i capelli torneranno alla loro naturale ondulazione dopo il lavaggio o lo stiramento. </p>
<p>Lascia un feedback a 5 stelle! Se hai domande sui capelli, contattaci prima. Un feedback negativo non risolve nulla. </p>
</div>
<p></div>
</div>
