{"id":466671,"date":"2026-08-27T19:34:01","date_gmt":"2026-08-27T17:34:01","guid":{"rendered":"https:\/\/vitacomoda.it\/casa\/prodotto\/capelli-umani-al-100-sfusi-senza-trama-remy-vietnam-capelli-lisci-fasci-di-capelli-neri-naturali-reali-613-biondi-30-pollici-per-intrecciare\/"},"modified":"2026-08-27T19:34:57","modified_gmt":"2026-08-27T17:34:57","slug":"capelli-umani-al-100-sfusi-senza-trama-remy-vietnam-capelli-lisci-fasci-di-capelli-neri-naturali-reali-613-biondi-30-pollici-per-intrecciare","status":"publish","type":"product","link":"https:\/\/vitacomoda.it\/casa\/prodotto\/capelli-umani-al-100-sfusi-senza-trama-remy-vietnam-capelli-lisci-fasci-di-capelli-neri-naturali-reali-613-biondi-30-pollici-per-intrecciare\/","title":{"rendered":"Capelli umani al 100% sfusi senza trama Remy Vietnam capelli lisci fasci di capelli neri naturali reali 613 biondi 30 pollici per intrecciare"},"content":{"rendered":"<p style=\"text-align: center;\"><video style=\"max-width: 100%;\" src=\"\/\/video.aliexpress-media.com\/play\/u\/ae_sg_item\/6000069980\/p\/1\/e\/6\/t\/10301\/5000229280077.mp4\" poster=\"https:\/\/ae-pic-a1.aliexpress-media.com\/kf\/S5b009f1142224d068f6c4c2cdab261bcQ.jpg\" preload=\"auto\" controls=\"controls\" width=\"100%\" height=\"100%\"><\/video><\/p>\n<div>\n<div>\n<p style=\"text-align:center\" align=\"center\"><img decoding=\"async\" src=\"\/\/ae01.alicdn.com\/kf\/Sc30b36e2e2cf4a2e8f3bf3463f6e9c1ap.jpg\" slate-data-type=\"image\" \/><\/p>\n<p><\/p>\n<p style=\"text-align:left\" align=\"left\"><span style=\"color:rgb(211, 49, 21);font-size:22px;font-family:arial, helvetica, sans-serif\"><strong id=\"tl_1\">Perch\u00e9 sceglierci?<\/strong><\/span><\/p>\n<p><\/p>\n<p style=\"text-align:left\"  align=\"left\"><span style=\"font-size:18px;font-family:tahoma, geneva, sans-serif\" id=\"tl_2\">1.Shinehain Hair \u00e8 un fornitore nel campo dei capelli umani in grado di ricercare, progettare, produrre e vendere prodotti di bellezza per capelli.Abbiamo la nostra fabbrica di capelli che dispone di un produttore professionale con alta tecnologia e lavoratori ricchi di esperienze.Ci dedichiamo alla produzione di capelli umani di alta qualit\u00e0.<\/span><\/p>\n<p style=\"text-align:left\"  align=\"left\"><span style=\"font-size:18px;font-family:tahoma, geneva, sans-serif\" id=\"tl_3\">Le nostre parrucche sono tutte di alta qualit\u00e0 e a un prezzo ragionevole, se vuoi acquistare una parrucca di capelli umani, il nostro negozio \u00e8 sempre la scelta migliore.<\/span><\/p>\n<p><span style=\"font-size:18px;font-family:tahoma, geneva, sans-serif\" id=\"tl_4\">2. Tutti i capelli sono capelli umani al 100%, senza peli sintetici e animali misti, sono facili da pettinare, potrebbero durare a lungo con la cura adeguata.<\/span><\/p>\n<p style=\"text-align:center\"  align=\"center\"><img loading=\"lazy\" decoding=\"async\" width=\"944\" height=\"944\" src=\"\/\/ae01.alicdn.com\/kf\/S3074a1078f4648c89e589c6ff76ade57d.jpg\" slate-data-type=\"image\" \/><\/p>\n<p style=\"text-align:center\"  align=\"center\"><img decoding=\"async\" src=\"\/\/ae01.alicdn.com\/kf\/S87e7cb866d484e7e9fa36d42d4efd6d9z.jpg\" slate-data-type=\"image\" \/><img decoding=\"async\" src=\"\/\/ae01.alicdn.com\/kf\/S871a895756ff4047b431873ab8e8e0ba4.jpg\" slate-data-type=\"image\" \/><img decoding=\"async\" src=\"\/\/ae01.alicdn.com\/kf\/S0894cd890f104dccbeadf38c0a3c04b9X.jpg\" slate-data-type=\"image\" \/><img decoding=\"async\" src=\"\/\/ae01.alicdn.com\/kf\/Scb691bcbf3db4bde8351830791f67f5e4.jpg\" slate-data-type=\"image\" \/><img decoding=\"async\" src=\"\/\/ae01.alicdn.com\/kf\/S5f756f332a834c2c8d5f4e0601eee680C.jpg\" slate-data-type=\"image\" \/><img decoding=\"async\" src=\"\/\/ae01.alicdn.com\/kf\/Sbaf1e9b82ef04428b706fe4ea1e7cd27V.jpg\" slate-data-type=\"image\" \/><img decoding=\"async\" src=\"\/\/ae01.alicdn.com\/kf\/S4bb26a5e067d435bbbad237a18747ba41.jpg\" slate-data-type=\"image\" \/><\/p>\n<p style=\"text-align:center\" align=\"center\"><img decoding=\"async\" src=\"\/\/ae01.alicdn.com\/kf\/S48e41f9c0496489d920338146271d05fR.jpg\" slate-data-type=\"image\" \/><\/p>\n<p style=\"text-align:center\" align=\"center\"><span style=\"color:rgb(211, 49, 21);font-size:20px;font-family:arial, helvetica, sans-serif\"><strong id=\"tl_5\">Domande frequenti sui pacchi di capelli umani con trama diritta<\/strong><\/span><\/p>\n<p><\/p>\n<p><span style=\"font-size:18px;font-family:tahoma, geneva, sans-serif\" id=\"tl_6\">Q1: Sono fasci di capelli umani al 100%?<\/span><\/p>\n<p><span style=\"font-size:18px;font-family:tahoma, geneva, sans-serif\" id=\"tl_7\">R: S\u00ec.Promettiamo di utilizzare solo capelli umani al 100%.Nessuna fibra, nessun pelo di animale<\/span><\/p>\n<p><span style=\"font-size:18px;font-family:tahoma, geneva, sans-serif\" id=\"tl_8\">Q2: Quanto dura questi capelli?<\/span><\/p>\n<p><span style=\"font-size:18px;font-family:tahoma, geneva, sans-serif\" id=\"tl_9\">R: Trattali come i tuoi capelli e prenditi cura di loro, i capelli durano pi\u00f9 di 6-12 mesi. I materiali per capelli di alta qualit\u00e0 e la manutenzione delicata fanno durare pi\u00f9 a lungo i prodotti per capelli.<\/span><\/p>\n<p><span style=\"font-size:18px;font-family:tahoma, geneva, sans-serif\" id=\"tl_10\">Q3: I fasci di capelli lisci possono essere tinti e colorati?<\/span><\/p>\n<p><span style=\"font-size:18px;font-family:tahoma, geneva, sans-serif\" id=\"tl_11\">R: S\u00ec, i nostri capelli sono al 100% umani e possono essere tinti\/decolorati\/saltati\/con permanentati\/restylati. Si prega di applicare un condizionamento profondo o oliare i capelli correttamente per mantenerli sani, lucenti e affascinanti dopo la tintura.<\/span><\/p>\n<p><span style=\"font-size:18px;font-family:tahoma, geneva, sans-serif\" id=\"tl_12\">Q4: Ha un odore di capelli lisci?<\/span><\/p>\n<p><span style=\"font-size:18px;font-family:tahoma, geneva, sans-serif\" id=\"tl_13\">R: Nessun cattivo odore, 100% privo di sostanze chimiche, forniamo solo capelli umani vergini sani e confortevoli per le donne.<\/span><\/p>\n<p><span style=\"font-size:18px;font-family:tahoma, geneva, sans-serif\" id=\"tl_14\">Q5: Quando posso usare questi capelli lisci?<\/span><\/p>\n<p><span style=\"font-size:18px;font-family:tahoma, geneva, sans-serif\" id=\"tl_15\">R: I capelli lisci sono adatti a molte occasioni, in feste, compleanni, appuntamenti, lauree, celebrazioni, matrimoni, vacanze e vita quotidiana, i capelli Qanlynny ti renderanno pi\u00f9 elegante, sicura e bella.<\/span><img decoding=\"async\" src=\"\/\/ae01.alicdn.com\/kf\/S8e34a6b3c0294ccfaf7c4e5dd3191d83O.jpg\" slate-data-type=\"image\" \/><img decoding=\"async\" src=\"\/\/ae01.alicdn.com\/kf\/S9224c951dfb542d8b0557946d5379c10v.jpg\" slate-data-type=\"image\" \/><img decoding=\"async\" src=\"\/\/ae01.alicdn.com\/kf\/Saed78ae4df8e406baa702c0a4dfe96cbO.jpg\" slate-data-type=\"image\" \/><\/p>\n<\/div>\n<\/div>\n","protected":false},"excerpt":{"rendered":"<p>Perch\u00e9 sceglierci? 1.Shinehain Hair \u00e8 un fornitore nel campo dei capelli umani in grado di ricercare, progettare, produrre e vendere [&hellip;]<\/p>\n","protected":false},"featured_media":466924,"comment_status":"open","ping_status":"closed","template":"","meta":{"site-sidebar-layout":"default","site-content-layout":"","ast-site-content-layout":"default","site-content-style":"default","site-sidebar-style":"default","ast-global-header-display":"","ast-banner-title-visibility":"","ast-main-header-display":"","ast-hfb-above-header-display":"","ast-hfb-below-header-display":"","ast-hfb-mobile-header-display":"","site-post-title":"","ast-breadcrumbs-content":"","ast-featured-img":"","footer-sml-layout":"","ast-disable-related-posts":"","theme-transparent-header-meta":"","adv-header-id-meta":"","stick-header-meta":"","header-above-stick-meta":"","header-main-stick-meta":"","header-below-stick-meta":"","astra-migrate-meta-layouts":"default","ast-page-background-enabled":"default","ast-page-background-meta":{"desktop":{"background-color":"var(--ast-global-color-5)","background-image":"","background-repeat":"repeat","background-position":"center center","background-size":"auto","background-attachment":"scroll","background-type":"","background-media":"","overlay-type":"","overlay-color":"","overlay-opacity":"","overlay-gradient":""},"tablet":{"background-color":"","background-image":"","background-repeat":"repeat","background-position":"center center","background-size":"auto","background-attachment":"scroll","background-type":"","background-media":"","overlay-type":"","overlay-color":"","overlay-opacity":"","overlay-gradient":""},"mobile":{"background-color":"","background-image":"","background-repeat":"repeat","background-position":"center center","background-size":"auto","background-attachment":"scroll","background-type":"","background-media":"","overlay-type":"","overlay-color":"","overlay-opacity":"","overlay-gradient":""}},"ast-content-background-meta":{"desktop":{"background-color":"var(--ast-global-color-4)","background-image":"","background-repeat":"repeat","background-position":"center center","background-size":"auto","background-attachment":"scroll","background-type":"","background-media":"","overlay-type":"","overlay-color":"","overlay-opacity":"","overlay-gradient":""},"tablet":{"background-color":"var(--ast-global-color-4)","background-image":"","background-repeat":"repeat","background-position":"center center","background-size":"auto","background-attachment":"scroll","background-type":"","background-media":"","overlay-type":"","overlay-color":"","overlay-opacity":"","overlay-gradient":""},"mobile":{"background-color":"var(--ast-global-color-4)","background-image":"","background-repeat":"repeat","background-position":"center center","background-size":"auto","background-attachment":"scroll","background-type":"","background-media":"","overlay-type":"","overlay-color":"","overlay-opacity":"","overlay-gradient":""}}},"product_brand":[],"product_cat":[38342],"product_tag":[],"class_list":["post-466671","product","type-product","status-publish","has-post-thumbnail","product_cat-extension-capelli-parrucche-capelli-veri-tessitura","desktop-align-left","tablet-align-left","mobile-align-center","first","instock","sale","shipping-taxable","purchasable","product-type-variable"],"_links":{"self":[{"href":"https:\/\/vitacomoda.it\/casa\/wp-json\/wp\/v2\/product\/466671","targetHints":{"allow":["GET"]}}],"collection":[{"href":"https:\/\/vitacomoda.it\/casa\/wp-json\/wp\/v2\/product"}],"about":[{"href":"https:\/\/vitacomoda.it\/casa\/wp-json\/wp\/v2\/types\/product"}],"replies":[{"embeddable":true,"href":"https:\/\/vitacomoda.it\/casa\/wp-json\/wp\/v2\/comments?post=466671"}],"wp:featuredmedia":[{"embeddable":true,"href":"https:\/\/vitacomoda.it\/casa\/wp-json\/wp\/v2\/media\/466924"}],"wp:attachment":[{"href":"https:\/\/vitacomoda.it\/casa\/wp-json\/wp\/v2\/media?parent=466671"}],"wp:term":[{"taxonomy":"product_brand","embeddable":true,"href":"https:\/\/vitacomoda.it\/casa\/wp-json\/wp\/v2\/product_brand?post=466671"},{"taxonomy":"product_cat","embeddable":true,"href":"https:\/\/vitacomoda.it\/casa\/wp-json\/wp\/v2\/product_cat?post=466671"},{"taxonomy":"product_tag","embeddable":true,"href":"https:\/\/vitacomoda.it\/casa\/wp-json\/wp\/v2\/product_tag?post=466671"}],"curies":[{"name":"wp","href":"https:\/\/api.w.org\/{rel}","templated":true}]}}

<p style="text-align: center;"><video style="max-width: 100%;" src="//video.aliexpress-media.com/play/u/ae_sg_item/6000069980/p/1/e/6/t/10301/5000229280077.mp4" poster="https://ae-pic-a1.aliexpress-media.com/kf/S5b009f1142224d068f6c4c2cdab261bcQ.jpg" preload="auto" controls="controls" width="100%" height="100%"></video></p>
<div>
<div>
<p style="text-align:center" align="center"><img decoding="async" src="//ae01.alicdn.com/kf/Sc30b36e2e2cf4a2e8f3bf3463f6e9c1ap.jpg" slate-data-type="image" /></p>
<p></p>
<p style="text-align:left" align="left"><span style="color:rgb(211, 49, 21);font-size:22px;font-family:arial, helvetica, sans-serif"><strong id="tl_1">Perché sceglierci?</strong></span></p>
<p></p>
<p style="text-align:left"  align="left"><span style="font-size:18px;font-family:tahoma, geneva, sans-serif" id="tl_2">1.Shinehain Hair è un fornitore nel campo dei capelli umani in grado di ricercare, progettare, produrre e vendere prodotti di bellezza per capelli.Abbiamo la nostra fabbrica di capelli che dispone di un produttore professionale con alta tecnologia e lavoratori ricchi di esperienze.Ci dedichiamo alla produzione di capelli umani di alta qualità.</span></p>
<p style="text-align:left"  align="left"><span style="font-size:18px;font-family:tahoma, geneva, sans-serif" id="tl_3">Le nostre parrucche sono tutte di alta qualità e a un prezzo ragionevole, se vuoi acquistare una parrucca di capelli umani, il nostro negozio è sempre la scelta migliore.</span></p>
<p><span style="font-size:18px;font-family:tahoma, geneva, sans-serif" id="tl_4">2. Tutti i capelli sono capelli umani al 100%, senza peli sintetici e animali misti, sono facili da pettinare, potrebbero durare a lungo con la cura adeguata.</span></p>
<p style="text-align:center"  align="center"><img loading="lazy" decoding="async" width="944" height="944" src="//ae01.alicdn.com/kf/S3074a1078f4648c89e589c6ff76ade57d.jpg" slate-data-type="image" /></p>
<p style="text-align:center"  align="center"><img decoding="async" src="//ae01.alicdn.com/kf/S87e7cb866d484e7e9fa36d42d4efd6d9z.jpg" slate-data-type="image" /><img decoding="async" src="//ae01.alicdn.com/kf/S871a895756ff4047b431873ab8e8e0ba4.jpg" slate-data-type="image" /><img decoding="async" src="//ae01.alicdn.com/kf/S0894cd890f104dccbeadf38c0a3c04b9X.jpg" slate-data-type="image" /><img decoding="async" src="//ae01.alicdn.com/kf/Scb691bcbf3db4bde8351830791f67f5e4.jpg" slate-data-type="image" /><img decoding="async" src="//ae01.alicdn.com/kf/S5f756f332a834c2c8d5f4e0601eee680C.jpg" slate-data-type="image" /><img decoding="async" src="//ae01.alicdn.com/kf/Sbaf1e9b82ef04428b706fe4ea1e7cd27V.jpg" slate-data-type="image" /><img decoding="async" src="//ae01.alicdn.com/kf/S4bb26a5e067d435bbbad237a18747ba41.jpg" slate-data-type="image" /></p>
<p style="text-align:center" align="center"><img decoding="async" src="//ae01.alicdn.com/kf/S48e41f9c0496489d920338146271d05fR.jpg" slate-data-type="image" /></p>
<p style="text-align:center" align="center"><span style="color:rgb(211, 49, 21);font-size:20px;font-family:arial, helvetica, sans-serif"><strong id="tl_5">Domande frequenti sui pacchi di capelli umani con trama diritta</strong></span></p>
<p></p>
<p><span style="font-size:18px;font-family:tahoma, geneva, sans-serif" id="tl_6">Q1: Sono fasci di capelli umani al 100%?</span></p>
<p><span style="font-size:18px;font-family:tahoma, geneva, sans-serif" id="tl_7">R: Sì.Promettiamo di utilizzare solo capelli umani al 100%.Nessuna fibra, nessun pelo di animale</span></p>
<p><span style="font-size:18px;font-family:tahoma, geneva, sans-serif" id="tl_8">Q2: Quanto dura questi capelli?</span></p>
<p><span style="font-size:18px;font-family:tahoma, geneva, sans-serif" id="tl_9">R: Trattali come i tuoi capelli e prenditi cura di loro, i capelli durano più di 6-12 mesi. I materiali per capelli di alta qualità e la manutenzione delicata fanno durare più a lungo i prodotti per capelli.</span></p>
<p><span style="font-size:18px;font-family:tahoma, geneva, sans-serif" id="tl_10">Q3: I fasci di capelli lisci possono essere tinti e colorati?</span></p>
<p><span style="font-size:18px;font-family:tahoma, geneva, sans-serif" id="tl_11">R: Sì, i nostri capelli sono al 100% umani e possono essere tinti/decolorati/saltati/con permanentati/restylati. Si prega di applicare un condizionamento profondo o oliare i capelli correttamente per mantenerli sani, lucenti e affascinanti dopo la tintura.</span></p>
<p><span style="font-size:18px;font-family:tahoma, geneva, sans-serif" id="tl_12">Q4: Ha un odore di capelli lisci?</span></p>
<p><span style="font-size:18px;font-family:tahoma, geneva, sans-serif" id="tl_13">R: Nessun cattivo odore, 100% privo di sostanze chimiche, forniamo solo capelli umani vergini sani e confortevoli per le donne.</span></p>
<p><span style="font-size:18px;font-family:tahoma, geneva, sans-serif" id="tl_14">Q5: Quando posso usare questi capelli lisci?</span></p>
<p><span style="font-size:18px;font-family:tahoma, geneva, sans-serif" id="tl_15">R: I capelli lisci sono adatti a molte occasioni, in feste, compleanni, appuntamenti, lauree, celebrazioni, matrimoni, vacanze e vita quotidiana, i capelli Qanlynny ti renderanno più elegante, sicura e bella.</span><img decoding="async" src="//ae01.alicdn.com/kf/S8e34a6b3c0294ccfaf7c4e5dd3191d83O.jpg" slate-data-type="image" /><img decoding="async" src="//ae01.alicdn.com/kf/S9224c951dfb542d8b0557946d5379c10v.jpg" slate-data-type="image" /><img decoding="async" src="//ae01.alicdn.com/kf/Saed78ae4df8e406baa702c0a4dfe96cbO.jpg" slate-data-type="image" /></p>
</div>
</div>

<p>Perché sceglierci? 1.Shinehain Hair è un fornitore nel campo dei capelli umani in grado di ricercare, progettare, produrre e vendere [&hellip;]</p>
