{"id":687195,"date":"2026-08-14T10:18:07","date_gmt":"2026-08-14T10:18:07","guid":{"rendered":"https:\/\/vitacomoda.it\/?post_type=product&#038;p=853866"},"modified":"2026-08-27T18:53:26","modified_gmt":"2026-08-27T18:53:26","slug":"10-pennarelli-neri-impermeabili-punta-spessa-a-base-dolio-di-grande-capacita-non-sbiadisce-adatti-per-luso-logistico-multiuso-u853866","status":"publish","type":"product","link":"https:\/\/vitacomoda.it\/casa\/prodotto\/10-pennarelli-neri-impermeabili-punta-spessa-a-base-dolio-di-grande-capacita-non-sbiadisce-adatti-per-luso-logistico-multiuso-u853866\/","title":{"rendered":"10 pennarelli neri impermeabili, punta spessa a base d&#8217;olio di grande capacit\u00e0, non sbiadisce, adatti per l&#8217;uso logistico multiuso"},"content":{"rendered":"<div>\n<div>\n<div>\n<div>\n<p id=\"tl_1\">Nota: <br \/>Perch\u00e9 la comprensione di ogni persona sulla colore \u00e8 diversa e il cellulare o il software del computer \u00e8 <br \/>A causa delle diverse impostazioni dello schermo, potrebbero esserci leggere differenze di colore. Si prega di considerare il colore reale del prodotto ricevuto come riferimento. <br \/>o standard <br \/>A causa della misurazione manuale, si prega di consentire una differenza di 0,5-1 cm e assicurarsi che non ti dispiaccia <br \/>prima di effettuare l&#8217;ordine. Per favore comprenda, grazie! <img decoding=\"async\" slate-data-type=\"image\" src=\"\/\/ae-pic-a1.aliexpress-media.com\/kf\/Sb6aae2d44be64892ba4f854b9b02e0fcp.jpg\" \/> <img decoding=\"async\" slate-data-type=\"image\" src=\"\/\/ae-pic-a1.aliexpress-media.com\/kf\/S4e9216a26928485b8d732e006cc34478C.jpg\" \/> <img decoding=\"async\" slate-data-type=\"image\" src=\"\/\/ae-pic-a1.aliexpress-media.com\/kf\/S302d2eccf6ca4efca0225eaf4c7795cc5.jpg\" \/> <img decoding=\"async\" slate-data-type=\"image\" src=\"\/\/ae-pic-a1.aliexpress-media.com\/kf\/Se752bff6eae445a6ad71592c45795ce0b.jpg\" \/> <img decoding=\"async\" slate-data-type=\"image\" src=\"\/\/ae-pic-a1.aliexpress-media.com\/kf\/Sc3ca36fce59e4596855e18b8edc06cfcS.jpg\" \/><\/p>\n<\/p><\/div>\n<\/div>\n<p><\/div>\n<\/div>\n","protected":false},"excerpt":{"rendered":"<p>Nota: Perch\u00e9 la comprensione di ogni persona sulla colore \u00e8 diversa e il cellulare o il software del computer \u00e8 [&hellip;]<\/p>\n","protected":false},"featured_media":687189,"comment_status":"open","ping_status":"closed","template":"","meta":{"site-sidebar-layout":"default","site-content-layout":"","ast-site-content-layout":"default","site-content-style":"default","site-sidebar-style":"default","ast-global-header-display":"","ast-banner-title-visibility":"","ast-main-header-display":"","ast-hfb-above-header-display":"","ast-hfb-below-header-display":"","ast-hfb-mobile-header-display":"","site-post-title":"","ast-breadcrumbs-content":"","ast-featured-img":"","footer-sml-layout":"","ast-disable-related-posts":"","theme-transparent-header-meta":"","adv-header-id-meta":"","stick-header-meta":"","header-above-stick-meta":"","header-main-stick-meta":"","header-below-stick-meta":"","astra-migrate-meta-layouts":"default","ast-page-background-enabled":"default","ast-page-background-meta":{"desktop":{"background-color":"var(--ast-global-color-5)","background-image":"","background-repeat":"repeat","background-position":"center center","background-size":"auto","background-attachment":"scroll","background-type":"","background-media":"","overlay-type":"","overlay-color":"","overlay-opacity":"","overlay-gradient":""},"tablet":{"background-color":"","background-image":"","background-repeat":"repeat","background-position":"center center","background-size":"auto","background-attachment":"scroll","background-type":"","background-media":"","overlay-type":"","overlay-color":"","overlay-opacity":"","overlay-gradient":""},"mobile":{"background-color":"","background-image":"","background-repeat":"repeat","background-position":"center center","background-size":"auto","background-attachment":"scroll","background-type":"","background-media":"","overlay-type":"","overlay-color":"","overlay-opacity":"","overlay-gradient":""}},"ast-content-background-meta":{"desktop":{"background-color":"var(--ast-global-color-4)","background-image":"","background-repeat":"repeat","background-position":"center center","background-size":"auto","background-attachment":"scroll","background-type":"","background-media":"","overlay-type":"","overlay-color":"","overlay-opacity":"","overlay-gradient":""},"tablet":{"background-color":"var(--ast-global-color-4)","background-image":"","background-repeat":"repeat","background-position":"center center","background-size":"auto","background-attachment":"scroll","background-type":"","background-media":"","overlay-type":"","overlay-color":"","overlay-opacity":"","overlay-gradient":""},"mobile":{"background-color":"var(--ast-global-color-4)","background-image":"","background-repeat":"repeat","background-position":"center center","background-size":"auto","background-attachment":"scroll","background-type":"","background-media":"","overlay-type":"","overlay-color":"","overlay-opacity":"","overlay-gradient":""}}},"product_brand":[],"product_cat":[62259,19],"product_tag":[],"class_list":["post-687195","product","type-product","status-publish","has-post-thumbnail","product_cat-forniture-ufficio-scuola-penne-matite-pennarelli","product_cat-tutti-i-prodotti","desktop-align-left","tablet-align-left","mobile-align-center","first","instock","shipping-taxable","purchasable","product-type-simple"],"_links":{"self":[{"href":"https:\/\/vitacomoda.it\/casa\/wp-json\/wp\/v2\/product\/687195","targetHints":{"allow":["GET"]}}],"collection":[{"href":"https:\/\/vitacomoda.it\/casa\/wp-json\/wp\/v2\/product"}],"about":[{"href":"https:\/\/vitacomoda.it\/casa\/wp-json\/wp\/v2\/types\/product"}],"replies":[{"embeddable":true,"href":"https:\/\/vitacomoda.it\/casa\/wp-json\/wp\/v2\/comments?post=687195"}],"wp:featuredmedia":[{"embeddable":true,"href":"https:\/\/vitacomoda.it\/casa\/wp-json\/wp\/v2\/media\/687189"}],"wp:attachment":[{"href":"https:\/\/vitacomoda.it\/casa\/wp-json\/wp\/v2\/media?parent=687195"}],"wp:term":[{"taxonomy":"product_brand","embeddable":true,"href":"https:\/\/vitacomoda.it\/casa\/wp-json\/wp\/v2\/product_brand?post=687195"},{"taxonomy":"product_cat","embeddable":true,"href":"https:\/\/vitacomoda.it\/casa\/wp-json\/wp\/v2\/product_cat?post=687195"},{"taxonomy":"product_tag","embeddable":true,"href":"https:\/\/vitacomoda.it\/casa\/wp-json\/wp\/v2\/product_tag?post=687195"}],"curies":[{"name":"wp","href":"https:\/\/api.w.org\/{rel}","templated":true}]}}

10 pennarelli neri impermeabili, punta spessa a base d&#8217;olio di grande capacità, non sbiadisce, adatti per l&#8217;uso logistico multiuso

<div>
<div>
<div>
<div>
<p id="tl_1">Nota: <br />Perché la comprensione di ogni persona sulla colore è diversa e il cellulare o il software del computer è <br />A causa delle diverse impostazioni dello schermo, potrebbero esserci leggere differenze di colore. Si prega di considerare il colore reale del prodotto ricevuto come riferimento. <br />o standard <br />A causa della misurazione manuale, si prega di consentire una differenza di 0,5-1 cm e assicurarsi che non ti dispiaccia <br />prima di effettuare l&#8217;ordine. Per favore comprenda, grazie! <img decoding="async" slate-data-type="image" src="//ae-pic-a1.aliexpress-media.com/kf/Sb6aae2d44be64892ba4f854b9b02e0fcp.jpg" /> <img decoding="async" slate-data-type="image" src="//ae-pic-a1.aliexpress-media.com/kf/S4e9216a26928485b8d732e006cc34478C.jpg" /> <img decoding="async" slate-data-type="image" src="//ae-pic-a1.aliexpress-media.com/kf/S302d2eccf6ca4efca0225eaf4c7795cc5.jpg" /> <img decoding="async" slate-data-type="image" src="//ae-pic-a1.aliexpress-media.com/kf/Se752bff6eae445a6ad71592c45795ce0b.jpg" /> <img decoding="async" slate-data-type="image" src="//ae-pic-a1.aliexpress-media.com/kf/Sc3ca36fce59e4596855e18b8edc06cfcS.jpg" /></p>
</p></div>
</div>
<p></div>
</div>

<p>Nota: Perché la comprensione di ogni persona sulla colore è diversa e il cellulare o il software del computer è [&hellip;]</p>
