{"id":711332,"date":"2026-08-14T13:07:06","date_gmt":"2026-08-14T13:07:06","guid":{"rendered":"https:\/\/vitacomoda.it\/?post_type=product&#038;p=883202"},"modified":"2026-08-28T00:36:12","modified_gmt":"2026-08-28T00:36:12","slug":"portapenne-creativo-in-legno-ornamenti-per-archiviazione-desktop-da-ufficio-arredamento-minimalista-forniture-per-ufficio-scatola-di-immagazzinaggio-multifunzione-u883202","status":"publish","type":"product","link":"https:\/\/vitacomoda.it\/casa\/prodotto\/portapenne-creativo-in-legno-ornamenti-per-archiviazione-desktop-da-ufficio-arredamento-minimalista-forniture-per-ufficio-scatola-di-immagazzinaggio-multifunzione-u883202\/","title":{"rendered":"Portapenne creativo in legno Ornamenti per archiviazione desktop da ufficio Arredamento minimalista Forniture per ufficio Scatola di immagazzinaggio multifunzione"},"content":{"rendered":"<div>\n<div>\n<div>\n<div>\n<div>\n<div><\/div>\n<p style=\"margin-left:auto;margin-right:auto\" id=\"tl_1\">Specifiche del prodotto: <br \/> Materiale: Noce nero\/Legno di faggio <br \/> Dimensioni: 3,5 * 3,5 * 3,5 cm; La profondit\u00e0 del foro \u00e8 di circa 3 cm <br \/> Colore: come mostrato nell&#8217;immagine <\/p>\n<p> Caratteristiche del prodotto: <br \/> 1. Texture del legno: Questo portapenne \u00e8 decorato con legno di noce nordico di alta qualit\u00e0, offrendo texture naturali e uniche, rendendo la tua scrivania o il tuo ufficio pi\u00f9 elegante e distintivo. <br \/> 2. Ampia capacit\u00e0 di archiviazione: Questo portapenne \u00e8 progettato per essere semplice e pratico, con un ampio spazio interno che pu\u00f2 contenere articoli di cancelleria di varie dimensioni, come penne, matite, correttori liquidi, ecc., mantenendo la tua cancelleria ordinata e organizzata. <br \/> 3. Funzione multifunzionale: Oltre a fungere da portapenne, questo prodotto pu\u00f2 essere utilizzato anche per riporre altri piccoli oggetti, come telefoni, chiavi, fogli di carta, ecc., rendendo facile trovare gli oggetti di cui hai bisogno in qualsiasi momento. <br \/> 4. Protezione Ambientale e Salute: Questo portapenne \u00e8 realizzato in legno naturale, atossico e inodore, ecologico e salutare, e non causer\u00e0 alcun danno alla tua salute, offrendoti un&#8217;esperienza d&#8217;uso sicura e affidabile. <br \/> 5. Produzione di alta qualit\u00e0: Questo portapenne \u00e8 realizzato con cura e sottoposto a un rigoroso trattamento di lucidatura e verniciatura manuale, risultando resistente all&#8217;usura, non facilmente deformabile e garantendo una lunga durata. <\/p>\n<p> Attenzione: <br \/> 1. A causa della misurazione manuale, si prega di consentire una differenza di 1-3 cm. Grazie per la vostra comprensione! <br \/> 2. A causa delle differenze tra i vari monitor, si prega di notare che l&#8217;immagine potrebbe non rispecchiare il colore reale del progetto. <\/p>\n<p> Il pacchetto include: <br \/> 1 * Portapenne in legno massello<\/p>\n<div>\n    \n   <\/div>\n<\/p><\/div>\n<div>\n   <img decoding=\"async\" src=\"\/\/ae01.alicdn.com\/kf\/Sd06711d90ef4416cae94014d3727a7a4C.jpg\" slate-data-type=\"image\" \/><br \/>\n   <img decoding=\"async\" src=\"\/\/ae01.alicdn.com\/kf\/S8f37300b2da84d33a3ddf522f130cd60U.jpg\" slate-data-type=\"image\" \/><br \/>\n   <img decoding=\"async\" src=\"\/\/ae01.alicdn.com\/kf\/S6a4f463a5a674bcd90ec065cd83d4201i.jpg\" slate-data-type=\"image\" \/><br \/>\n   <img decoding=\"async\" src=\"\/\/ae01.alicdn.com\/kf\/S4349cb6a62a24746b7dbaad774c83322z.jpg\" slate-data-type=\"image\" \/><br \/>\n   <img decoding=\"async\" src=\"\/\/ae01.alicdn.com\/kf\/S2a737f97701f41db9d80db0d130adc07f.jpg\" slate-data-type=\"image\" \/><br \/>\n   <img decoding=\"async\" src=\"\/\/ae01.alicdn.com\/kf\/Sb6d12f47b1f342f99c8a7d19085279acN.jpg\" slate-data-type=\"image\" \/><br \/>\n   <img decoding=\"async\" src=\"\/\/ae01.alicdn.com\/kf\/S0d55666940ab4a97a23158ab875f82bc0.jpg\" slate-data-type=\"image\" \/><br \/>\n   <img decoding=\"async\" src=\"\/\/ae01.alicdn.com\/kf\/S74c0c509e98c4c90b4f41bcd7a0185d0I.jpg\" slate-data-type=\"image\" \/><br \/>\n   <img decoding=\"async\" src=\"\/\/ae01.alicdn.com\/kf\/S7e758f6828d344f6b59089ebdf258f25u.jpg\" slate-data-type=\"image\" \/>\n  <\/div>\n<\/p><\/div>\n<\/div>\n<p><\/p>\n<\/div>\n<\/div>\n","protected":false},"excerpt":{"rendered":"<p>Specifiche del prodotto: Materiale: Noce nero\/Legno di faggio Dimensioni: 3,5 * 3,5 * 3,5 cm; La profondit\u00e0 del foro \u00e8 [&hellip;]<\/p>\n","protected":false},"featured_media":711326,"comment_status":"open","ping_status":"closed","template":"","meta":{"site-sidebar-layout":"default","site-content-layout":"","ast-site-content-layout":"default","site-content-style":"default","site-sidebar-style":"default","ast-global-header-display":"","ast-banner-title-visibility":"","ast-main-header-display":"","ast-hfb-above-header-display":"","ast-hfb-below-header-display":"","ast-hfb-mobile-header-display":"","site-post-title":"","ast-breadcrumbs-content":"","ast-featured-img":"","footer-sml-layout":"","ast-disable-related-posts":"","theme-transparent-header-meta":"","adv-header-id-meta":"","stick-header-meta":"","header-above-stick-meta":"","header-main-stick-meta":"","header-below-stick-meta":"","astra-migrate-meta-layouts":"default","ast-page-background-enabled":"default","ast-page-background-meta":{"desktop":{"background-color":"var(--ast-global-color-5)","background-image":"","background-repeat":"repeat","background-position":"center center","background-size":"auto","background-attachment":"scroll","background-type":"","background-media":"","overlay-type":"","overlay-color":"","overlay-opacity":"","overlay-gradient":""},"tablet":{"background-color":"","background-image":"","background-repeat":"repeat","background-position":"center center","background-size":"auto","background-attachment":"scroll","background-type":"","background-media":"","overlay-type":"","overlay-color":"","overlay-opacity":"","overlay-gradient":""},"mobile":{"background-color":"","background-image":"","background-repeat":"repeat","background-position":"center center","background-size":"auto","background-attachment":"scroll","background-type":"","background-media":"","overlay-type":"","overlay-color":"","overlay-opacity":"","overlay-gradient":""}},"ast-content-background-meta":{"desktop":{"background-color":"var(--ast-global-color-4)","background-image":"","background-repeat":"repeat","background-position":"center center","background-size":"auto","background-attachment":"scroll","background-type":"","background-media":"","overlay-type":"","overlay-color":"","overlay-opacity":"","overlay-gradient":""},"tablet":{"background-color":"var(--ast-global-color-4)","background-image":"","background-repeat":"repeat","background-position":"center center","background-size":"auto","background-attachment":"scroll","background-type":"","background-media":"","overlay-type":"","overlay-color":"","overlay-opacity":"","overlay-gradient":""},"mobile":{"background-color":"var(--ast-global-color-4)","background-image":"","background-repeat":"repeat","background-position":"center center","background-size":"auto","background-attachment":"scroll","background-type":"","background-media":"","overlay-type":"","overlay-color":"","overlay-opacity":"","overlay-gradient":""}}},"product_brand":[],"product_cat":[62243,19],"product_tag":[],"class_list":["post-711332","product","type-product","status-publish","has-post-thumbnail","product_cat-forniture-ufficio-scuola-archiviazione-raccoglitori","product_cat-tutti-i-prodotti","desktop-align-left","tablet-align-left","mobile-align-center","first","instock","shipping-taxable","purchasable","product-type-simple"],"_links":{"self":[{"href":"https:\/\/vitacomoda.it\/casa\/wp-json\/wp\/v2\/product\/711332","targetHints":{"allow":["GET"]}}],"collection":[{"href":"https:\/\/vitacomoda.it\/casa\/wp-json\/wp\/v2\/product"}],"about":[{"href":"https:\/\/vitacomoda.it\/casa\/wp-json\/wp\/v2\/types\/product"}],"replies":[{"embeddable":true,"href":"https:\/\/vitacomoda.it\/casa\/wp-json\/wp\/v2\/comments?post=711332"}],"wp:featuredmedia":[{"embeddable":true,"href":"https:\/\/vitacomoda.it\/casa\/wp-json\/wp\/v2\/media\/711326"}],"wp:attachment":[{"href":"https:\/\/vitacomoda.it\/casa\/wp-json\/wp\/v2\/media?parent=711332"}],"wp:term":[{"taxonomy":"product_brand","embeddable":true,"href":"https:\/\/vitacomoda.it\/casa\/wp-json\/wp\/v2\/product_brand?post=711332"},{"taxonomy":"product_cat","embeddable":true,"href":"https:\/\/vitacomoda.it\/casa\/wp-json\/wp\/v2\/product_cat?post=711332"},{"taxonomy":"product_tag","embeddable":true,"href":"https:\/\/vitacomoda.it\/casa\/wp-json\/wp\/v2\/product_tag?post=711332"}],"curies":[{"name":"wp","href":"https:\/\/api.w.org\/{rel}","templated":true}]}}

<div>
<div>
<div>
<div>
<div>
<div></div>
<p style="margin-left:auto;margin-right:auto" id="tl_1">Specifiche del prodotto: <br /> Materiale: Noce nero/Legno di faggio <br /> Dimensioni: 3,5 * 3,5 * 3,5 cm; La profondità del foro è di circa 3 cm <br /> Colore: come mostrato nell&#8217;immagine </p>
<p> Caratteristiche del prodotto: <br /> 1. Texture del legno: Questo portapenne è decorato con legno di noce nordico di alta qualità, offrendo texture naturali e uniche, rendendo la tua scrivania o il tuo ufficio più elegante e distintivo. <br /> 2. Ampia capacità di archiviazione: Questo portapenne è progettato per essere semplice e pratico, con un ampio spazio interno che può contenere articoli di cancelleria di varie dimensioni, come penne, matite, correttori liquidi, ecc., mantenendo la tua cancelleria ordinata e organizzata. <br /> 3. Funzione multifunzionale: Oltre a fungere da portapenne, questo prodotto può essere utilizzato anche per riporre altri piccoli oggetti, come telefoni, chiavi, fogli di carta, ecc., rendendo facile trovare gli oggetti di cui hai bisogno in qualsiasi momento. <br /> 4. Protezione Ambientale e Salute: Questo portapenne è realizzato in legno naturale, atossico e inodore, ecologico e salutare, e non causerà alcun danno alla tua salute, offrendoti un&#8217;esperienza d&#8217;uso sicura e affidabile. <br /> 5. Produzione di alta qualità: Questo portapenne è realizzato con cura e sottoposto a un rigoroso trattamento di lucidatura e verniciatura manuale, risultando resistente all&#8217;usura, non facilmente deformabile e garantendo una lunga durata. </p>
<p> Attenzione: <br /> 1. A causa della misurazione manuale, si prega di consentire una differenza di 1-3 cm. Grazie per la vostra comprensione! <br /> 2. A causa delle differenze tra i vari monitor, si prega di notare che l&#8217;immagine potrebbe non rispecchiare il colore reale del progetto. </p>
<p> Il pacchetto include: <br /> 1 * Portapenne in legno massello</p>
<div>
    
   </div>
</p></div>
<div>
   <img decoding="async" src="//ae01.alicdn.com/kf/Sd06711d90ef4416cae94014d3727a7a4C.jpg" slate-data-type="image" /><br />
   <img decoding="async" src="//ae01.alicdn.com/kf/S8f37300b2da84d33a3ddf522f130cd60U.jpg" slate-data-type="image" /><br />
   <img decoding="async" src="//ae01.alicdn.com/kf/S6a4f463a5a674bcd90ec065cd83d4201i.jpg" slate-data-type="image" /><br />
   <img decoding="async" src="//ae01.alicdn.com/kf/S4349cb6a62a24746b7dbaad774c83322z.jpg" slate-data-type="image" /><br />
   <img decoding="async" src="//ae01.alicdn.com/kf/S2a737f97701f41db9d80db0d130adc07f.jpg" slate-data-type="image" /><br />
   <img decoding="async" src="//ae01.alicdn.com/kf/Sb6d12f47b1f342f99c8a7d19085279acN.jpg" slate-data-type="image" /><br />
   <img decoding="async" src="//ae01.alicdn.com/kf/S0d55666940ab4a97a23158ab875f82bc0.jpg" slate-data-type="image" /><br />
   <img decoding="async" src="//ae01.alicdn.com/kf/S74c0c509e98c4c90b4f41bcd7a0185d0I.jpg" slate-data-type="image" /><br />
   <img decoding="async" src="//ae01.alicdn.com/kf/S7e758f6828d344f6b59089ebdf258f25u.jpg" slate-data-type="image" />
  </div>
</p></div>
</div>
<p></p>
</div>
</div>

<p>Specifiche del prodotto: Materiale: Noce nero/Legno di faggio Dimensioni: 3,5 * 3,5 * 3,5 cm; La profondità del foro è [&hellip;]</p>
