{"id":714442,"date":"2026-08-14T13:22:20","date_gmt":"2026-08-14T13:22:20","guid":{"rendered":"https:\/\/vitacomoda.it\/?post_type=product&#038;p=887046"},"modified":"2026-08-28T01:20:49","modified_gmt":"2026-08-28T01:20:49","slug":"temperino-a-5-fori-multifunzionale-con-coperchio-per-matite-eyeliner-e-lipliner-colore-rosa-u887046","status":"publish","type":"product","link":"https:\/\/vitacomoda.it\/casa\/prodotto\/temperino-a-5-fori-multifunzionale-con-coperchio-per-matite-eyeliner-e-lipliner-colore-rosa-u887046\/","title":{"rendered":"Temperino a 5 fori multifunzionale con coperchio per matite eyeliner e lipliner, colore rosa."},"content":{"rendered":"<div>\n<div>\n<div>\n<div>\n<p><span style=\"font-size: 16px; font-family: Verdana;\" id=\"tl_1\">Caratteristiche:<\/span><\/p>\n<p><span style=\"font-size: 16px; font-family: Verdana;\" id=\"tl_2\">1.Design multifunzionale: Questo temperamatite cosmetico a cinque fori \u00e8 adatto a matite per il trucco di varie dimensioni.Che si tratti di un eyeliner sottile o di una matita per fard pi\u00f9 spessa, pu\u00f2 essere facilmente affilato per soddisfare una variet\u00e0 di esigenze di trucco.<\/span><\/p>\n<p><span style=\"font-size: 16px; font-family: Verdana;\" id=\"tl_3\">2.Facile da pulire: Progettato con denti di affilatura rimovibili e un contenitore di raccolta per una pulizia agevole, che evita che i trucioli di affilatura si disperdano ovunque, riduce la difficolt\u00e0 di pulizia e rende l&#8217;affilatura pi\u00f9 pulita e igienica.<\/span><\/p>\n<p><span style=\"font-size: 16px; font-family: Verdana;\" id=\"tl_4\">3.Materiali di alta qualit\u00e0: Questo temperamatite cosmetico a cinque fori \u00e8 realizzato in plastica e metallo di alta qualit\u00e0 per garantire che il temperamatite sia durevole e possa mantenere un&#8217;ottima affilatura anche dopo un uso prolungato.<\/span><\/p>\n<p><span style=\"font-size: 16px; font-family: Verdana;\" id=\"tl_5\">4.Denti di affilatura precisi: i denti di affilatura sono accuratamente lucidati, il che rende l&#8217;affilatura pi\u00f9 fluida e non rompe la ricarica, proteggendo le matite cosmetiche da eventuali danni e prolungando la durata delle matite cosmetiche.<\/span><\/p>\n<p><span style=\"font-size: 16px; font-family: Verdana;\" id=\"tl_6\">5.Portatile e leggero: che tu sia a casa, al lavoro o in viaggio, il temperamatite cosmetico a cinque fori \u00e8 una buona scelta.\u00c8 di piccole dimensioni, leggero, facile da trasportare e pu\u00f2 aiutarti a mantenere le tue matite cosmetiche in perfette condizioni sempre e ovunque.<\/span><\/p>\n<p><span style=\"font-size: 16px; font-family: Verdana;\" id=\"tl_7\">Specifica:<\/span><\/p>\n<p><span style=\"font-size: 16px; font-family: Verdana;\" id=\"tl_8\">Qualit\u00e0 nuovissima al 100%.<\/span><\/p>\n<p><span style=\"font-size: 16px; font-family: Verdana;\" id=\"tl_9\">Nome dell&#8217;articolo: temperamatite a 5 fori<\/span><\/p>\n<p><span style=\"font-size: 16px; font-family: Verdana;\" id=\"tl_10\">Materiale: PS + PP + acciaio al manganese<\/span><\/p>\n<p><span style=\"font-size: 16px; font-family: Verdana;\" id=\"tl_11\">Colore: come mostra l&#8217;immagine<\/span><\/p>\n<p><span style=\"font-size: 16px; font-family: Verdana;\" id=\"tl_12\">Dimensioni: come mostra l&#8217;immagine (1 pollice = 2,54 cm)<\/span><\/p>\n<p><span style=\"font-size: 16px; font-family: Verdana;\" id=\"tl_13\">Il pacchetto include:<\/span><\/p>\n<p><span style=\"font-size: 16px; font-family: Verdana;\" id=\"tl_14\">1 * Temperamatite a 5 fori<\/span><\/p>\n<p><span style=\"font-size: 16px; font-family: Verdana;\" id=\"tl_15\">Nota:<\/span><\/p>\n<p><span style=\"font-size: 16px; font-family: Verdana;\" id=\"tl_16\">1.Si prega di notare che la foto non mostra le dimensioni reali, fare riferimento alla descrizione per i dettagli sulle dimensioni.<\/span><\/p>\n<p><span style=\"font-size: 16px; font-family: Verdana;\" id=\"tl_17\">2.Si prega di consentire differenze dovute alla misurazione manuale, grazie.<\/span><\/p>\n<p><span style=\"font-size: 16px; font-family: Verdana;\" id=\"tl_18\">3. A causa della differenza tra i diversi monitor, l&#8217;immagine potrebbe non riflettere il colore effettivo dell&#8217;articolo.<\/span><\/p>\n<\/p><\/div>\n<\/div>\n<div><\/div>\n<\/div>\n<\/div>\n<div><\/div>\n","protected":false},"excerpt":{"rendered":"<p>Caratteristiche: 1.Design multifunzionale: Questo temperamatite cosmetico a cinque fori \u00e8 adatto a matite per il trucco di varie dimensioni.Che si [&hellip;]<\/p>\n","protected":false},"featured_media":714436,"comment_status":"open","ping_status":"closed","template":"","meta":{"site-sidebar-layout":"default","site-content-layout":"","ast-site-content-layout":"default","site-content-style":"default","site-sidebar-style":"default","ast-global-header-display":"","ast-banner-title-visibility":"","ast-main-header-display":"","ast-hfb-above-header-display":"","ast-hfb-below-header-display":"","ast-hfb-mobile-header-display":"","site-post-title":"","ast-breadcrumbs-content":"","ast-featured-img":"","footer-sml-layout":"","ast-disable-related-posts":"","theme-transparent-header-meta":"","adv-header-id-meta":"","stick-header-meta":"","header-above-stick-meta":"","header-main-stick-meta":"","header-below-stick-meta":"","astra-migrate-meta-layouts":"default","ast-page-background-enabled":"default","ast-page-background-meta":{"desktop":{"background-color":"var(--ast-global-color-5)","background-image":"","background-repeat":"repeat","background-position":"center center","background-size":"auto","background-attachment":"scroll","background-type":"","background-media":"","overlay-type":"","overlay-color":"","overlay-opacity":"","overlay-gradient":""},"tablet":{"background-color":"","background-image":"","background-repeat":"repeat","background-position":"center center","background-size":"auto","background-attachment":"scroll","background-type":"","background-media":"","overlay-type":"","overlay-color":"","overlay-opacity":"","overlay-gradient":""},"mobile":{"background-color":"","background-image":"","background-repeat":"repeat","background-position":"center center","background-size":"auto","background-attachment":"scroll","background-type":"","background-media":"","overlay-type":"","overlay-color":"","overlay-opacity":"","overlay-gradient":""}},"ast-content-background-meta":{"desktop":{"background-color":"var(--ast-global-color-4)","background-image":"","background-repeat":"repeat","background-position":"center center","background-size":"auto","background-attachment":"scroll","background-type":"","background-media":"","overlay-type":"","overlay-color":"","overlay-opacity":"","overlay-gradient":""},"tablet":{"background-color":"var(--ast-global-color-4)","background-image":"","background-repeat":"repeat","background-position":"center center","background-size":"auto","background-attachment":"scroll","background-type":"","background-media":"","overlay-type":"","overlay-color":"","overlay-opacity":"","overlay-gradient":""},"mobile":{"background-color":"var(--ast-global-color-4)","background-image":"","background-repeat":"repeat","background-position":"center center","background-size":"auto","background-attachment":"scroll","background-type":"","background-media":"","overlay-type":"","overlay-color":"","overlay-opacity":"","overlay-gradient":""}}},"product_brand":[],"product_cat":[62266,19],"product_tag":[],"class_list":["post-714442","product","type-product","status-publish","has-post-thumbnail","product_cat-forniture-ufficio-scuola-temperamatite-astucci","product_cat-tutti-i-prodotti","desktop-align-left","tablet-align-left","mobile-align-center","first","instock","shipping-taxable","purchasable","product-type-simple"],"_links":{"self":[{"href":"https:\/\/vitacomoda.it\/casa\/wp-json\/wp\/v2\/product\/714442","targetHints":{"allow":["GET"]}}],"collection":[{"href":"https:\/\/vitacomoda.it\/casa\/wp-json\/wp\/v2\/product"}],"about":[{"href":"https:\/\/vitacomoda.it\/casa\/wp-json\/wp\/v2\/types\/product"}],"replies":[{"embeddable":true,"href":"https:\/\/vitacomoda.it\/casa\/wp-json\/wp\/v2\/comments?post=714442"}],"wp:featuredmedia":[{"embeddable":true,"href":"https:\/\/vitacomoda.it\/casa\/wp-json\/wp\/v2\/media\/714436"}],"wp:attachment":[{"href":"https:\/\/vitacomoda.it\/casa\/wp-json\/wp\/v2\/media?parent=714442"}],"wp:term":[{"taxonomy":"product_brand","embeddable":true,"href":"https:\/\/vitacomoda.it\/casa\/wp-json\/wp\/v2\/product_brand?post=714442"},{"taxonomy":"product_cat","embeddable":true,"href":"https:\/\/vitacomoda.it\/casa\/wp-json\/wp\/v2\/product_cat?post=714442"},{"taxonomy":"product_tag","embeddable":true,"href":"https:\/\/vitacomoda.it\/casa\/wp-json\/wp\/v2\/product_tag?post=714442"}],"curies":[{"name":"wp","href":"https:\/\/api.w.org\/{rel}","templated":true}]}}

<div>
<div>
<div>
<div>
<p><span style="font-size: 16px; font-family: Verdana;" id="tl_1">Caratteristiche:</span></p>
<p><span style="font-size: 16px; font-family: Verdana;" id="tl_2">1.Design multifunzionale: Questo temperamatite cosmetico a cinque fori è adatto a matite per il trucco di varie dimensioni.Che si tratti di un eyeliner sottile o di una matita per fard più spessa, può essere facilmente affilato per soddisfare una varietà di esigenze di trucco.</span></p>
<p><span style="font-size: 16px; font-family: Verdana;" id="tl_3">2.Facile da pulire: Progettato con denti di affilatura rimovibili e un contenitore di raccolta per una pulizia agevole, che evita che i trucioli di affilatura si disperdano ovunque, riduce la difficoltà di pulizia e rende l&#8217;affilatura più pulita e igienica.</span></p>
<p><span style="font-size: 16px; font-family: Verdana;" id="tl_4">3.Materiali di alta qualità: Questo temperamatite cosmetico a cinque fori è realizzato in plastica e metallo di alta qualità per garantire che il temperamatite sia durevole e possa mantenere un&#8217;ottima affilatura anche dopo un uso prolungato.</span></p>
<p><span style="font-size: 16px; font-family: Verdana;" id="tl_5">4.Denti di affilatura precisi: i denti di affilatura sono accuratamente lucidati, il che rende l&#8217;affilatura più fluida e non rompe la ricarica, proteggendo le matite cosmetiche da eventuali danni e prolungando la durata delle matite cosmetiche.</span></p>
<p><span style="font-size: 16px; font-family: Verdana;" id="tl_6">5.Portatile e leggero: che tu sia a casa, al lavoro o in viaggio, il temperamatite cosmetico a cinque fori è una buona scelta.È di piccole dimensioni, leggero, facile da trasportare e può aiutarti a mantenere le tue matite cosmetiche in perfette condizioni sempre e ovunque.</span></p>
<p><span style="font-size: 16px; font-family: Verdana;" id="tl_7">Specifica:</span></p>
<p><span style="font-size: 16px; font-family: Verdana;" id="tl_8">Qualità nuovissima al 100%.</span></p>
<p><span style="font-size: 16px; font-family: Verdana;" id="tl_9">Nome dell&#8217;articolo: temperamatite a 5 fori</span></p>
<p><span style="font-size: 16px; font-family: Verdana;" id="tl_10">Materiale: PS + PP + acciaio al manganese</span></p>
<p><span style="font-size: 16px; font-family: Verdana;" id="tl_11">Colore: come mostra l&#8217;immagine</span></p>
<p><span style="font-size: 16px; font-family: Verdana;" id="tl_12">Dimensioni: come mostra l&#8217;immagine (1 pollice = 2,54 cm)</span></p>
<p><span style="font-size: 16px; font-family: Verdana;" id="tl_13">Il pacchetto include:</span></p>
<p><span style="font-size: 16px; font-family: Verdana;" id="tl_14">1 * Temperamatite a 5 fori</span></p>
<p><span style="font-size: 16px; font-family: Verdana;" id="tl_15">Nota:</span></p>
<p><span style="font-size: 16px; font-family: Verdana;" id="tl_16">1.Si prega di notare che la foto non mostra le dimensioni reali, fare riferimento alla descrizione per i dettagli sulle dimensioni.</span></p>
<p><span style="font-size: 16px; font-family: Verdana;" id="tl_17">2.Si prega di consentire differenze dovute alla misurazione manuale, grazie.</span></p>
<p><span style="font-size: 16px; font-family: Verdana;" id="tl_18">3. A causa della differenza tra i diversi monitor, l&#8217;immagine potrebbe non riflettere il colore effettivo dell&#8217;articolo.</span></p>
</p></div>
</div>
<div></div>
</div>
</div>
<div></div>

<p>Caratteristiche: 1.Design multifunzionale: Questo temperamatite cosmetico a cinque fori è adatto a matite per il trucco di varie dimensioni.Che si [&hellip;]</p>
