{"id":725192,"date":"2026-08-14T14:27:21","date_gmt":"2026-08-14T14:27:21","guid":{"rendered":"https:\/\/vitacomoda.it\/?post_type=product&#038;p=899895"},"modified":"2026-08-28T04:11:53","modified_gmt":"2026-08-28T04:11:53","slug":"agenda-giornaliera-portatile-a6-2027-calendario-diario-quaderni-pianificatore-per-la-gestione-del-tempo-365-giorni-u899895","status":"publish","type":"product","link":"https:\/\/vitacomoda.it\/casa\/prodotto\/agenda-giornaliera-portatile-a6-2027-calendario-diario-quaderni-pianificatore-per-la-gestione-del-tempo-365-giorni-u899895\/","title":{"rendered":"Agenda Giornaliera Portatile A6 2027, Calendario, Diario, Quaderni, Pianificatore per la Gestione del Tempo 365 Giorni"},"content":{"rendered":"<div>\n<div>\n<div>\n<div>\n<p><span style=\"font-size: 16px; font-family: Verdana;\" id=\"tl_1\">1.Gestione del tempo: Il calendario portatile A6 per la pianificazione quotidiana del 2027 presenta una scala oraria dettagliata per aiutare gli utenti a gestire e pianificare efficacemente il proprio tempo e migliorare l&#8217;efficienza lavorativa.<\/span><\/p>\n<p><span style=\"font-size: 16px; font-family: Verdana;\" id=\"tl_2\">2.365 giorni all&#8217;anno: Questo diario offre un piano completo per un anno.Gli utenti possono registrare e pianificare in dettaglio i loro eventi quotidiani in anticipo senza perdere nessuna data importante.<\/span><\/p>\n<p><span style=\"font-size: 16px; font-family: Verdana;\" id=\"tl_3\">3.Design portatile: Le dimensioni ridotte del formato A6 rendono questo diario molto comodo da portare con s\u00e9, sia in viaggio, in viaggio d&#8217;affari o durante gli spostamenti quotidiani, permettendo di annotare e pianificare in qualsiasi momento e ovunque.<\/span><\/p>\n<p><span style=\"font-size: 16px; font-family: Verdana;\" id=\"tl_4\">4.Materiali di alta qualit\u00e0: Il diario\/agenda giornaliera portatile A6 del 2027 utilizza carta e materiali di copertina di alta qualit\u00e0, che garantiscono la sua durabilit\u00e0 a lungo termine offrendo al contempo un&#8217;ottima esperienza di scrittura.<\/span><\/p>\n<p><span style=\"font-size: 16px; font-family: Verdana;\" id=\"tl_5\">5.Scelta regalo ideale: il design di questo diario \u00e8 semplice ed elegante, ed \u00e8 molto pratico.\u00c8 un regalo ideale per parenti, amici o partner commerciali.E pianificare e prepararsi in anticipo per il 2027 dimostra anche l&#8217;intenzione e la gentilezza di chi dona.<\/span><\/p>\n<p><span style=\"font-size: 16px; font-family: Verdana;\" id=\"tl_6\">Specifiche:<\/span><\/p>\n<p><span style=\"font-size: 16px; font-family: Verdana;\" id=\"tl_7\">Nuovo e di alta qualit\u00e0!<\/span><\/p>\n<p><span style=\"font-size: 16px; font-family: Verdana;\" id=\"tl_8\">Materiale: Carta Daolin+PU<\/span><\/p>\n<p><span style=\"font-size: 16px; font-family: Verdana;\" id=\"tl_9\">Colore: Come mostrano le immagini<\/span><\/p>\n<p><span style=\"font-size: 16px; font-family: Verdana;\" id=\"tl_10\">Dimensioni: 17,4*9,6 cm<\/span><\/p>\n<p><span style=\"font-size: 16px; font-family: Verdana;\" id=\"tl_11\">Quantit\u00e0 nella confezione: 1 pezzo<\/span><\/p>\n<p><span style=\"font-size: 16px; font-family: Verdana;\" id=\"tl_12\">Nota: Assistente.<\/span><\/p>\n<p><span style=\"font-size: 16px; font-family: Verdana;\" id=\"tl_13\">Si prega di considerare una tolleranza del 2%-3% a causa della misurazione manuale.Le dimensioni sopra indicate sono solo a scopo di riferimento.<\/span><\/p>\n<p><span style=\"font-size: 16px; font-family: Verdana;\" id=\"tl_14\">Poich\u00e9 i diversi computer visualizzano i colori in modo diverso, grazie per la comprensione, il colore reale del prodotto potrebbe differire leggermente dall&#8217;immagine.<\/span><\/p>\n<\/p><\/div>\n<\/div>\n<div>\n <img decoding=\"async\" src=\"\/\/ae-pic-a1.aliexpress-media.com\/kf\/S139c41d3169044809371a3f4faebf37e6.jpg\"  \/><br \/>\n <img decoding=\"async\" src=\"\/\/ae-pic-a1.aliexpress-media.com\/kf\/Sd80ed5f803b6420ebd6d394d7885752d7.jpg\"  \/><br \/>\n <img decoding=\"async\" src=\"\/\/ae-pic-a1.aliexpress-media.com\/kf\/S6e2b5cb5dc5c4f79afe3ab66d4825902T.jpg\"  \/><br \/>\n <img decoding=\"async\" src=\"\/\/ae-pic-a1.aliexpress-media.com\/kf\/S56b39f587e5e46e7988a0a36b0850b5cG.jpg\"  \/><br \/>\n <img decoding=\"async\" src=\"\/\/ae-pic-a1.aliexpress-media.com\/kf\/Sa1ea1a5c8f0540b4bacb055bcb78e517J.jpg\"  \/><br \/>\n <img decoding=\"async\" src=\"\/\/ae-pic-a1.aliexpress-media.com\/kf\/Se308461a5a874fd78e1732209df703a9f.jpg\"  \/><br \/>\n <img decoding=\"async\" src=\"\/\/ae-pic-a1.aliexpress-media.com\/kf\/Se0dcd10ea7ec4da9ae71e4797b0d8070o.jpg\"  \/><br \/>\n <img decoding=\"async\" src=\"\/\/ae-pic-a1.aliexpress-media.com\/kf\/Sdd9ba012896b42cab26b3d28dfd3f411V.jpg\"  \/><br \/>\n <img decoding=\"async\" src=\"\/\/ae-pic-a1.aliexpress-media.com\/kf\/S4054265e79e24190a23fc9cb981b4629a.jpg\"  \/><br \/>\n <img decoding=\"async\" src=\"\/\/ae-pic-a1.aliexpress-media.com\/kf\/S38697a101be94c6a95ac1a9eb8e1a2d4E.jpg\"  \/>\n<\/div>\n<\/div>\n<\/div>\n<div><img decoding=\"async\" src=\"\/\/ae-pic-a1.aliexpress-media.com\/kf\/S139c41d3169044809371a3f4faebf37e6.jpg\"\/><img decoding=\"async\" src=\"\/\/ae-pic-a1.aliexpress-media.com\/kf\/Sd80ed5f803b6420ebd6d394d7885752d7.jpg\"\/><img decoding=\"async\" src=\"\/\/ae-pic-a1.aliexpress-media.com\/kf\/S6e2b5cb5dc5c4f79afe3ab66d4825902T.jpg\"\/><img decoding=\"async\" src=\"\/\/ae-pic-a1.aliexpress-media.com\/kf\/S56b39f587e5e46e7988a0a36b0850b5cG.jpg\"\/><img decoding=\"async\" src=\"\/\/ae-pic-a1.aliexpress-media.com\/kf\/Sa1ea1a5c8f0540b4bacb055bcb78e517J.jpg\"\/><img decoding=\"async\" src=\"\/\/ae-pic-a1.aliexpress-media.com\/kf\/Se308461a5a874fd78e1732209df703a9f.jpg\"\/><img decoding=\"async\" src=\"\/\/ae-pic-a1.aliexpress-media.com\/kf\/Se0dcd10ea7ec4da9ae71e4797b0d8070o.jpg\"\/><img decoding=\"async\" src=\"\/\/ae-pic-a1.aliexpress-media.com\/kf\/Sdd9ba012896b42cab26b3d28dfd3f411V.jpg\"\/><img decoding=\"async\" src=\"\/\/ae-pic-a1.aliexpress-media.com\/kf\/S4054265e79e24190a23fc9cb981b4629a.jpg\"\/><img decoding=\"async\" src=\"\/\/ae-pic-a1.aliexpress-media.com\/kf\/S38697a101be94c6a95ac1a9eb8e1a2d4E.jpg\"\/><\/div>\n","protected":false},"excerpt":{"rendered":"<p>1.Gestione del tempo: Il calendario portatile A6 per la pianificazione quotidiana del 2027 presenta una scala oraria dettagliata per aiutare [&hellip;]<\/p>\n","protected":false},"featured_media":725186,"comment_status":"open","ping_status":"closed","template":"","meta":{"site-sidebar-layout":"default","site-content-layout":"","ast-site-content-layout":"default","site-content-style":"default","site-sidebar-style":"default","ast-global-header-display":"","ast-banner-title-visibility":"","ast-main-header-display":"","ast-hfb-above-header-display":"","ast-hfb-below-header-display":"","ast-hfb-mobile-header-display":"","site-post-title":"","ast-breadcrumbs-content":"","ast-featured-img":"","footer-sml-layout":"","ast-disable-related-posts":"","theme-transparent-header-meta":"","adv-header-id-meta":"","stick-header-meta":"","header-above-stick-meta":"","header-main-stick-meta":"","header-below-stick-meta":"","astra-migrate-meta-layouts":"default","ast-page-background-enabled":"default","ast-page-background-meta":{"desktop":{"background-color":"var(--ast-global-color-5)","background-image":"","background-repeat":"repeat","background-position":"center center","background-size":"auto","background-attachment":"scroll","background-type":"","background-media":"","overlay-type":"","overlay-color":"","overlay-opacity":"","overlay-gradient":""},"tablet":{"background-color":"","background-image":"","background-repeat":"repeat","background-position":"center center","background-size":"auto","background-attachment":"scroll","background-type":"","background-media":"","overlay-type":"","overlay-color":"","overlay-opacity":"","overlay-gradient":""},"mobile":{"background-color":"","background-image":"","background-repeat":"repeat","background-position":"center center","background-size":"auto","background-attachment":"scroll","background-type":"","background-media":"","overlay-type":"","overlay-color":"","overlay-opacity":"","overlay-gradient":""}},"ast-content-background-meta":{"desktop":{"background-color":"var(--ast-global-color-4)","background-image":"","background-repeat":"repeat","background-position":"center center","background-size":"auto","background-attachment":"scroll","background-type":"","background-media":"","overlay-type":"","overlay-color":"","overlay-opacity":"","overlay-gradient":""},"tablet":{"background-color":"var(--ast-global-color-4)","background-image":"","background-repeat":"repeat","background-position":"center center","background-size":"auto","background-attachment":"scroll","background-type":"","background-media":"","overlay-type":"","overlay-color":"","overlay-opacity":"","overlay-gradient":""},"mobile":{"background-color":"var(--ast-global-color-4)","background-image":"","background-repeat":"repeat","background-position":"center center","background-size":"auto","background-attachment":"scroll","background-type":"","background-media":"","overlay-type":"","overlay-color":"","overlay-opacity":"","overlay-gradient":""}}},"product_brand":[],"product_cat":[62246,19],"product_tag":[],"class_list":["post-725192","product","type-product","status-publish","has-post-thumbnail","product_cat-forniture-ufficio-scuola-calendari-planner","product_cat-tutti-i-prodotti","desktop-align-left","tablet-align-left","mobile-align-center","first","instock","shipping-taxable","purchasable","product-type-simple"],"_links":{"self":[{"href":"https:\/\/vitacomoda.it\/casa\/wp-json\/wp\/v2\/product\/725192","targetHints":{"allow":["GET"]}}],"collection":[{"href":"https:\/\/vitacomoda.it\/casa\/wp-json\/wp\/v2\/product"}],"about":[{"href":"https:\/\/vitacomoda.it\/casa\/wp-json\/wp\/v2\/types\/product"}],"replies":[{"embeddable":true,"href":"https:\/\/vitacomoda.it\/casa\/wp-json\/wp\/v2\/comments?post=725192"}],"wp:featuredmedia":[{"embeddable":true,"href":"https:\/\/vitacomoda.it\/casa\/wp-json\/wp\/v2\/media\/725186"}],"wp:attachment":[{"href":"https:\/\/vitacomoda.it\/casa\/wp-json\/wp\/v2\/media?parent=725192"}],"wp:term":[{"taxonomy":"product_brand","embeddable":true,"href":"https:\/\/vitacomoda.it\/casa\/wp-json\/wp\/v2\/product_brand?post=725192"},{"taxonomy":"product_cat","embeddable":true,"href":"https:\/\/vitacomoda.it\/casa\/wp-json\/wp\/v2\/product_cat?post=725192"},{"taxonomy":"product_tag","embeddable":true,"href":"https:\/\/vitacomoda.it\/casa\/wp-json\/wp\/v2\/product_tag?post=725192"}],"curies":[{"name":"wp","href":"https:\/\/api.w.org\/{rel}","templated":true}]}}

<div>
<div>
<div>
<div>
<p><span style="font-size: 16px; font-family: Verdana;" id="tl_1">1.Gestione del tempo: Il calendario portatile A6 per la pianificazione quotidiana del 2027 presenta una scala oraria dettagliata per aiutare gli utenti a gestire e pianificare efficacemente il proprio tempo e migliorare l&#8217;efficienza lavorativa.</span></p>
<p><span style="font-size: 16px; font-family: Verdana;" id="tl_2">2.365 giorni all&#8217;anno: Questo diario offre un piano completo per un anno.Gli utenti possono registrare e pianificare in dettaglio i loro eventi quotidiani in anticipo senza perdere nessuna data importante.</span></p>
<p><span style="font-size: 16px; font-family: Verdana;" id="tl_3">3.Design portatile: Le dimensioni ridotte del formato A6 rendono questo diario molto comodo da portare con sé, sia in viaggio, in viaggio d&#8217;affari o durante gli spostamenti quotidiani, permettendo di annotare e pianificare in qualsiasi momento e ovunque.</span></p>
<p><span style="font-size: 16px; font-family: Verdana;" id="tl_4">4.Materiali di alta qualità: Il diario/agenda giornaliera portatile A6 del 2027 utilizza carta e materiali di copertina di alta qualità, che garantiscono la sua durabilità a lungo termine offrendo al contempo un&#8217;ottima esperienza di scrittura.</span></p>
<p><span style="font-size: 16px; font-family: Verdana;" id="tl_5">5.Scelta regalo ideale: il design di questo diario è semplice ed elegante, ed è molto pratico.È un regalo ideale per parenti, amici o partner commerciali.E pianificare e prepararsi in anticipo per il 2027 dimostra anche l&#8217;intenzione e la gentilezza di chi dona.</span></p>
<p><span style="font-size: 16px; font-family: Verdana;" id="tl_6">Specifiche:</span></p>
<p><span style="font-size: 16px; font-family: Verdana;" id="tl_7">Nuovo e di alta qualità!</span></p>
<p><span style="font-size: 16px; font-family: Verdana;" id="tl_8">Materiale: Carta Daolin+PU</span></p>
<p><span style="font-size: 16px; font-family: Verdana;" id="tl_9">Colore: Come mostrano le immagini</span></p>
<p><span style="font-size: 16px; font-family: Verdana;" id="tl_10">Dimensioni: 17,4*9,6 cm</span></p>
<p><span style="font-size: 16px; font-family: Verdana;" id="tl_11">Quantità nella confezione: 1 pezzo</span></p>
<p><span style="font-size: 16px; font-family: Verdana;" id="tl_12">Nota: Assistente.</span></p>
<p><span style="font-size: 16px; font-family: Verdana;" id="tl_13">Si prega di considerare una tolleranza del 2%-3% a causa della misurazione manuale.Le dimensioni sopra indicate sono solo a scopo di riferimento.</span></p>
<p><span style="font-size: 16px; font-family: Verdana;" id="tl_14">Poiché i diversi computer visualizzano i colori in modo diverso, grazie per la comprensione, il colore reale del prodotto potrebbe differire leggermente dall&#8217;immagine.</span></p>
</p></div>
</div>
<div>
 <img decoding="async" src="//ae-pic-a1.aliexpress-media.com/kf/S139c41d3169044809371a3f4faebf37e6.jpg"  /><br />
 <img decoding="async" src="//ae-pic-a1.aliexpress-media.com/kf/Sd80ed5f803b6420ebd6d394d7885752d7.jpg"  /><br />
 <img decoding="async" src="//ae-pic-a1.aliexpress-media.com/kf/S6e2b5cb5dc5c4f79afe3ab66d4825902T.jpg"  /><br />
 <img decoding="async" src="//ae-pic-a1.aliexpress-media.com/kf/S56b39f587e5e46e7988a0a36b0850b5cG.jpg"  /><br />
 <img decoding="async" src="//ae-pic-a1.aliexpress-media.com/kf/Sa1ea1a5c8f0540b4bacb055bcb78e517J.jpg"  /><br />
 <img decoding="async" src="//ae-pic-a1.aliexpress-media.com/kf/Se308461a5a874fd78e1732209df703a9f.jpg"  /><br />
 <img decoding="async" src="//ae-pic-a1.aliexpress-media.com/kf/Se0dcd10ea7ec4da9ae71e4797b0d8070o.jpg"  /><br />
 <img decoding="async" src="//ae-pic-a1.aliexpress-media.com/kf/Sdd9ba012896b42cab26b3d28dfd3f411V.jpg"  /><br />
 <img decoding="async" src="//ae-pic-a1.aliexpress-media.com/kf/S4054265e79e24190a23fc9cb981b4629a.jpg"  /><br />
 <img decoding="async" src="//ae-pic-a1.aliexpress-media.com/kf/S38697a101be94c6a95ac1a9eb8e1a2d4E.jpg"  />
</div>
</div>
</div>
<div><img decoding="async" src="//ae-pic-a1.aliexpress-media.com/kf/S139c41d3169044809371a3f4faebf37e6.jpg"/><img decoding="async" src="//ae-pic-a1.aliexpress-media.com/kf/Sd80ed5f803b6420ebd6d394d7885752d7.jpg"/><img decoding="async" src="//ae-pic-a1.aliexpress-media.com/kf/S6e2b5cb5dc5c4f79afe3ab66d4825902T.jpg"/><img decoding="async" src="//ae-pic-a1.aliexpress-media.com/kf/S56b39f587e5e46e7988a0a36b0850b5cG.jpg"/><img decoding="async" src="//ae-pic-a1.aliexpress-media.com/kf/Sa1ea1a5c8f0540b4bacb055bcb78e517J.jpg"/><img decoding="async" src="//ae-pic-a1.aliexpress-media.com/kf/Se308461a5a874fd78e1732209df703a9f.jpg"/><img decoding="async" src="//ae-pic-a1.aliexpress-media.com/kf/Se0dcd10ea7ec4da9ae71e4797b0d8070o.jpg"/><img decoding="async" src="//ae-pic-a1.aliexpress-media.com/kf/Sdd9ba012896b42cab26b3d28dfd3f411V.jpg"/><img decoding="async" src="//ae-pic-a1.aliexpress-media.com/kf/S4054265e79e24190a23fc9cb981b4629a.jpg"/><img decoding="async" src="//ae-pic-a1.aliexpress-media.com/kf/S38697a101be94c6a95ac1a9eb8e1a2d4E.jpg"/></div>
