{"id":750570,"date":"2026-08-14T17:04:19","date_gmt":"2026-08-14T17:04:19","guid":{"rendered":"https:\/\/vitacomoda.it\/?post_type=product&#038;p=928699"},"modified":"2026-08-28T11:07:15","modified_gmt":"2026-08-28T11:07:15","slug":"cartella-portadocumenti-a-fisarmonica-a4-traslucida-con-13-tasche-espandibile-con-etichette-per-scuola-casa-ufficio-organizzatore-per-documenti-e-ricevute-u928699","status":"publish","type":"product","link":"https:\/\/vitacomoda.it\/casa\/prodotto\/cartella-portadocumenti-a-fisarmonica-a4-traslucida-con-13-tasche-espandibile-con-etichette-per-scuola-casa-ufficio-organizzatore-per-documenti-e-ricevute-u928699\/","title":{"rendered":"Cartella Portadocumenti a Fisarmonica A4 Traslucida con 13 Tasche, Espandibile, con Etichette, per Scuola, Casa, Ufficio, Organizzatore per Documenti e Ricevute"},"content":{"rendered":"<div>\n<div>\n<div>\n<div>\n<p id=\"tl_1\">Durevole e Affidabile: Realizzata con materiali di alta qualit\u00e0, questa borsa per documenti \u00e8 progettata per durare nel tempo. La struttura robusta consente alla borsa di resistere all&#8217;uso quotidiano e di mantenere i tuoi documenti importanti al sicuro.<\/p>\n<p>\u00a0<\/p>\n<p id=\"tl_2\">Comodo e Portatile: La cartella portatile estesa per organo \u00e8 progettata per garantire praticit\u00e0 e facilit\u00e0 di trasporto. Grazie al suo design leggero e compatto, pu\u00f2 essere facilmente trasportata in uno zaino o in una borsa, rendendola ideale per studenti o professionisti.<\/p>\n<p>\u00a0<\/p>\n<p id=\"tl_3\">Ampia Capacit\u00e0 di Archiviazione: Questa cartella organizzativa dispone di 13 scomparti, offrendo ampio spazio per conservare e organizzare documenti, fogli e altri oggetti in formato A4. I molteplici scomparti consentono una categorizzazione efficiente e un facile accesso agli oggetti archiviati, rendendola uno strumento eccellente per la classificazione dei documenti. Inoltre, forniamo etichette adesive che possono aiutarti a categorizzare i tuoi oggetti in modo chiaro ed efficace.<\/p>\n<p>\u00a0<\/p>\n<p id=\"tl_4\">Versatile e funzionale: Oltre a organizzare fogli e documenti, questa cartella portatile in carta pu\u00f2 essere utilizzata anche per vari scopi. Pu\u00f2 contenere materiali artistici, cancelleria, quaderni e altro, rendendola una soluzione di archiviazione versatile per studenti, artisti o professionisti.<\/p>\n<p>\u00a0<\/p>\n<p id=\"tl_5\">Organizzazione Ordinata: Con le sue molteplici scomparti, questa borsa organizer favorisce un&#8217;organizzazione ordinata. Puoi facilmente sistemare i tuoi oggetti per argomento, progetto o qualsiasi altra categoria, consentendo un recupero efficiente e uno spazio di lavoro privo di disordine. Che sia in classe, in ufficio o a casa, questa borsa organizer ti aiuta a mantenere un ambiente organizzato e strutturato.<\/p>\n<p>\u00a0<\/p>\n<p>  <img loading=\"lazy\" decoding=\"async\" cke-id=\"img36\" height=\"407\" referrerpolicy=\"no-referrer\" src=\"\/\/ae-pic-a1.aliexpress-media.com\/kf\/S7a36b6f9c17a40598cb40c621283c336T.jpg\" width=\"1000\" \/><br \/>\n  <img loading=\"lazy\" decoding=\"async\" cke-id=\"img37\" height=\"401\" referrerpolicy=\"no-referrer\" src=\"\/\/ae-pic-a1.aliexpress-media.com\/kf\/S7ec003cfda074d2db1b8c4abf8f27c58c.jpg\" width=\"1000\" \/><br \/>\n  <img loading=\"lazy\" decoding=\"async\" cke-id=\"img38\" height=\"401\" referrerpolicy=\"no-referrer\" src=\"\/\/ae-pic-a1.aliexpress-media.com\/kf\/S19aa8d38f0d3475898a621be79871f96A.jpg\" width=\"1000\" \/><br \/>\n  <img loading=\"lazy\" decoding=\"async\" cke-id=\"img39\" height=\"1000\" referrerpolicy=\"no-referrer\" src=\"\/\/ae-pic-a1.aliexpress-media.com\/kf\/Saecc045a4769421e8b5e3d7d7da399b2j.jpg\" width=\"1000\" \/><br \/>\n  <img loading=\"lazy\" decoding=\"async\" cke-id=\"img40\" height=\"1000\" referrerpolicy=\"no-referrer\" src=\"\/\/ae-pic-a1.aliexpress-media.com\/kf\/S77980160e30e45efb6fa0544f28dc5cew.jpg\" width=\"1000\" \/>\n <\/div>\n<\/div>\n<\/div>\n<\/div>\n","protected":false},"excerpt":{"rendered":"<p>Durevole e Affidabile: Realizzata con materiali di alta qualit\u00e0, questa borsa per documenti \u00e8 progettata per durare nel tempo. La [&hellip;]<\/p>\n","protected":false},"featured_media":750564,"comment_status":"open","ping_status":"closed","template":"","meta":{"site-sidebar-layout":"default","site-content-layout":"","ast-site-content-layout":"default","site-content-style":"default","site-sidebar-style":"default","ast-global-header-display":"","ast-banner-title-visibility":"","ast-main-header-display":"","ast-hfb-above-header-display":"","ast-hfb-below-header-display":"","ast-hfb-mobile-header-display":"","site-post-title":"","ast-breadcrumbs-content":"","ast-featured-img":"","footer-sml-layout":"","ast-disable-related-posts":"","theme-transparent-header-meta":"","adv-header-id-meta":"","stick-header-meta":"","header-above-stick-meta":"","header-main-stick-meta":"","header-below-stick-meta":"","astra-migrate-meta-layouts":"default","ast-page-background-enabled":"default","ast-page-background-meta":{"desktop":{"background-color":"var(--ast-global-color-5)","background-image":"","background-repeat":"repeat","background-position":"center center","background-size":"auto","background-attachment":"scroll","background-type":"","background-media":"","overlay-type":"","overlay-color":"","overlay-opacity":"","overlay-gradient":""},"tablet":{"background-color":"","background-image":"","background-repeat":"repeat","background-position":"center center","background-size":"auto","background-attachment":"scroll","background-type":"","background-media":"","overlay-type":"","overlay-color":"","overlay-opacity":"","overlay-gradient":""},"mobile":{"background-color":"","background-image":"","background-repeat":"repeat","background-position":"center center","background-size":"auto","background-attachment":"scroll","background-type":"","background-media":"","overlay-type":"","overlay-color":"","overlay-opacity":"","overlay-gradient":""}},"ast-content-background-meta":{"desktop":{"background-color":"var(--ast-global-color-4)","background-image":"","background-repeat":"repeat","background-position":"center center","background-size":"auto","background-attachment":"scroll","background-type":"","background-media":"","overlay-type":"","overlay-color":"","overlay-opacity":"","overlay-gradient":""},"tablet":{"background-color":"var(--ast-global-color-4)","background-image":"","background-repeat":"repeat","background-position":"center center","background-size":"auto","background-attachment":"scroll","background-type":"","background-media":"","overlay-type":"","overlay-color":"","overlay-opacity":"","overlay-gradient":""},"mobile":{"background-color":"var(--ast-global-color-4)","background-image":"","background-repeat":"repeat","background-position":"center center","background-size":"auto","background-attachment":"scroll","background-type":"","background-media":"","overlay-type":"","overlay-color":"","overlay-opacity":"","overlay-gradient":""}}},"product_brand":[],"product_cat":[62251,19],"product_tag":[],"class_list":["post-750570","product","type-product","status-publish","has-post-thumbnail","product_cat-forniture-ufficio-scuola-etichette-adesivi","product_cat-tutti-i-prodotti","desktop-align-left","tablet-align-left","mobile-align-center","first","instock","shipping-taxable","purchasable","product-type-simple"],"_links":{"self":[{"href":"https:\/\/vitacomoda.it\/casa\/wp-json\/wp\/v2\/product\/750570","targetHints":{"allow":["GET"]}}],"collection":[{"href":"https:\/\/vitacomoda.it\/casa\/wp-json\/wp\/v2\/product"}],"about":[{"href":"https:\/\/vitacomoda.it\/casa\/wp-json\/wp\/v2\/types\/product"}],"replies":[{"embeddable":true,"href":"https:\/\/vitacomoda.it\/casa\/wp-json\/wp\/v2\/comments?post=750570"}],"wp:featuredmedia":[{"embeddable":true,"href":"https:\/\/vitacomoda.it\/casa\/wp-json\/wp\/v2\/media\/750564"}],"wp:attachment":[{"href":"https:\/\/vitacomoda.it\/casa\/wp-json\/wp\/v2\/media?parent=750570"}],"wp:term":[{"taxonomy":"product_brand","embeddable":true,"href":"https:\/\/vitacomoda.it\/casa\/wp-json\/wp\/v2\/product_brand?post=750570"},{"taxonomy":"product_cat","embeddable":true,"href":"https:\/\/vitacomoda.it\/casa\/wp-json\/wp\/v2\/product_cat?post=750570"},{"taxonomy":"product_tag","embeddable":true,"href":"https:\/\/vitacomoda.it\/casa\/wp-json\/wp\/v2\/product_tag?post=750570"}],"curies":[{"name":"wp","href":"https:\/\/api.w.org\/{rel}","templated":true}]}}

<div>
<div>
<div>
<div>
<p id="tl_1">Durevole e Affidabile: Realizzata con materiali di alta qualità, questa borsa per documenti è progettata per durare nel tempo. La struttura robusta consente alla borsa di resistere all&#8217;uso quotidiano e di mantenere i tuoi documenti importanti al sicuro.</p>
<p> </p>
<p id="tl_2">Comodo e Portatile: La cartella portatile estesa per organo è progettata per garantire praticità e facilità di trasporto. Grazie al suo design leggero e compatto, può essere facilmente trasportata in uno zaino o in una borsa, rendendola ideale per studenti o professionisti.</p>
<p> </p>
<p id="tl_3">Ampia Capacità di Archiviazione: Questa cartella organizzativa dispone di 13 scomparti, offrendo ampio spazio per conservare e organizzare documenti, fogli e altri oggetti in formato A4. I molteplici scomparti consentono una categorizzazione efficiente e un facile accesso agli oggetti archiviati, rendendola uno strumento eccellente per la classificazione dei documenti. Inoltre, forniamo etichette adesive che possono aiutarti a categorizzare i tuoi oggetti in modo chiaro ed efficace.</p>
<p> </p>
<p id="tl_4">Versatile e funzionale: Oltre a organizzare fogli e documenti, questa cartella portatile in carta può essere utilizzata anche per vari scopi. Può contenere materiali artistici, cancelleria, quaderni e altro, rendendola una soluzione di archiviazione versatile per studenti, artisti o professionisti.</p>
<p> </p>
<p id="tl_5">Organizzazione Ordinata: Con le sue molteplici scomparti, questa borsa organizer favorisce un&#8217;organizzazione ordinata. Puoi facilmente sistemare i tuoi oggetti per argomento, progetto o qualsiasi altra categoria, consentendo un recupero efficiente e uno spazio di lavoro privo di disordine. Che sia in classe, in ufficio o a casa, questa borsa organizer ti aiuta a mantenere un ambiente organizzato e strutturato.</p>
<p> </p>
<p>  <img loading="lazy" decoding="async" cke-id="img36" height="407" referrerpolicy="no-referrer" src="//ae-pic-a1.aliexpress-media.com/kf/S7a36b6f9c17a40598cb40c621283c336T.jpg" width="1000" /><br />
  <img loading="lazy" decoding="async" cke-id="img37" height="401" referrerpolicy="no-referrer" src="//ae-pic-a1.aliexpress-media.com/kf/S7ec003cfda074d2db1b8c4abf8f27c58c.jpg" width="1000" /><br />
  <img loading="lazy" decoding="async" cke-id="img38" height="401" referrerpolicy="no-referrer" src="//ae-pic-a1.aliexpress-media.com/kf/S19aa8d38f0d3475898a621be79871f96A.jpg" width="1000" /><br />
  <img loading="lazy" decoding="async" cke-id="img39" height="1000" referrerpolicy="no-referrer" src="//ae-pic-a1.aliexpress-media.com/kf/Saecc045a4769421e8b5e3d7d7da399b2j.jpg" width="1000" /><br />
  <img loading="lazy" decoding="async" cke-id="img40" height="1000" referrerpolicy="no-referrer" src="//ae-pic-a1.aliexpress-media.com/kf/S77980160e30e45efb6fa0544f28dc5cew.jpg" width="1000" />
 </div>
</div>
</div>
</div>

<p>Durevole e Affidabile: Realizzata con materiali di alta qualità, questa borsa per documenti è progettata per durare nel tempo. La [&hellip;]</p>
