{"id":855291,"date":"2026-08-31T18:34:00","date_gmt":"2026-08-31T16:34:00","guid":{"rendered":"https:\/\/vitacomoda.it\/casa\/prodotto\/schneider-penna-a-sfera-tops-505-con-cappuccio-f-bl-blublau-farbe-des-schaftes-b000wgvene\/"},"modified":"2026-08-31T18:34:00","modified_gmt":"2026-08-31T16:34:00","slug":"schneider-penna-a-sfera-tops-505-con-cappuccio-f-bl-blublau-farbe-des-schaftes-b000wgvene","status":"publish","type":"product","link":"https:\/\/vitacomoda.it\/casa\/prodotto\/schneider-penna-a-sfera-tops-505-con-cappuccio-f-bl-blublau-farbe-des-schaftes-b000wgvene\/","title":{"rendered":"Schneider \u2013 Penna a sfera Tops 505, con cappuccio, F, BL, Blu(Blau\/Farbe des Schaftes\u2026"},"content":{"rendered":"<p>La penna a sfera Schneider Tops 505 \u00e8 un accessorio indispensabile per chi cerca qualit\u00e0 e praticit\u00e0. Con un design elegante e un cappuccio protettivo, questa penna \u00e8 perfetta per l&#8217;uso quotidiano, sia in ufficio che a casa. Il suo inchiostro blu garantisce una scrittura fluida e precisa, rendendo ogni parola chiara e leggibile.<\/p>\n<p>Il fusto trasparente permette di monitorare il livello di inchiostro rimanente, cos\u00ec da non rimanere mai senza. La punta fine (F) assicura dettagli nitidi, ideale per appunti, firme e disegni. Con la Schneider Tops 505, ogni scrittura diventa un piacere.<\/p>\n<p>Realizzata con materiali di alta qualit\u00e0, questa penna \u00e8 progettata per durare nel tempo, combinando funzionalit\u00e0 e stile. Scegli la penna a sfera Schneider Tops 505 per un&#8217;esperienza di scrittura senza compromessi.<\/p>\n<p><script type=\"application\/ld+json\">{\"@context\":\"https:\/\/schema.org\",\"@type\":\"Product\",\"name\":\"Schneider \u2013 Penna a sfera Tops 505, con cappuccio, F, BL, Blu(Blau\/Farbe des Schaftes\u2026\",\"image\":\"https:\/\/images-eu.ssl-images-amazon.com\/images\/P\/B000WGVENE.01.L.jpg\",\"sku\":\"B000WGVENE\",\"brand\":{\"@type\":\"Brand\",\"name\":\"Schneider\"},\"offers\":{\"@type\":\"Offer\",\"url\":\"https:\/\/www.amazon.it\/dp\/B000WGVENE?tag=vitacomoda03-casa-21\",\"availability\":\"https:\/\/schema.org\/InStock\",\"seller\":{\"@type\":\"Organization\",\"name\":\"Amazon.it\"}}}<\/script><\/p>\n","protected":false},"excerpt":{"rendered":"<p>La penna a sfera Schneider Tops 505 \u00e8 dotata di cappuccio, in colore blu e con una scrittura fine. Ideale per un uso quotidiano.<\/p>\n","protected":false},"featured_media":855292,"comment_status":"closed","ping_status":"closed","template":"","meta":{"site-sidebar-layout":"default","site-content-layout":"","ast-site-content-layout":"default","site-content-style":"default","site-sidebar-style":"default","ast-global-header-display":"","ast-banner-title-visibility":"","ast-main-header-display":"","ast-hfb-above-header-display":"","ast-hfb-below-header-display":"","ast-hfb-mobile-header-display":"","site-post-title":"","ast-breadcrumbs-content":"","ast-featured-img":"","footer-sml-layout":"","ast-disable-related-posts":"","theme-transparent-header-meta":"","adv-header-id-meta":"","stick-header-meta":"","header-above-stick-meta":"","header-main-stick-meta":"","header-below-stick-meta":"","astra-migrate-meta-layouts":"default","ast-page-background-enabled":"default","ast-page-background-meta":{"desktop":{"background-color":"var(--ast-global-color-5)","background-image":"","background-repeat":"repeat","background-position":"center center","background-size":"auto","background-attachment":"scroll","background-type":"","background-media":"","overlay-type":"","overlay-color":"","overlay-opacity":"","overlay-gradient":""},"tablet":{"background-color":"","background-image":"","background-repeat":"repeat","background-position":"center center","background-size":"auto","background-attachment":"scroll","background-type":"","background-media":"","overlay-type":"","overlay-color":"","overlay-opacity":"","overlay-gradient":""},"mobile":{"background-color":"","background-image":"","background-repeat":"repeat","background-position":"center center","background-size":"auto","background-attachment":"scroll","background-type":"","background-media":"","overlay-type":"","overlay-color":"","overlay-opacity":"","overlay-gradient":""}},"ast-content-background-meta":{"desktop":{"background-color":"var(--ast-global-color-4)","background-image":"","background-repeat":"repeat","background-position":"center center","background-size":"auto","background-attachment":"scroll","background-type":"","background-media":"","overlay-type":"","overlay-color":"","overlay-opacity":"","overlay-gradient":""},"tablet":{"background-color":"var(--ast-global-color-4)","background-image":"","background-repeat":"repeat","background-position":"center center","background-size":"auto","background-attachment":"scroll","background-type":"","background-media":"","overlay-type":"","overlay-color":"","overlay-opacity":"","overlay-gradient":""},"mobile":{"background-color":"var(--ast-global-color-4)","background-image":"","background-repeat":"repeat","background-position":"center center","background-size":"auto","background-attachment":"scroll","background-type":"","background-media":"","overlay-type":"","overlay-color":"","overlay-opacity":"","overlay-gradient":""}}},"product_brand":[],"product_cat":[62242,62259,19],"product_tag":[],"class_list":["post-855291","product","type-product","status-publish","has-post-thumbnail","product_cat-forniture-ufficio-scuola","product_cat-forniture-ufficio-scuola-penne-matite-pennarelli","product_cat-tutti-i-prodotti","desktop-align-left","tablet-align-left","mobile-align-center","first","instock","sold-individually","shipping-taxable","product-type-external"],"_links":{"self":[{"href":"https:\/\/vitacomoda.it\/casa\/wp-json\/wp\/v2\/product\/855291","targetHints":{"allow":["GET"]}}],"collection":[{"href":"https:\/\/vitacomoda.it\/casa\/wp-json\/wp\/v2\/product"}],"about":[{"href":"https:\/\/vitacomoda.it\/casa\/wp-json\/wp\/v2\/types\/product"}],"replies":[{"embeddable":true,"href":"https:\/\/vitacomoda.it\/casa\/wp-json\/wp\/v2\/comments?post=855291"}],"wp:featuredmedia":[{"embeddable":true,"href":"https:\/\/vitacomoda.it\/casa\/wp-json\/wp\/v2\/media\/855292"}],"wp:attachment":[{"href":"https:\/\/vitacomoda.it\/casa\/wp-json\/wp\/v2\/media?parent=855291"}],"wp:term":[{"taxonomy":"product_brand","embeddable":true,"href":"https:\/\/vitacomoda.it\/casa\/wp-json\/wp\/v2\/product_brand?post=855291"},{"taxonomy":"product_cat","embeddable":true,"href":"https:\/\/vitacomoda.it\/casa\/wp-json\/wp\/v2\/product_cat?post=855291"},{"taxonomy":"product_tag","embeddable":true,"href":"https:\/\/vitacomoda.it\/casa\/wp-json\/wp\/v2\/product_tag?post=855291"}],"curies":[{"name":"wp","href":"https:\/\/api.w.org\/{rel}","templated":true}]}}

<p>La penna a sfera Schneider Tops 505 è un accessorio indispensabile per chi cerca qualità e praticità. Con un design elegante e un cappuccio protettivo, questa penna è perfetta per l&#8217;uso quotidiano, sia in ufficio che a casa. Il suo inchiostro blu garantisce una scrittura fluida e precisa, rendendo ogni parola chiara e leggibile.</p>
<p>Il fusto trasparente permette di monitorare il livello di inchiostro rimanente, così da non rimanere mai senza. La punta fine (F) assicura dettagli nitidi, ideale per appunti, firme e disegni. Con la Schneider Tops 505, ogni scrittura diventa un piacere.</p>
<p>Realizzata con materiali di alta qualità, questa penna è progettata per durare nel tempo, combinando funzionalità e stile. Scegli la penna a sfera Schneider Tops 505 per un&#8217;esperienza di scrittura senza compromessi.</p>
<p><script type="application/ld+json">{"@context":"https://schema.org","@type":"Product","name":"Schneider – Penna a sfera Tops 505, con cappuccio, F, BL, Blu(Blau/Farbe des Schaftes…","image":"https://images-eu.ssl-images-amazon.com/images/P/B000WGVENE.01.L.jpg","sku":"B000WGVENE","brand":{"@type":"Brand","name":"Schneider"},"offers":{"@type":"Offer","url":"https://www.amazon.it/dp/B000WGVENE?tag=vitacomoda03-casa-21","availability":"https://schema.org/InStock","seller":{"@type":"Organization","name":"Amazon.it"}}}</script></p>

<p>La penna a sfera Schneider Tops 505 è dotata di cappuccio, in colore blu e con una scrittura fine. Ideale per un uso quotidiano.</p>
